
{"id":986,"date":"2025-06-05T10:12:41","date_gmt":"2025-06-05T08:12:41","guid":{"rendered":"https:\/\/deti.evangnet.cz\/katecheze\/?post_type=worksheet&#038;p=986"},"modified":"2025-09-08T15:59:24","modified_gmt":"2025-09-08T13:59:24","slug":"zaver-mojzisova-zivota-st","status":"publish","type":"worksheet","link":"https:\/\/deti.evangnet.cz\/katecheze\/pracovni-listy\/zaver-mojzisova-zivota-st\/","title":{"rendered":"Z\u00e1v\u011br Moj\u017e\u00ed\u0161ova \u017eivota &#8211; st"},"content":{"rendered":"\n<p>Pro vypr\u00e1v\u011bn\u00ed o z\u00e1v\u011bru Moj\u017e\u00ed\u0161ova \u017eivota je d\u016fle\u017eit\u00e9 vn\u00edmat ho v\u00a0kontextu cel\u00e9 jeho \u017eivotn\u00ed pouti. K\u00a0jej\u00edmu p\u0159ipomenut\u00ed (nejl\u00e9pe na za\u010d\u00e1tku va\u0161eho setk\u00e1n\u00ed) slou\u017e\u00ed se\u0159azen\u00ed obr\u00e1zk\u016f \u2013 karti\u010dek, kter\u00e9 maj\u00ed d\u011bti odst\u0159ihnout a nalepit ve spr\u00e1vn\u00e9m po\u0159ad\u00ed. Z\u00e1le\u017e\u00ed na v\u00e1s, zda to budou d\u011blat samostatn\u011b nebo spole\u010dn\u011b. Druh\u00fd \u00fakol z\u00a0obr\u00e1zku \u2013 v\u00fdb\u011br toho, jak\u00fd postoj a jedn\u00e1n\u00ed Moj\u017e\u00ed\u0161e a lidu odpov\u00edd\u00e1 biblick\u00e9mu vypr\u00e1v\u011bn\u00ed \u2013 mohou d\u011bti plnit bu\u010f p\u0159i va\u0161em vypr\u00e1v\u011bn\u00ed podle n\u011bho, nebo po v\u00fdkladu na z\u00e1klad\u011b toho, co si zapamatuj\u00ed. Spole\u010dn\u011b pak jejich v\u00fdb\u011br proberte.<\/p>\n","protected":false},"featured_media":987,"template":"","_links":{"self":[{"href":"https:\/\/deti.evangnet.cz\/katecheze\/wp-json\/wp\/v2\/worksheet\/986"}],"collection":[{"href":"https:\/\/deti.evangnet.cz\/katecheze\/wp-json\/wp\/v2\/worksheet"}],"about":[{"href":"https:\/\/deti.evangnet.cz\/katecheze\/wp-json\/wp\/v2\/types\/worksheet"}],"version-history":[{"count":1,"href":"https:\/\/deti.evangnet.cz\/katecheze\/wp-json\/wp\/v2\/worksheet\/986\/revisions"}],"predecessor-version":[{"id":988,"href":"https:\/\/deti.evangnet.cz\/katecheze\/wp-json\/wp\/v2\/worksheet\/986\/revisions\/988"}],"wp:featuredmedia":[{"embeddable":true,"href":"https:\/\/deti.evangnet.cz\/katecheze\/wp-json\/wp\/v2\/media\/987"}],"wp:attachment":[{"href":"https:\/\/deti.evangnet.cz\/katecheze\/wp-json\/wp\/v2\/media?parent=986"}],"curies":[{"name":"wp","href":"https:\/\/api.w.org\/{rel}","templated":true}]}}

Závěr Mojžíšova života &#8211; st

<p>Pro vyprávění o závěru Mojžíšova života je důležité vnímat ho v kontextu celé jeho životní pouti. K jejímu připomenutí (nejlépe na začátku vašeho setkání) slouží seřazení obrázků – kartiček, které mají děti odstřihnout a nalepit ve správném pořadí. Záleží na vás, zda to budou dělat samostatně nebo společně. Druhý úkol z obrázku – výběr toho, jaký postoj a jednání Mojžíše a lidu odpovídá biblickému vyprávění – mohou děti plnit buď při vašem vyprávění podle něho, nebo po výkladu na základě toho, co si zapamatují. Společně pak jejich výběr proberte.</p>
