
{"id":983,"date":"2025-06-05T10:10:47","date_gmt":"2025-06-05T08:10:47","guid":{"rendered":"https:\/\/deti.evangnet.cz\/katecheze\/?post_type=worksheet&#038;p=983"},"modified":"2025-08-25T13:58:21","modified_gmt":"2025-08-25T11:58:21","slug":"zaver-mojzisova-zivota","status":"publish","type":"worksheet","link":"https:\/\/deti.evangnet.cz\/katecheze\/pracovni-listy\/zaver-mojzisova-zivota\/","title":{"rendered":"Z\u00e1v\u011br Moj\u017e\u00ed\u0161ova \u017eivota"},"content":{"rendered":"\n<p>D\u011bti mohou nejd\u0159\u00edve namalovat \u00fakol na lev\u00e9 polovin\u011b obr\u00e1zku. Potom jim vypr\u00e1v\u011bjte p\u0159\u00edb\u011bh o z\u00e1v\u011bru Moj\u017e\u00ed\u0161ova \u017eivota. Na z\u00e1v\u011br se ptejte, v\u00a0\u010dem se od jejich obr\u00e1zku biblick\u00e9 vypr\u00e1v\u011bn\u00ed li\u0161\u00ed a zda umo\u017e\u0148uje to, co nakreslily.<br>Po vypr\u00e1v\u011bn\u00ed si d\u011bti mohou vybarvit pravou polovinu obr\u00e1zku, kter\u00e1 m\u00edsto oslav osoby nazna\u010duje p\u0159ed\u00e1n\u00ed kontinuity. M\u016f\u017eete se jich pt\u00e1t, co vyjad\u0159uje.<\/p>\n","protected":false},"featured_media":984,"template":"","_links":{"self":[{"href":"https:\/\/deti.evangnet.cz\/katecheze\/wp-json\/wp\/v2\/worksheet\/983"}],"collection":[{"href":"https:\/\/deti.evangnet.cz\/katecheze\/wp-json\/wp\/v2\/worksheet"}],"about":[{"href":"https:\/\/deti.evangnet.cz\/katecheze\/wp-json\/wp\/v2\/types\/worksheet"}],"version-history":[{"count":1,"href":"https:\/\/deti.evangnet.cz\/katecheze\/wp-json\/wp\/v2\/worksheet\/983\/revisions"}],"predecessor-version":[{"id":985,"href":"https:\/\/deti.evangnet.cz\/katecheze\/wp-json\/wp\/v2\/worksheet\/983\/revisions\/985"}],"wp:featuredmedia":[{"embeddable":true,"href":"https:\/\/deti.evangnet.cz\/katecheze\/wp-json\/wp\/v2\/media\/984"}],"wp:attachment":[{"href":"https:\/\/deti.evangnet.cz\/katecheze\/wp-json\/wp\/v2\/media?parent=983"}],"curies":[{"name":"wp","href":"https:\/\/api.w.org\/{rel}","templated":true}]}}

Závěr Mojžíšova života

<p>Děti mohou nejdříve namalovat úkol na levé polovině obrázku. Potom jim vyprávějte příběh o závěru Mojžíšova života. Na závěr se ptejte, v čem se od jejich obrázku biblické vyprávění liší a zda umožňuje to, co nakreslily.<br>Po vyprávění si děti mohou vybarvit pravou polovinu obrázku, která místo oslav osoby naznačuje předání kontinuity. Můžete se jich ptát, co vyjadřuje.</p>
