
{"id":921,"date":"2025-06-05T09:18:50","date_gmt":"2025-06-05T07:18:50","guid":{"rendered":"https:\/\/deti.evangnet.cz\/katecheze\/?post_type=worksheet&#038;p=921"},"modified":"2025-06-05T09:18:52","modified_gmt":"2025-06-05T07:18:52","slug":"mojzis-na-orebe","status":"publish","type":"worksheet","link":"https:\/\/deti.evangnet.cz\/katecheze\/pracovni-listy\/mojzis-na-orebe\/","title":{"rendered":"Moj\u017e\u00ed\u0161 na Or\u00e9b\u011b"},"content":{"rendered":"\n<p>Obr\u00e1zek m\u016f\u017eete pou\u017e\u00edt na za\u010d\u00e1tek jako podn\u011bt k\u00a0motiva\u010dn\u00edmu rozhovoru nebo na z\u00e1v\u011br k\u00a0aplikaci p\u0159\u00edb\u011bhu do situace d\u011bt\u00ed.<br>Obdobu obr\u00e1zku m\u016f\u017eete tak\u00e9 spole\u010dn\u011b vyrobit. P\u0159ineste si uschlou v\u011btev a barevn\u00e9 ( \u017elut\u00e9, oran\u017eov\u00e9, \u010derven\u00e9 pap\u00edry ). D\u011bti na n\u011b nap\u00ed\u0161ou, co by m\u011bly ud\u011blat, ale do \u010deho se jim nechce. Potom svoje odpov\u011bdi vytrhaj\u00ed z\u00a0pap\u00edr\u016f jako plameny a p\u0159ilep\u00ed nebo nabodnou na v\u011btvi\u010dky.<br>Zhotoven\u00fd ke\u0159 mohou vz\u00edt p\u0159i n\u00e1vratu zp\u011bt do shrom\u00e1\u017ed\u011bn\u00ed a \u0159\u00edct stru\u010dn\u011b dosp\u011bl\u00fdm, co p\u0159edstavuje. Mohou tak\u00e9 dosp\u011bl\u00e9 vyzvat, aby i oni p\u0159ipojili svoje plameny.<\/p>\n","protected":false},"featured_media":922,"template":"","_links":{"self":[{"href":"https:\/\/deti.evangnet.cz\/katecheze\/wp-json\/wp\/v2\/worksheet\/921"}],"collection":[{"href":"https:\/\/deti.evangnet.cz\/katecheze\/wp-json\/wp\/v2\/worksheet"}],"about":[{"href":"https:\/\/deti.evangnet.cz\/katecheze\/wp-json\/wp\/v2\/types\/worksheet"}],"version-history":[{"count":1,"href":"https:\/\/deti.evangnet.cz\/katecheze\/wp-json\/wp\/v2\/worksheet\/921\/revisions"}],"predecessor-version":[{"id":923,"href":"https:\/\/deti.evangnet.cz\/katecheze\/wp-json\/wp\/v2\/worksheet\/921\/revisions\/923"}],"wp:featuredmedia":[{"embeddable":true,"href":"https:\/\/deti.evangnet.cz\/katecheze\/wp-json\/wp\/v2\/media\/922"}],"wp:attachment":[{"href":"https:\/\/deti.evangnet.cz\/katecheze\/wp-json\/wp\/v2\/media?parent=921"}],"curies":[{"name":"wp","href":"https:\/\/api.w.org\/{rel}","templated":true}]}}

Mojžíš na Orébě

<p>Obrázek můžete použít na začátek jako podnět k motivačnímu rozhovoru nebo na závěr k aplikaci příběhu do situace dětí.<br>Obdobu obrázku můžete také společně vyrobit. Přineste si uschlou větev a barevné ( žluté, oranžové, červené papíry ). Děti na ně napíšou, co by měly udělat, ale do čeho se jim nechce. Potom svoje odpovědi vytrhají z papírů jako plameny a přilepí nebo nabodnou na větvičky.<br>Zhotovený keř mohou vzít při návratu zpět do shromáždění a říct stručně dospělým, co představuje. Mohou také dospělé vyzvat, aby i oni připojili svoje plameny.</p>
