
{"id":717,"date":"2025-06-03T10:10:42","date_gmt":"2025-06-03T08:10:42","guid":{"rendered":"https:\/\/deti.evangnet.cz\/katecheze\/?post_type=worksheet&#038;p=717"},"modified":"2025-06-03T10:10:43","modified_gmt":"2025-06-03T08:10:43","slug":"stavba-babelske-veze","status":"publish","type":"worksheet","link":"https:\/\/deti.evangnet.cz\/katecheze\/pracovni-listy\/stavba-babelske-veze\/","title":{"rendered":"Stavba b\u00e1belske v\u011b\u017ee"},"content":{"rendered":"\n<p>Obr\u00e1zek je ur\u010den k&nbsp;tomu, aby jej d\u011bti zpracovaly po vypr\u00e1v\u011bn\u00ed.<\/p>\n\n\n\n<p>Podle pracovn\u00edho listu m\u016f\u017eete nakreslit velikou v\u011b\u017e na balic\u00ed pap\u00edr. V&nbsp;rozhovoru lze s&nbsp;d\u011btmi hledat, jak jinak by je\u0161t\u011b pojmenovaly d\u016fvody osudov\u00e9ho zmatku a vyrobit obdobnou vlastn\u00ed skr\u00fdva\u010dku z&nbsp;cihel pro dosp\u011bl\u00e9.<\/p>\n\n\n\n<p>Na zp\u016fsob obr\u00e1zku m\u016f\u017eete tak\u00e9 nakonec z&nbsp;cihel ( pap\u00edrov\u00e9 krabi\u010dky od l\u00e9k\u016f, kr\u00e9m\u016f, film\u016f atd., nebo od\u0159ezky polystyr\u00e9nu aj. ) slepit jm\u00e9no d\u016fvodu, kter\u00fd se bude d\u011btem zd\u00e1t nejp\u0159im\u011b\u0159en\u011bj\u0161\u00ed nebo jm\u00e9no \u201eb\u00e1bel\u201c \u010di \u201eb\u00e1belsk\u00e1 v\u011b\u017e\u201c.<\/p>\n","protected":false},"featured_media":718,"template":"","_links":{"self":[{"href":"https:\/\/deti.evangnet.cz\/katecheze\/wp-json\/wp\/v2\/worksheet\/717"}],"collection":[{"href":"https:\/\/deti.evangnet.cz\/katecheze\/wp-json\/wp\/v2\/worksheet"}],"about":[{"href":"https:\/\/deti.evangnet.cz\/katecheze\/wp-json\/wp\/v2\/types\/worksheet"}],"version-history":[{"count":1,"href":"https:\/\/deti.evangnet.cz\/katecheze\/wp-json\/wp\/v2\/worksheet\/717\/revisions"}],"predecessor-version":[{"id":719,"href":"https:\/\/deti.evangnet.cz\/katecheze\/wp-json\/wp\/v2\/worksheet\/717\/revisions\/719"}],"wp:featuredmedia":[{"embeddable":true,"href":"https:\/\/deti.evangnet.cz\/katecheze\/wp-json\/wp\/v2\/media\/718"}],"wp:attachment":[{"href":"https:\/\/deti.evangnet.cz\/katecheze\/wp-json\/wp\/v2\/media?parent=717"}],"curies":[{"name":"wp","href":"https:\/\/api.w.org\/{rel}","templated":true}]}}

Stavba bábelske věže

<p>Obrázek je určen k&nbsp;tomu, aby jej děti zpracovaly po vyprávění.</p>



<p>Podle pracovního listu můžete nakreslit velikou věž na balicí papír. V&nbsp;rozhovoru lze s&nbsp;dětmi hledat, jak jinak by ještě pojmenovaly důvody osudového zmatku a vyrobit obdobnou vlastní skrývačku z&nbsp;cihel pro dospělé.</p>



<p>Na způsob obrázku můžete také nakonec z&nbsp;cihel ( papírové krabičky od léků, krémů, filmů atd., nebo odřezky polystyrénu aj. ) slepit jméno důvodu, který se bude dětem zdát nejpřiměřenější nebo jméno „bábel“ či „bábelská věž“.</p>
