
{"id":693,"date":"2025-06-03T09:57:15","date_gmt":"2025-06-03T07:57:15","guid":{"rendered":"https:\/\/deti.evangnet.cz\/katecheze\/?post_type=worksheet&#038;p=693"},"modified":"2025-06-03T09:57:16","modified_gmt":"2025-06-03T07:57:16","slug":"vzkriseni-pane","status":"publish","type":"worksheet","link":"https:\/\/deti.evangnet.cz\/katecheze\/pracovni-listy\/vzkriseni-pane\/","title":{"rendered":"Vzk\u0159\u00edsen\u00ed P\u00e1n\u011b"},"content":{"rendered":"\n<p>\u00dakoly na lev\u00e9 stran\u011b pracovn\u00edho listu ( 3 obr\u00e1zky ) vyu\u017eijte jako \u00favod. Na nich m\u016f\u017eete d\u011btem uk\u00e1zat, jak to, co vid\u00edme, z\u00e1le\u017e\u00ed na tom, co \u010dek\u00e1me a co m\u00e1me v\u00a0sob\u011b ( 1\/ N\u011bkdo uvid\u00ed kalich, proto\u017ee jsme v\u00a0kostele a jsou velikonoce a ony to mohou b\u00fdt profily t\u011bch, kdo spolu mluv\u00ed. 2\/ N\u011bkdo uvid\u00ed k\u0159\u00ed\u017e, ale lze vid\u011bt t\u0159eba i okno s\u00a0v\u00fdhledem ven. 3\/ Pro n\u011bkoho je to hv\u011bzda, pro jin\u00e9ho rozbit\u00e9 zrcadlo. Atd. )<br>Po vypr\u00e1v\u011bn\u00ed, ve kter\u00e9m maj\u00ed Je\u017e\u00ed\u0161ovi bl\u00edzc\u00ed p\u0159ed o\u010dima nad\u011bji, ale vid\u00ed jen zlod\u011bjnu a beznad\u011bj, pop\u0159\u00edpad\u011b z\u00e1hadu, mohou d\u011bti vym\u00fd\u0161let sv\u016fj obr\u00e1zek. Zeptejte se jich, pro\u010d je pr\u00e1v\u011b v\u00a0balvanu od hrobu.<\/p>\n","protected":false},"featured_media":694,"template":"","_links":{"self":[{"href":"https:\/\/deti.evangnet.cz\/katecheze\/wp-json\/wp\/v2\/worksheet\/693"}],"collection":[{"href":"https:\/\/deti.evangnet.cz\/katecheze\/wp-json\/wp\/v2\/worksheet"}],"about":[{"href":"https:\/\/deti.evangnet.cz\/katecheze\/wp-json\/wp\/v2\/types\/worksheet"}],"version-history":[{"count":1,"href":"https:\/\/deti.evangnet.cz\/katecheze\/wp-json\/wp\/v2\/worksheet\/693\/revisions"}],"predecessor-version":[{"id":695,"href":"https:\/\/deti.evangnet.cz\/katecheze\/wp-json\/wp\/v2\/worksheet\/693\/revisions\/695"}],"wp:featuredmedia":[{"embeddable":true,"href":"https:\/\/deti.evangnet.cz\/katecheze\/wp-json\/wp\/v2\/media\/694"}],"wp:attachment":[{"href":"https:\/\/deti.evangnet.cz\/katecheze\/wp-json\/wp\/v2\/media?parent=693"}],"curies":[{"name":"wp","href":"https:\/\/api.w.org\/{rel}","templated":true}]}}

Vzkřísení Páně

<p>Úkoly na levé straně pracovního listu ( 3 obrázky ) využijte jako úvod. Na nich můžete dětem ukázat, jak to, co vidíme, záleží na tom, co čekáme a co máme v sobě ( 1/ Někdo uvidí kalich, protože jsme v kostele a jsou velikonoce a ony to mohou být profily těch, kdo spolu mluví. 2/ Někdo uvidí kříž, ale lze vidět třeba i okno s výhledem ven. 3/ Pro někoho je to hvězda, pro jiného rozbité zrcadlo. Atd. )<br>Po vyprávění, ve kterém mají Ježíšovi blízcí před očima naději, ale vidí jen zlodějnu a beznaděj, popřípadě záhadu, mohou děti vymýšlet svůj obrázek. Zeptejte se jich, proč je právě v balvanu od hrobu.</p>
