
{"id":585,"date":"2025-06-02T20:38:05","date_gmt":"2025-06-02T18:38:05","guid":{"rendered":"https:\/\/deti.evangnet.cz\/katecheze\/?post_type=worksheet&#038;p=585"},"modified":"2025-06-02T20:38:06","modified_gmt":"2025-06-02T18:38:06","slug":"apostolsky-snem-v-jeruzaleme","status":"publish","type":"worksheet","link":"https:\/\/deti.evangnet.cz\/katecheze\/pracovni-listy\/apostolsky-snem-v-jeruzaleme\/","title":{"rendered":"Apo\u0161tolsk\u00fd sn\u011bm v Jeruzal\u00e9m\u011b"},"content":{"rendered":"\n<p>Zpracov\u00e1n\u00ed obr\u00e1zku m\u016f\u017ee plnit roli motiva\u010dn\u00edho uveden\u00ed i zp\u011btn\u00e9 vazby, kter\u00e1 uk\u00e1\u017ee, zda byl v\u00e1\u0161 v\u00fdklad srozumiteln\u00fd a poskytne v\u00e1m mo\u017enost jej up\u0159esnit a doplnit.<br>Kdy\u017e budou d\u011bti zpracov\u00e1vat obr\u00e1zek na za\u010d\u00e1tku ( tj. vyst\u0159\u00edhaj\u00ed si postavy a karti\u010dky a sestav\u00ed si je podle zad\u00e1n\u00ed na stole \u2013 zat\u00edm je nenalepuj\u00ed ), vyj\u00e1d\u0159\u00ed tak svoji p\u0159edstavu o tom, co vede k\u00a0dohod\u011b. Vy jim potom m\u016f\u017eete vypr\u00e1v\u011bt, jak usilovali prvn\u00ed k\u0159es\u0165an\u00e9 o dohodu a po vypr\u00e1v\u011bn\u00ed m\u016f\u017eete srovn\u00e1vat, zda je stejn\u00e9 nebo rozd\u00edln\u00e9 to, co vybraly d\u011bti, a jak jednali apo\u0161tol\u00e9.\u00a0<br>Kdy\u017e budou d\u011bti zpracov\u00e1vat obr\u00e1zek po vypr\u00e1v\u011bn\u00ed, nejde u\u017e o jejich p\u0159edstavy, ale o to, jak rozum\u011bly v\u00fdkladu.\u00a0<br>Douf\u00e1m, \u017ee se nem\u00fdl\u00edm, kdy\u017e m\u00e1m za to, \u017ee biblick\u00e9mu poselstv\u00ed odpov\u00edd\u00e1: \u201eB\u016fh to tak dal\u201c, \u201eshoduje se to s\u00a0bibl\u00ed\u201c a \u201eshrom\u00e1\u017ed\u011bn\u00ed se na tom shodlo\u201c. Je mo\u017en\u00e9, \u017ee to, co vede ke shod\u011b, pochop\u00edte a vyj\u00e1d\u0159\u00edte podle biblick\u00e9ho textu l\u00e9pe. O tom tak\u00e9 m\u016f\u017eete s\u00a0v\u011bt\u0161\u00edmi d\u011btmi mluvit a vyzvat je, zda by karti\u010dky neformulovaly je\u0161t\u011b jinak.<\/p>\n","protected":false},"featured_media":586,"template":"","_links":{"self":[{"href":"https:\/\/deti.evangnet.cz\/katecheze\/wp-json\/wp\/v2\/worksheet\/585"}],"collection":[{"href":"https:\/\/deti.evangnet.cz\/katecheze\/wp-json\/wp\/v2\/worksheet"}],"about":[{"href":"https:\/\/deti.evangnet.cz\/katecheze\/wp-json\/wp\/v2\/types\/worksheet"}],"version-history":[{"count":1,"href":"https:\/\/deti.evangnet.cz\/katecheze\/wp-json\/wp\/v2\/worksheet\/585\/revisions"}],"predecessor-version":[{"id":587,"href":"https:\/\/deti.evangnet.cz\/katecheze\/wp-json\/wp\/v2\/worksheet\/585\/revisions\/587"}],"wp:featuredmedia":[{"embeddable":true,"href":"https:\/\/deti.evangnet.cz\/katecheze\/wp-json\/wp\/v2\/media\/586"}],"wp:attachment":[{"href":"https:\/\/deti.evangnet.cz\/katecheze\/wp-json\/wp\/v2\/media?parent=585"}],"curies":[{"name":"wp","href":"https:\/\/api.w.org\/{rel}","templated":true}]}}

Apoštolský sněm v Jeruzalémě

<p>Zpracování obrázku může plnit roli motivačního uvedení i zpětné vazby, která ukáže, zda byl váš výklad srozumitelný a poskytne vám možnost jej upřesnit a doplnit.<br>Když budou děti zpracovávat obrázek na začátku ( tj. vystříhají si postavy a kartičky a sestaví si je podle zadání na stole – zatím je nenalepují ), vyjádří tak svoji představu o tom, co vede k dohodě. Vy jim potom můžete vyprávět, jak usilovali první křesťané o dohodu a po vyprávění můžete srovnávat, zda je stejné nebo rozdílné to, co vybraly děti, a jak jednali apoštolé. <br>Když budou děti zpracovávat obrázek po vyprávění, nejde už o jejich představy, ale o to, jak rozuměly výkladu. <br>Doufám, že se nemýlím, když mám za to, že biblickému poselství odpovídá: „Bůh to tak dal“, „shoduje se to s biblí“ a „shromáždění se na tom shodlo“. Je možné, že to, co vede ke shodě, pochopíte a vyjádříte podle biblického textu lépe. O tom také můžete s většími dětmi mluvit a vyzvat je, zda by kartičky neformulovaly ještě jinak.</p>
