
{"id":545,"date":"2025-06-02T20:21:57","date_gmt":"2025-06-02T18:21:57","guid":{"rendered":"https:\/\/deti.evangnet.cz\/katecheze\/?post_type=worksheet&#038;p=545"},"modified":"2025-06-02T20:21:58","modified_gmt":"2025-06-02T18:21:58","slug":"samari-filip-a-simon-mag","status":"publish","type":"worksheet","link":"https:\/\/deti.evangnet.cz\/katecheze\/pracovni-listy\/samari-filip-a-simon-mag\/","title":{"rendered":"Sama\u0159\u00ed, Filip a \u0160imon m\u00e1g"},"content":{"rendered":"\n<p>Vyzv\u011bte d\u011bti, aby do obr\u00e1zku nejd\u0159\u00edve napsali, co se za pen\u00edze koupit d\u00e1 ( kolo, auto, oble\u010den\u00ed, j\u00eddlo, hra\u010dky\u2026), co se za pen\u00edze koupit ned\u00e1 ( d\u016fv\u011bra, talent, zdrav\u00ed, t\u00e1ta a m\u00e1ma\u2026 ) a co dobr\u00e9ho je zl\u00e9 kupovat ( p\u0159ijet\u00ed na \u0161kolu, p\u0159\u00e1telstv\u00ed, d\u016fv\u011bru,\u2026). Nad dopln\u011bn\u00fdmi obr\u00e1zky pak m\u016f\u017eete spole\u010dn\u011b mluvit o tom, jak se ty dobr\u00e9 v\u011bci m\u011bn\u00ed, kdy\u017e se kupuj\u00ed, pro\u010d by je cht\u011bl n\u011bkdo koupit, o co takov\u00e9mu \u010dlov\u011bku jde atd. Tak d\u011bti uvedete do p\u0159\u00edb\u011bhu a Petrovo odm\u00edtnut\u00ed \u0160imona jim bude srozumiteln\u011bj\u0161\u00ed.<\/p>\n","protected":false},"featured_media":546,"template":"","_links":{"self":[{"href":"https:\/\/deti.evangnet.cz\/katecheze\/wp-json\/wp\/v2\/worksheet\/545"}],"collection":[{"href":"https:\/\/deti.evangnet.cz\/katecheze\/wp-json\/wp\/v2\/worksheet"}],"about":[{"href":"https:\/\/deti.evangnet.cz\/katecheze\/wp-json\/wp\/v2\/types\/worksheet"}],"version-history":[{"count":1,"href":"https:\/\/deti.evangnet.cz\/katecheze\/wp-json\/wp\/v2\/worksheet\/545\/revisions"}],"predecessor-version":[{"id":547,"href":"https:\/\/deti.evangnet.cz\/katecheze\/wp-json\/wp\/v2\/worksheet\/545\/revisions\/547"}],"wp:featuredmedia":[{"embeddable":true,"href":"https:\/\/deti.evangnet.cz\/katecheze\/wp-json\/wp\/v2\/media\/546"}],"wp:attachment":[{"href":"https:\/\/deti.evangnet.cz\/katecheze\/wp-json\/wp\/v2\/media?parent=545"}],"curies":[{"name":"wp","href":"https:\/\/api.w.org\/{rel}","templated":true}]}}

Samaří, Filip a Šimon mág

<p>Vyzvěte děti, aby do obrázku nejdříve napsali, co se za peníze koupit dá ( kolo, auto, oblečení, jídlo, hračky…), co se za peníze koupit nedá ( důvěra, talent, zdraví, táta a máma… ) a co dobrého je zlé kupovat ( přijetí na školu, přátelství, důvěru,…). Nad doplněnými obrázky pak můžete společně mluvit o tom, jak se ty dobré věci mění, když se kupují, proč by je chtěl někdo koupit, o co takovému člověku jde atd. Tak děti uvedete do příběhu a Petrovo odmítnutí Šimona jim bude srozumitelnější.</p>
