
{"id":539,"date":"2025-06-02T20:19:38","date_gmt":"2025-06-02T18:19:38","guid":{"rendered":"https:\/\/deti.evangnet.cz\/katecheze\/?post_type=worksheet&#038;p=539"},"modified":"2025-06-02T20:19:39","modified_gmt":"2025-06-02T18:19:39","slug":"stepan-2","status":"publish","type":"worksheet","link":"https:\/\/deti.evangnet.cz\/katecheze\/pracovni-listy\/stepan-2\/","title":{"rendered":"\u0160t\u011bp\u00e1n"},"content":{"rendered":"\n<p>\u00dakol z\u00a0obr\u00e1zku m\u016f\u017ee plnit jak \u00falohu motiva\u010dn\u00edho uveden\u00ed, tak \u00falohu dom\u00fd\u0161len\u00ed a aplikace vypr\u00e1v\u011bn\u00ed. D\u011bti mohou tipovat, co pat\u0159\u00ed k\u00a0d\u016fv\u011b\u0159e a co vede ke kamenov\u00e1n\u00ed, p\u0159edem. Mohou se o tom spole\u010dn\u011b dohadovat a va\u0161e vypr\u00e1v\u011bn\u00ed potom budou sledovat jako roz\u0159e\u0161en\u00ed jejich dohad\u016f. D\u011bti mohou or\u00e1movat krou\u017eky podle zad\u00e1n\u00ed tak\u00e9 po vypr\u00e1v\u011bn\u00ed. Vy tak zjist\u00edte, zda vypr\u00e1v\u011bn\u00ed rozum\u011bly a m\u00e1te mo\u017enost je je\u0161t\u011b doplnit a up\u0159esnit.<br>D\u011bti si tak\u00e9 mohou krou\u017eky z\u00a0obr\u00e1zku zv\u011bt\u0161it na \u010dtvrtky a pokud se vrac\u00ed do bohoslu\u017eeb, mohou dosp\u011bl\u00e9 po\u017e\u00e1dat, aby se je pokusili tak\u00e9 rozt\u0159\u00eddit.<\/p>\n","protected":false},"featured_media":540,"template":"","_links":{"self":[{"href":"https:\/\/deti.evangnet.cz\/katecheze\/wp-json\/wp\/v2\/worksheet\/539"}],"collection":[{"href":"https:\/\/deti.evangnet.cz\/katecheze\/wp-json\/wp\/v2\/worksheet"}],"about":[{"href":"https:\/\/deti.evangnet.cz\/katecheze\/wp-json\/wp\/v2\/types\/worksheet"}],"version-history":[{"count":1,"href":"https:\/\/deti.evangnet.cz\/katecheze\/wp-json\/wp\/v2\/worksheet\/539\/revisions"}],"predecessor-version":[{"id":541,"href":"https:\/\/deti.evangnet.cz\/katecheze\/wp-json\/wp\/v2\/worksheet\/539\/revisions\/541"}],"wp:featuredmedia":[{"embeddable":true,"href":"https:\/\/deti.evangnet.cz\/katecheze\/wp-json\/wp\/v2\/media\/540"}],"wp:attachment":[{"href":"https:\/\/deti.evangnet.cz\/katecheze\/wp-json\/wp\/v2\/media?parent=539"}],"curies":[{"name":"wp","href":"https:\/\/api.w.org\/{rel}","templated":true}]}}

Štěpán

<p>Úkol z obrázku může plnit jak úlohu motivačního uvedení, tak úlohu domýšlení a aplikace vyprávění. Děti mohou tipovat, co patří k důvěře a co vede ke kamenování, předem. Mohou se o tom společně dohadovat a vaše vyprávění potom budou sledovat jako rozřešení jejich dohadů. Děti mohou orámovat kroužky podle zadání také po vyprávění. Vy tak zjistíte, zda vyprávění rozuměly a máte možnost je ještě doplnit a upřesnit.<br>Děti si také mohou kroužky z obrázku zvětšit na čtvrtky a pokud se vrací do bohoslužeb, mohou dospělé požádat, aby se je pokusili také roztřídit.</p>
