
{"id":490,"date":"2025-06-02T18:55:42","date_gmt":"2025-06-02T16:55:42","guid":{"rendered":"https:\/\/deti.evangnet.cz\/katecheze\/?post_type=worksheet&#038;p=490"},"modified":"2025-06-02T18:55:43","modified_gmt":"2025-06-02T16:55:43","slug":"nove-nebe-nova-zeme","status":"publish","type":"worksheet","link":"https:\/\/deti.evangnet.cz\/katecheze\/pracovni-listy\/nove-nebe-nova-zeme\/","title":{"rendered":"Nov\u00e9 nebe, nov\u00e1 zem\u011b"},"content":{"rendered":"\n<p>Dokreslen\u00edm obr\u00e1zku m\u016f\u017eete s\u00a0d\u011btmi za\u010d\u00edt. Spole\u010dn\u011b si potom obr\u00e1zky prohl\u00e9dn\u011bte a nechte d\u011bti vysv\u011btlit, co a pro\u010d do \u201enov\u00e9 zem\u011b\u201c nakreslily. Na to m\u016f\u017eete nav\u00e1zat t\u00edm, \u017ee v\u00a0bibli m\u00e1me tak\u00e9 takovou vizi. M\u016f\u017eete si ji p\u0159e\u010d\u00edst a porovnat, co nakreslily d\u011bti a co popsal Jan. Rozd\u00edly v\u00e1m umo\u017en\u00ed upozornit na d\u016frazy Janova poselstv\u00ed ( nap\u0159. chr\u00e1m-kostel nebude t\u0159eba ).<br>Obr\u00e1zek mohou d\u011bti samoz\u0159ejm\u011b dokreslovat tak\u00e9 po va\u0161em v\u00fdkladu. P\u0159i rozhovoru nad dotvo\u0159en\u00fdmi obr\u00e1zky zjist\u00edte, zda z\u00a0va\u0161eho v\u00fdkladu sly\u0161ely, co jste jim zam\u00fd\u0161leli sd\u011blit, a m\u016f\u017eete jej je\u0161t\u011b dovysv\u011btlit nebo poopravit.<\/p>\n","protected":false},"featured_media":491,"template":"","_links":{"self":[{"href":"https:\/\/deti.evangnet.cz\/katecheze\/wp-json\/wp\/v2\/worksheet\/490"}],"collection":[{"href":"https:\/\/deti.evangnet.cz\/katecheze\/wp-json\/wp\/v2\/worksheet"}],"about":[{"href":"https:\/\/deti.evangnet.cz\/katecheze\/wp-json\/wp\/v2\/types\/worksheet"}],"version-history":[{"count":1,"href":"https:\/\/deti.evangnet.cz\/katecheze\/wp-json\/wp\/v2\/worksheet\/490\/revisions"}],"predecessor-version":[{"id":492,"href":"https:\/\/deti.evangnet.cz\/katecheze\/wp-json\/wp\/v2\/worksheet\/490\/revisions\/492"}],"wp:featuredmedia":[{"embeddable":true,"href":"https:\/\/deti.evangnet.cz\/katecheze\/wp-json\/wp\/v2\/media\/491"}],"wp:attachment":[{"href":"https:\/\/deti.evangnet.cz\/katecheze\/wp-json\/wp\/v2\/media?parent=490"}],"curies":[{"name":"wp","href":"https:\/\/api.w.org\/{rel}","templated":true}]}}

Nové nebe, nová země

<p>Dokreslením obrázku můžete s dětmi začít. Společně si potom obrázky prohlédněte a nechte děti vysvětlit, co a proč do „nové země“ nakreslily. Na to můžete navázat tím, že v bibli máme také takovou vizi. Můžete si ji přečíst a porovnat, co nakreslily děti a co popsal Jan. Rozdíly vám umožní upozornit na důrazy Janova poselství ( např. chrám-kostel nebude třeba ).<br>Obrázek mohou děti samozřejmě dokreslovat také po vašem výkladu. Při rozhovoru nad dotvořenými obrázky zjistíte, zda z vašeho výkladu slyšely, co jste jim zamýšleli sdělit, a můžete jej ještě dovysvětlit nebo poopravit.</p>
