
{"id":3276,"date":"2025-08-13T12:08:22","date_gmt":"2025-08-13T10:08:22","guid":{"rendered":"https:\/\/deti.evangnet.cz\/katecheze\/?post_type=worksheet&#038;p=3276"},"modified":"2025-08-27T15:38:09","modified_gmt":"2025-08-27T13:38:09","slug":"01-abraham","status":"publish","type":"worksheet","link":"https:\/\/deti.evangnet.cz\/katecheze\/pracovni-listy\/01-abraham\/","title":{"rendered":"01 Abraham"},"content":{"rendered":"\n<p>ABRAHAM<\/p>\n\n\n\n<p>Mu\u017e jm\u00e9nem Abraham \u017eil ve velik\u00e9m m\u011bst\u011b. M\u011bsto bylo bohat\u00e9, domy byly postaveny z kamene, byly pln\u00e9 obchod\u016f a lidsk\u00e9ho sh\u00e1n\u011bn\u00ed. Lid\u00e9, kte\u0159\u00ed \u017eili v tomto velik\u00e9m m\u011bst\u011b, byli v\u0161elijac\u00ed. Obdivovali bohatstv\u00ed a s\u00edlu. Cht\u011bli jeden druh\u00e9mu porou\u010det. Stav\u011bli si r\u016fzn\u00e9 so\u0161ky a sochy, kter\u00fdm \u0159\u00edkali modly. Nosili jim dary, klan\u011bli se jim a v\u011b\u0159ili, \u017ee jim na opl\u00e1tku modly v jejich \u017eivot\u011b v\u0161echno dob\u0159e za\u0159\u00edd\u00ed. Tak\u00e9 Abraham takto \u017eil. Bydlel se svou \u017eenou S\u00e1rou v dom\u011b sv\u00e9ho otce. M\u011bl slu\u017eebnictvo, m\u011bl st\u00e1da koz a ovc\u00ed. M\u011bl v\u0161echno, co pot\u0159eboval k \u017eivotu. Bylo to tak doopravdy?<\/p>\n\n\n\n<p>Jednoho dne nav\u0161t\u00edvil B\u016fh Abrahama a promluvil k n\u011bmu: &#8222;Abrahame, vezmi svou \u017eenu S\u00e1ru, sv\u00e1 st\u00e1da i v\u0161echno, co ti pat\u0159\u00ed, a odejdi z domu sv\u00e9ho otce a z tohoto m\u011bsta To, jak \u017eije\u0161, se mi nel\u00edb\u00ed. Chci, abys \u017eil jinak. Spolehni se na mne. J\u00e1 t\u011b ochr\u00e1n\u00edm. Povedu t\u011b dnem i noc\u00ed. Narod\u00ed se ti syn. Tvoje rodina se rozroste. Bude v\u00e1s mnoho. Bude z v\u00e1s velik\u00fd n\u00e1rod.1<\/p>\n\n\n\n<p>Abraham uv\u011b\u0159il, \u017ee k n\u011bmu mluv\u00ed skute\u010dn\u00fd B\u016fh, a proto se vydal na cestu. Jeho \u017eena S\u00e1ra ho doprov\u00e1zela \u0160la s Abrahamem se v\u0161\u00edm, co bylo jejich, do zem\u011b, kterou neznali a nikdy nevid\u011bli. \u0160li do zem\u011b zasl\u00edben\u00e9.<\/p>\n\n\n\n<p>B\u016fh doved! Abrahama do Kena\u00e1nsk\u00e9 zem\u011b. Tam Abraham rozlo\u017eil stany a p\u00e1sl sv\u00e1 st\u00e1da Mohl b\u00fdt spokojen, \u017ee je na konci cesty. Byl v zemi zasl\u00edben\u00e9.<\/p>\n\n\n\n<p>Abraham v\u0161ak byl smutn\u00fd. Sl\u00edben\u00e9 d\u00edt\u011b se st\u00e1le nenarodilo. S\u00e1ra i Abraham byli ji\u017e sta\u0159\u00ed. Bylo pro n\u011b t\u011b\u017ek\u00e9 trp\u011bliv\u011b \u010dekat, a\u017e Hospodin vypln\u00ed tou\u017eebn\u011b o\u010dek\u00e1van\u00e9 p\u0159\u00e1n\u00ed. Je tak t\u011b\u017ek\u00e9 trp\u011bliv\u011b \u010dekat na uskute\u010dn\u011bn\u00ed takov\u00fdch slib\u016f.<\/p>\n\n\n\n<p>Hospodin v\u0161ak na Abrahama nezapomn\u011bl a neust\u00e1le ho posiloval: &#8222;Stane\u0161 se otcem, Abrahame. Tvoje rodina se rozroste. Bude v\u00e1s mnoho. Bude v\u00e1s tolik, \u017ee utvo\u0159\u00edte velik\u00fd n\u00e1rod a tomu n\u00e1rodu j\u00e1 po\u017eehn\u00e1m a on bude po\u017eehn\u00e1n\u00edm pro cel\u00fd sv\u011bt&#8220;<\/p>\n\n\n\n<p>Abrah\u00e1m se S\u00e1rou dlouho \u010dekali, a\u017e jednoho dne poslov\u00e9 od Hospodina ozn\u00e1mili, \u017ee se ji\u017e bl\u00ed\u017e\u00ed ten den. A opravdu zanedlouho se S\u00e1\u0159e narodil syn, kter\u00e9mu dali jm\u00e9no Iz\u00e1k. Iz\u00e1k vyr\u016fstal se sv\u00fdmi rodi\u010di ve stanech a p\u00e1sl st\u00e1da<\/p>\n\n\n\n<p>Ver\u0161: I. Gn 15,1 Nic se neboj, Abrahame, ]\u00e1 jsem tv\u016fj \u0161t\u00edt a tv\u00e1 p\u0159ehojn\u00e1 odm\u011bna.<\/p>\n\n\n\n<p>II. Gn 17,1b J\u00e1 jsem B\u016fh v\u0161emohouc\u00ed, cho\u010f st\u00e1le p\u0159ede mnou, bu\u010f bez\u00fahonn\u00fd!<\/p>\n\n\n\n<p>Nov\u00e1 slova: zasl\u00edben\u00ed, zem\u011b zasl\u00edben\u00e1 Rozhovor pom\u016fcky &#8211; batoh, kostky<\/p>\n\n\n\n<ul>\n<li>p\u0159i rozhovoru vkl\u00e1d\u00e1me do batohu kostky, kter\u00e9 p\u0159edstavuj\u00ed v\u011bci, kter\u00e9 by si d\u011bti cht\u011bly vz\u00edt s sebou &#8211; t\u00e9matem rozhovoru je pot\u0159ebnost v\u011bc\u00ed, ot\u00e1zka, s k\u00fdm by cht\u011bly d\u011bti j\u00edt na cestu, jak by \u010delily zim\u011b, de\u0161ti, nedostatku j\u00eddla atd.<\/li>\n\n\n\n<li>d\u016fle\u017eit\u00e9 je, aby d\u011bti pochopily, \u017ee cesta do zem\u011b zasl\u00edben\u00e9 nen\u00ed snadn\u00e1, \u017ee je to velik\u00e9 rozhodnut\u00ed, pro kter\u00e9 mus\u00edme n\u011bco ob\u011btovat; nejd\u016fle\u017eit\u011bj\u0161\u00ed je v\u0161ak si uv\u011bdomit, \u017ee na t\u00e9to cest\u011b je s n\u00e1mi v lidsk\u00fdch starostech B\u016fh.<\/li>\n<\/ul>\n\n\n\n<p>(Gn 12,1-9; 17,1-5, 15-19; 18,1-35; 21,1-7)<\/p>\n","protected":false},"featured_media":3277,"template":"","_links":{"self":[{"href":"https:\/\/deti.evangnet.cz\/katecheze\/wp-json\/wp\/v2\/worksheet\/3276"}],"collection":[{"href":"https:\/\/deti.evangnet.cz\/katecheze\/wp-json\/wp\/v2\/worksheet"}],"about":[{"href":"https:\/\/deti.evangnet.cz\/katecheze\/wp-json\/wp\/v2\/types\/worksheet"}],"version-history":[{"count":1,"href":"https:\/\/deti.evangnet.cz\/katecheze\/wp-json\/wp\/v2\/worksheet\/3276\/revisions"}],"predecessor-version":[{"id":3278,"href":"https:\/\/deti.evangnet.cz\/katecheze\/wp-json\/wp\/v2\/worksheet\/3276\/revisions\/3278"}],"wp:featuredmedia":[{"embeddable":true,"href":"https:\/\/deti.evangnet.cz\/katecheze\/wp-json\/wp\/v2\/media\/3277"}],"wp:attachment":[{"href":"https:\/\/deti.evangnet.cz\/katecheze\/wp-json\/wp\/v2\/media?parent=3276"}],"curies":[{"name":"wp","href":"https:\/\/api.w.org\/{rel}","templated":true}]}}

<p>ABRAHAM</p>



<p>Muž jménem Abraham žil ve velikém městě. Město bylo bohaté, domy byly postaveny z kamene, byly plné obchodů a lidského shánění. Lidé, kteří žili v tomto velikém městě, byli všelijací. Obdivovali bohatství a sílu. Chtěli jeden druhému poroučet. Stavěli si různé sošky a sochy, kterým říkali modly. Nosili jim dary, klaněli se jim a věřili, že jim na oplátku modly v jejich životě všechno dobře zařídí. Také Abraham takto žil. Bydlel se svou ženou Sárou v domě svého otce. Měl služebnictvo, měl stáda koz a ovcí. Měl všechno, co potřeboval k životu. Bylo to tak doopravdy?</p>



<p>Jednoho dne navštívil Bůh Abrahama a promluvil k němu: &#8222;Abrahame, vezmi svou ženu Sáru, svá stáda i všechno, co ti patří, a odejdi z domu svého otce a z tohoto města To, jak žiješ, se mi nelíbí. Chci, abys žil jinak. Spolehni se na mne. Já tě ochráním. Povedu tě dnem i nocí. Narodí se ti syn. Tvoje rodina se rozroste. Bude vás mnoho. Bude z vás veliký národ.1</p>



<p>Abraham uvěřil, že k němu mluví skutečný Bůh, a proto se vydal na cestu. Jeho žena Sára ho doprovázela Šla s Abrahamem se vším, co bylo jejich, do země, kterou neznali a nikdy neviděli. Šli do země zaslíbené.</p>



<p>Bůh doved! Abrahama do Kenaánské země. Tam Abraham rozložil stany a pásl svá stáda Mohl být spokojen, že je na konci cesty. Byl v zemi zaslíbené.</p>



<p>Abraham však byl smutný. Slíbené dítě se stále nenarodilo. Sára i Abraham byli již staří. Bylo pro ně těžké trpělivě čekat, až Hospodin vyplní toužebně očekávané přání. Je tak těžké trpělivě čekat na uskutečnění takových slibů.</p>



<p>Hospodin však na Abrahama nezapomněl a neustále ho posiloval: &#8222;Staneš se otcem, Abrahame. Tvoje rodina se rozroste. Bude vás mnoho. Bude vás tolik, že utvoříte veliký národ a tomu národu já požehnám a on bude požehnáním pro celý svět&#8220;</p>



<p>Abrahám se Sárou dlouho čekali, až jednoho dne poslové od Hospodina oznámili, že se již blíží ten den. A opravdu zanedlouho se Sáře narodil syn, kterému dali jméno Izák. Izák vyrůstal se svými rodiči ve stanech a pásl stáda</p>



<p>Verš: I. Gn 15,1 Nic se neboj, Abrahame, ]á jsem tvůj štít a tvá přehojná odměna.</p>



<p>II. Gn 17,1b Já jsem Bůh všemohoucí, choď stále přede mnou, buď bezúhonný!</p>



<p>Nová slova: zaslíbení, země zaslíbená Rozhovor pomůcky &#8211; batoh, kostky</p>



<ul>
<li>při rozhovoru vkládáme do batohu kostky, které představují věci, které by si děti chtěly vzít s sebou &#8211; tématem rozhovoru je potřebnost věcí, otázka, s kým by chtěly děti jít na cestu, jak by čelily zimě, dešti, nedostatku jídla atd.</li>



<li>důležité je, aby děti pochopily, že cesta do země zaslíbené není snadná, že je to veliké rozhodnutí, pro které musíme něco obětovat; nejdůležitější je však si uvědomit, že na této cestě je s námi v lidských starostech Bůh.</li>
</ul>



<p>(Gn 12,1-9; 17,1-5, 15-19; 18,1-35; 21,1-7)</p>
