
{"id":3198,"date":"2025-08-01T22:00:59","date_gmt":"2025-08-01T20:00:59","guid":{"rendered":"https:\/\/deti.evangnet.cz\/katecheze\/?post_type=worksheet&#038;p=3198"},"modified":"2025-08-01T22:01:00","modified_gmt":"2025-08-01T20:01:00","slug":"6-prikazani-2-pa-28-1-15","status":"publish","type":"worksheet","link":"https:\/\/deti.evangnet.cz\/katecheze\/pracovni-listy\/6-prikazani-2-pa-28-1-15\/","title":{"rendered":"6. p\u0159ik\u00e1z\u00e1n\u00ed \u2013 2-Pa 28, 1-15"},"content":{"rendered":"\n<p>Na obr\u00e1zku jsou pora\u017een\u00ed jud\u0161t\u00ed voj\u00e1ci, p\u0159ed kter\u00fdmi le\u017e\u00ed jeden ze zabit\u00fdch ob\u011btovan\u00fdch syn\u016f (\u010di prost\u011b ob\u011bt\u00ed jejich jedn\u00e1n\u00ed). To m\u016f\u017eete d\u011btem vyl\u00ed\u010dit a pak jim d\u00e1t \u00fakol, aby nakreslily, co si podle nich tedy ti voj\u00e1ci zaslou\u017e\u00ed. M\u016f\u017eete o tom tak\u00e9 spole\u010dn\u011b mluvit. Pak jim dovypr\u00e1v\u011bjte o z\u00e1kroku Od\u00e9da a konfrontujte s\u00a0t\u00edm jejich v\u00fdrok.<\/p>\n","protected":false},"featured_media":3199,"template":"","_links":{"self":[{"href":"https:\/\/deti.evangnet.cz\/katecheze\/wp-json\/wp\/v2\/worksheet\/3198"}],"collection":[{"href":"https:\/\/deti.evangnet.cz\/katecheze\/wp-json\/wp\/v2\/worksheet"}],"about":[{"href":"https:\/\/deti.evangnet.cz\/katecheze\/wp-json\/wp\/v2\/types\/worksheet"}],"version-history":[{"count":1,"href":"https:\/\/deti.evangnet.cz\/katecheze\/wp-json\/wp\/v2\/worksheet\/3198\/revisions"}],"predecessor-version":[{"id":3200,"href":"https:\/\/deti.evangnet.cz\/katecheze\/wp-json\/wp\/v2\/worksheet\/3198\/revisions\/3200"}],"wp:featuredmedia":[{"embeddable":true,"href":"https:\/\/deti.evangnet.cz\/katecheze\/wp-json\/wp\/v2\/media\/3199"}],"wp:attachment":[{"href":"https:\/\/deti.evangnet.cz\/katecheze\/wp-json\/wp\/v2\/media?parent=3198"}],"curies":[{"name":"wp","href":"https:\/\/api.w.org\/{rel}","templated":true}]}}

6. přikázání – 2-Pa 28, 1-15

<p>Na obrázku jsou poražení judští vojáci, před kterými leží jeden ze zabitých obětovaných synů (či prostě obětí jejich jednání). To můžete dětem vylíčit a pak jim dát úkol, aby nakreslily, co si podle nich tedy ti vojáci zaslouží. Můžete o tom také společně mluvit. Pak jim dovyprávějte o zákroku Odéda a konfrontujte s tím jejich výrok.</p>
