
{"id":3099,"date":"2025-08-01T18:54:26","date_gmt":"2025-08-01T16:54:26","guid":{"rendered":"https:\/\/deti.evangnet.cz\/katecheze\/?post_type=worksheet&#038;p=3099"},"modified":"2025-08-01T18:54:28","modified_gmt":"2025-08-01T16:54:28","slug":"13-2-i-slava-promeneni-na-hore","status":"publish","type":"worksheet","link":"https:\/\/deti.evangnet.cz\/katecheze\/pracovni-listy\/13-2-i-slava-promeneni-na-hore\/","title":{"rendered":"13\/2 I sl\u00e1va &#8211; Prom\u011bn\u011bn\u00ed na ho\u0159e"},"content":{"rendered":"\n<p>Petr, Jan a Jakub vystoupili s Je\u017e\u00ed\u0161em na horu. &#8222;<em>A kdy\u017e se modlil, nabyla jeho tv\u00e1\u0159 nov\u00e9ho vzhledu a jeho roucho b\u011blostn\u011b z\u00e1\u0159ilo. A hle, rozmlouvali s n\u00edm dva mu\u017ei &#8211; byli to Moj\u017e\u00ed\u0161 a Eli\u00e1\u0161.&#8220;&nbsp;<\/em>Zat\u00edmco Je\u017e\u00ed\u0161 s nimi mluvil, obest\u0159el u\u010dedn\u00edky sp\u00e1nek. Je\u017e\u00ed\u0161 mluvil o sv\u00e9 cest\u011b, kterou m\u00e1 dokonat v Jeruzal\u00e9m\u011b. &#8222;<em>Kdy\u017e se probrali, spat\u0159ili jeho sl\u00e1vu i ty dva mu\u017ee, kte\u0159\u00ed byli s n\u00edm.&#8220;&nbsp;<\/em>Petr cht\u011bl cel\u00e9 toto d\u011bn\u00ed zadr\u017eet, proto\u017ee se&nbsp;<em>ti dva mu\u017ei&nbsp;<\/em>za\u010dali vzdalovat, cht\u011bl postavit stany pro Je\u017e\u00ed\u0161e, Moj\u017e\u00ed\u0161e i Eli\u00e1\u0161e. V\u0161e v\u0161ak zast\u0159el oblak a na v\u0161echny padla b\u00e1ze\u0148. Z oblaku se ozval hlas: \u201e<em>Toto jest m\u016fj vyvolen\u00fd Syn, toho poslouchejte.&#8220;<\/em><\/p>\n\n\n\n<p>\u0158 8,18<\/p>\n\n\n\n<p><strong>Soud\u00edm toti\u017e, \u017ee utrpen\u00ed nyn\u011bj\u0161\u00edho \u010dasu se nedaj\u00ed srovnat s budouc\u00ed sl\u00e1vou, kter\u00e1 m\u00e1 b\u00fdt na n\u00e1s zjevena.<\/strong><\/p>\n\n\n\n<p>Je\u017e\u00ed\u0161e v jeho sl\u00e1v\u011b vid\u00ed jen o\u010di v\u00edry. Petrovi, Janovi a Jakubovi tyto o\u010di byly d\u00e1ny na ho\u0159e prom\u011bn\u011bn\u00ed.<\/p>\n\n\n\n<p>Jen o\u010di v\u00edry vid\u00ed, \u017ee slu\u017eba, utrpen\u00ed, pon\u00ed\u017een\u00ed, sklon\u011bn\u00ed se k druh\u00e9mu \u010dlov\u011bku je sl\u00e1vou, kter\u00e1 p\u016fsob\u00ed ji\u017e v tomto sv\u011bt\u011b.<\/p>\n\n\n\n<p>V\u0161ude tam, kde je utrpen\u00ed, beznad\u011bj, skleslost a \u00fanava z \u017eivota, kter\u00fd drt\u00ed Kristovy v\u011brn\u00e9, o\u010di v\u00edry maj\u00ed zasl\u00edben\u00ed, \u017ee uvid\u00ed Bo\u017e\u00ed sl\u00e1vu.<\/p>\n\n\n\n<p>Tuto sl\u00e1vu nejen\u017ee o\u010di v\u00edry vid\u00ed, ale sly\u0161\u00ed i slova o vyvolenosti Je\u017e\u00ed\u0161e pro Bo\u017e\u00ed pl\u00e1n z\u00e1chrany \u010dlov\u011bka.<\/p>\n\n\n\n<p>V\u0161ude tam, kde jako u\u010dedn\u00edci n\u00e1sledujeme hlas Je\u017e\u00ed\u0161e Krista, se projevuje Bo\u017e\u00ed sl\u00e1va.<\/p>\n\n\n\n<p>Tentokr\u00e1t u\u010dedn\u00edci ml\u010d\u00ed o tom, co vid\u011bli. Po velikono\u010dn\u00ed sobot\u011b, kdy se setkali se zmrtv\u00fdchvstal\u00fdm Je\u017e\u00ed\u0161em,<\/p>\n\n\n\n<p>ji\u017e o t\u00e9to prom\u011bn\u011b neml\u010d\u00ed, ale zv\u011bstuj\u00ed jeho sl\u00e1vu do cel\u00e9ho sv\u011bta.<\/p>\n\n\n\n<p>Tak jako u\u010dedn\u00edci na ho\u0159e prom\u011bn\u011bn\u00ed uvid\u011bli odlesk Bo\u017e\u00ed sl\u00e1vy, tak my sm\u00edme toto pro\u017e\u00edvat ji\u017e zde, v\u0161ude tam,<\/p>\n\n\n\n<p>kde l\u00e1ska k bli\u017en\u00edmu v\u00edt\u011bz\u00ed nad na\u0161im sobectv\u00edm.<\/p>\n\n\n\n<p>Tak jako Petr, Jan a Jakub, i my jsme dostali zasl\u00edben\u00ed, \u017ee jednou k sl\u00e1v\u011b Je\u017e\u00ed\u0161e Krista budeme zapojeni do spole\u010denstv\u00ed<\/p>\n\n\n\n<p>s Moj\u017e\u00ed\u0161em a Eli\u00e1\u0161em,&nbsp;se v\u0161emi jeho sv\u011bdky, kte\u0159\u00ed n\u00e1s p\u0159ede\u0161li do Bo\u017e\u00edho kr\u00e1lovstv\u00ed.<\/p>\n","protected":false},"featured_media":3100,"template":"","_links":{"self":[{"href":"https:\/\/deti.evangnet.cz\/katecheze\/wp-json\/wp\/v2\/worksheet\/3099"}],"collection":[{"href":"https:\/\/deti.evangnet.cz\/katecheze\/wp-json\/wp\/v2\/worksheet"}],"about":[{"href":"https:\/\/deti.evangnet.cz\/katecheze\/wp-json\/wp\/v2\/types\/worksheet"}],"version-history":[{"count":1,"href":"https:\/\/deti.evangnet.cz\/katecheze\/wp-json\/wp\/v2\/worksheet\/3099\/revisions"}],"predecessor-version":[{"id":3101,"href":"https:\/\/deti.evangnet.cz\/katecheze\/wp-json\/wp\/v2\/worksheet\/3099\/revisions\/3101"}],"wp:featuredmedia":[{"embeddable":true,"href":"https:\/\/deti.evangnet.cz\/katecheze\/wp-json\/wp\/v2\/media\/3100"}],"wp:attachment":[{"href":"https:\/\/deti.evangnet.cz\/katecheze\/wp-json\/wp\/v2\/media?parent=3099"}],"curies":[{"name":"wp","href":"https:\/\/api.w.org\/{rel}","templated":true}]}}

13/2 I sláva &#8211; Proměnění na hoře

<p>Petr, Jan a Jakub vystoupili s Ježíšem na horu. &#8222;<em>A když se modlil, nabyla jeho tvář nového vzhledu a jeho roucho bělostně zářilo. A hle, rozmlouvali s ním dva muži &#8211; byli to Mojžíš a Eliáš.&#8220;&nbsp;</em>Zatímco Ježíš s nimi mluvil, obestřel učedníky spánek. Ježíš mluvil o své cestě, kterou má dokonat v Jeruzalémě. &#8222;<em>Když se probrali, spatřili jeho slávu i ty dva muže, kteří byli s ním.&#8220;&nbsp;</em>Petr chtěl celé toto dění zadržet, protože se&nbsp;<em>ti dva muži&nbsp;</em>začali vzdalovat, chtěl postavit stany pro Ježíše, Mojžíše i Eliáše. Vše však zastřel oblak a na všechny padla bázeň. Z oblaku se ozval hlas: „<em>Toto jest můj vyvolený Syn, toho poslouchejte.&#8220;</em></p>



<p>Ř 8,18</p>



<p><strong>Soudím totiž, že utrpení nynějšího času se nedají srovnat s budoucí slávou, která má být na nás zjevena.</strong></p>



<p>Ježíše v jeho slávě vidí jen oči víry. Petrovi, Janovi a Jakubovi tyto oči byly dány na hoře proměnění.</p>



<p>Jen oči víry vidí, že služba, utrpení, ponížení, sklonění se k druhému člověku je slávou, která působí již v tomto světě.</p>



<p>Všude tam, kde je utrpení, beznaděj, skleslost a únava z života, který drtí Kristovy věrné, oči víry mají zaslíbení, že uvidí Boží slávu.</p>



<p>Tuto slávu nejenže oči víry vidí, ale slyší i slova o vyvolenosti Ježíše pro Boží plán záchrany člověka.</p>



<p>Všude tam, kde jako učedníci následujeme hlas Ježíše Krista, se projevuje Boží sláva.</p>



<p>Tentokrát učedníci mlčí o tom, co viděli. Po velikonoční sobotě, kdy se setkali se zmrtvýchvstalým Ježíšem,</p>



<p>již o této proměně nemlčí, ale zvěstují jeho slávu do celého světa.</p>



<p>Tak jako učedníci na hoře proměnění uviděli odlesk Boží slávy, tak my smíme toto prožívat již zde, všude tam,</p>



<p>kde láska k bližnímu vítězí nad našim sobectvím.</p>



<p>Tak jako Petr, Jan a Jakub, i my jsme dostali zaslíbení, že jednou k slávě Ježíše Krista budeme zapojeni do společenství</p>



<p>s Mojžíšem a Eliášem,&nbsp;se všemi jeho svědky, kteří nás předešli do Božího království.</p>
