
{"id":2667,"date":"2025-07-31T18:04:43","date_gmt":"2025-07-31T16:04:43","guid":{"rendered":"https:\/\/deti.evangnet.cz\/katecheze\/?post_type=worksheet&#038;p=2667"},"modified":"2025-08-27T17:29:40","modified_gmt":"2025-08-27T15:29:40","slug":"v-1-slovo-se-stalo-telem","status":"publish","type":"worksheet","link":"https:\/\/deti.evangnet.cz\/katecheze\/pracovni-listy\/v-1-slovo-se-stalo-telem\/","title":{"rendered":"V 1 Slovo se stalo t\u011blem"},"content":{"rendered":"\n<p>S&nbsp;obr\u00e1zkem je t\u0159eba pracovat asi a\u017e po v\u00fdkladu. D\u011bti mohou do kole\u010dek dokreslovat bu\u010f jak se velk\u00e1 slova uskute\u010d\u0148uj\u00ed v&nbsp;Je\u017e\u00ed\u0161ov\u011b p\u0159\u00edb\u011bhu ( odpu\u0161t\u011bn\u00ed \u2013 Je\u017e\u00ed\u0161 s&nbsp;ochrnut\u00fdm, jeho\u017e spustili p\u0159\u00e1tel\u00e9 st\u0159echou\u2026 ) nebo jak se uskute\u010d\u0148uj\u00ed v&nbsp;p\u0159\u00edtomn\u00e9m \u017eivot\u011b ( v\u011brnost \u2013 sta\u0159\u00ed man\u017eel\u00e9 se dr\u017e\u00ed za ruku\u2026 ). V&nbsp;prvn\u00edm p\u0159\u00edpad\u011b je tak\u00e9 mo\u017en\u00e9 p\u0159ipravit ze samolepek k&nbsp;Luk\u00e1\u0161ovu evangeliu karti\u010dky, ze kter\u00fdch mohou d\u011bti vyb\u00edrat spole\u010dn\u011b, kter\u00fd p\u0159\u00edb\u011bh by mohl b\u00fdt uskute\u010dn\u011bn\u00edm kter\u00e9ho slova.<\/p>\n","protected":false},"featured_media":2668,"template":"","_links":{"self":[{"href":"https:\/\/deti.evangnet.cz\/katecheze\/wp-json\/wp\/v2\/worksheet\/2667"}],"collection":[{"href":"https:\/\/deti.evangnet.cz\/katecheze\/wp-json\/wp\/v2\/worksheet"}],"about":[{"href":"https:\/\/deti.evangnet.cz\/katecheze\/wp-json\/wp\/v2\/types\/worksheet"}],"version-history":[{"count":2,"href":"https:\/\/deti.evangnet.cz\/katecheze\/wp-json\/wp\/v2\/worksheet\/2667\/revisions"}],"predecessor-version":[{"id":3487,"href":"https:\/\/deti.evangnet.cz\/katecheze\/wp-json\/wp\/v2\/worksheet\/2667\/revisions\/3487"}],"wp:featuredmedia":[{"embeddable":true,"href":"https:\/\/deti.evangnet.cz\/katecheze\/wp-json\/wp\/v2\/media\/2668"}],"wp:attachment":[{"href":"https:\/\/deti.evangnet.cz\/katecheze\/wp-json\/wp\/v2\/media?parent=2667"}],"curies":[{"name":"wp","href":"https:\/\/api.w.org\/{rel}","templated":true}]}}

V 1 Slovo se stalo tělem

<p>S&nbsp;obrázkem je třeba pracovat asi až po výkladu. Děti mohou do koleček dokreslovat buď jak se velká slova uskutečňují v&nbsp;Ježíšově příběhu ( odpuštění – Ježíš s&nbsp;ochrnutým, jehož spustili přátelé střechou… ) nebo jak se uskutečňují v&nbsp;přítomném životě ( věrnost – staří manželé se drží za ruku… ). V&nbsp;prvním případě je také možné připravit ze samolepek k&nbsp;Lukášovu evangeliu kartičky, ze kterých mohou děti vybírat společně, který příběh by mohl být uskutečněním kterého slova.</p>
