
{"id":2658,"date":"2025-07-31T18:01:21","date_gmt":"2025-07-31T16:01:21","guid":{"rendered":"https:\/\/deti.evangnet.cz\/katecheze\/?post_type=worksheet&#038;p=2658"},"modified":"2025-08-27T17:22:48","modified_gmt":"2025-08-27T15:22:48","slug":"8-zatceni-jana-krtitele","status":"publish","type":"worksheet","link":"https:\/\/deti.evangnet.cz\/katecheze\/pracovni-listy\/8-zatceni-jana-krtitele\/","title":{"rendered":"8 Zat\u010den\u00ed Jana K\u0159titele"},"content":{"rendered":"\n<p>Obr\u00e1zek m\u016f\u017eete pou\u017e\u00edt jak v&nbsp;\u00favodu tak po v\u00fdkladu. V&nbsp;prvn\u00edm p\u0159\u00edpad\u011b polo\u017ete v\u011btu z&nbsp;obr\u00e1zku d\u011btem jako ot\u00e1zku: Co ani v\u011bzen\u00edm nekon\u010d\u00ed? Potom se ptejte pro\u010d je asi na obr\u00e1zku holubice. Nechte pak d\u011bti naj\u00edt odpov\u011b\u010f, kter\u00e1 na \u00favodn\u00ed ot\u00e1zku odpov\u00edd\u00e1 a je s&nbsp;holubic\u00ed spojena. N\u00e1sledn\u011b jim vypr\u00e1v\u011bn\u00edm p\u0159\u00edb\u011bhu p\u0159ibli\u017ete, jak to konkr\u00e9tn\u011b m\u016f\u017ee vypadat. V&nbsp;druh\u00e9m p\u0159\u00edpad\u011b se tak\u00e9 nejd\u0159\u00edv v\u011btou z&nbsp;obr\u00e1zku ptejte, jak by na z\u00e1klad\u011b vypr\u00e1v\u011bn\u00ed odpov\u011bd\u011bly. P\u0159itom neodpov\u00eddejte sami, ale nechte d\u011bti, aby si odpov\u011b\u010f nakonec v&nbsp;obr\u00e1zku na\u0161ly.<\/p>\n","protected":false},"featured_media":2659,"template":"","_links":{"self":[{"href":"https:\/\/deti.evangnet.cz\/katecheze\/wp-json\/wp\/v2\/worksheet\/2658"}],"collection":[{"href":"https:\/\/deti.evangnet.cz\/katecheze\/wp-json\/wp\/v2\/worksheet"}],"about":[{"href":"https:\/\/deti.evangnet.cz\/katecheze\/wp-json\/wp\/v2\/types\/worksheet"}],"version-history":[{"count":2,"href":"https:\/\/deti.evangnet.cz\/katecheze\/wp-json\/wp\/v2\/worksheet\/2658\/revisions"}],"predecessor-version":[{"id":3478,"href":"https:\/\/deti.evangnet.cz\/katecheze\/wp-json\/wp\/v2\/worksheet\/2658\/revisions\/3478"}],"wp:featuredmedia":[{"embeddable":true,"href":"https:\/\/deti.evangnet.cz\/katecheze\/wp-json\/wp\/v2\/media\/2659"}],"wp:attachment":[{"href":"https:\/\/deti.evangnet.cz\/katecheze\/wp-json\/wp\/v2\/media?parent=2658"}],"curies":[{"name":"wp","href":"https:\/\/api.w.org\/{rel}","templated":true}]}}

8 Zatčení Jana Křtitele

<p>Obrázek můžete použít jak v&nbsp;úvodu tak po výkladu. V&nbsp;prvním případě položte větu z&nbsp;obrázku dětem jako otázku: Co ani vězením nekončí? Potom se ptejte proč je asi na obrázku holubice. Nechte pak děti najít odpověď, která na úvodní otázku odpovídá a je s&nbsp;holubicí spojena. Následně jim vyprávěním příběhu přibližte, jak to konkrétně může vypadat. V&nbsp;druhém případě se také nejdřív větou z&nbsp;obrázku ptejte, jak by na základě vyprávění odpověděly. Přitom neodpovídejte sami, ale nechte děti, aby si odpověď nakonec v&nbsp;obrázku našly.</p>
