
{"id":2652,"date":"2025-07-31T17:58:22","date_gmt":"2025-07-31T15:58:22","guid":{"rendered":"https:\/\/deti.evangnet.cz\/katecheze\/?post_type=worksheet&#038;p=2652"},"modified":"2025-08-27T17:23:32","modified_gmt":"2025-08-27T15:23:32","slug":"6-dvanactilety-v-chrame","status":"publish","type":"worksheet","link":"https:\/\/deti.evangnet.cz\/katecheze\/pracovni-listy\/6-dvanactilety-v-chrame\/","title":{"rendered":"6 Dvan\u00e1ctilet\u00fd v Chr\u00e1m\u011b"},"content":{"rendered":"\n<p>Nab\u00edz\u00ed se u\u017e\u00edt obr\u00e1zek a\u017e po v\u00fdkladu, kdy u\u017e d\u011bti pointu znaj\u00ed a jde jenom o to, aby si vybavily obt\u00ed\u017enost hled\u00e1n\u00ed a na\u0161ly spr\u00e1vn\u00fd c\u00edl. Je ov\u0161em tak\u00e9 mo\u017en\u00e9 rozdat d\u011btem obr\u00e1zky na z\u00e1v\u011br motiva\u010dn\u00edho uveden\u00ed, kdy jste vzpom\u00ednali, zda, kdy a pro\u010d se d\u011bti u\u017e n\u011bkdy ztratily. \u0158ekn\u011bte jim pouze, \u017ee Je\u017e\u00ed\u0161ovi se to stalo tak\u00e9 a vyzv\u011bte je, aby si tiply, kam by se tedy Je\u017e\u00ed\u0161 mohl ztratit. Potom se ptejte, pro\u010d si to mysl\u00ed a vypr\u00e1v\u011bjte jim p\u0159\u00edb\u011bh jako \u201e\u0159e\u0161en\u00ed\u201c, kter\u00e9 zd\u016frazn\u00ed jeho v\u00fdznam.<\/p>\n","protected":false},"featured_media":2653,"template":"","_links":{"self":[{"href":"https:\/\/deti.evangnet.cz\/katecheze\/wp-json\/wp\/v2\/worksheet\/2652"}],"collection":[{"href":"https:\/\/deti.evangnet.cz\/katecheze\/wp-json\/wp\/v2\/worksheet"}],"about":[{"href":"https:\/\/deti.evangnet.cz\/katecheze\/wp-json\/wp\/v2\/types\/worksheet"}],"version-history":[{"count":2,"href":"https:\/\/deti.evangnet.cz\/katecheze\/wp-json\/wp\/v2\/worksheet\/2652\/revisions"}],"predecessor-version":[{"id":3480,"href":"https:\/\/deti.evangnet.cz\/katecheze\/wp-json\/wp\/v2\/worksheet\/2652\/revisions\/3480"}],"wp:featuredmedia":[{"embeddable":true,"href":"https:\/\/deti.evangnet.cz\/katecheze\/wp-json\/wp\/v2\/media\/2653"}],"wp:attachment":[{"href":"https:\/\/deti.evangnet.cz\/katecheze\/wp-json\/wp\/v2\/media?parent=2652"}],"curies":[{"name":"wp","href":"https:\/\/api.w.org\/{rel}","templated":true}]}}

6 Dvanáctiletý v Chrámě

<p>Nabízí se užít obrázek až po výkladu, kdy už děti pointu znají a jde jenom o to, aby si vybavily obtížnost hledání a našly správný cíl. Je ovšem také možné rozdat dětem obrázky na závěr motivačního uvedení, kdy jste vzpomínali, zda, kdy a proč se děti už někdy ztratily. Řekněte jim pouze, že Ježíšovi se to stalo také a vyzvěte je, aby si tiply, kam by se tedy Ježíš mohl ztratit. Potom se ptejte, proč si to myslí a vyprávějte jim příběh jako „řešení“, které zdůrazní jeho význam.</p>
