
{"id":2619,"date":"2025-07-31T17:45:27","date_gmt":"2025-07-31T15:45:27","guid":{"rendered":"https:\/\/deti.evangnet.cz\/katecheze\/?post_type=worksheet&#038;p=2619"},"modified":"2025-08-27T17:09:43","modified_gmt":"2025-08-27T15:09:43","slug":"31-jezis-a-zacheus","status":"publish","type":"worksheet","link":"https:\/\/deti.evangnet.cz\/katecheze\/pracovni-listy\/31-jezis-a-zacheus\/","title":{"rendered":"31 Je\u017e\u00ed\u0161 a Zacheus"},"content":{"rendered":"\n<p>D\u011bti mohou nakreslit do obr\u00e1zku toho, na kom jim z\u00e1le\u017e\u00ed a kdo stoj\u00ed o jejich dobr\u00e9 jedn\u00e1n\u00ed na za\u010d\u00e1tku. P\u0159\u00edb\u011bh o Zacheovi jim pak budete vypr\u00e1v\u011bt jako vysv\u011btlen\u00ed, pro\u010d je na obr\u00e1zku chl\u00e1pek na strom\u011b, a vyplyne z&nbsp;n\u011bho, jakou cenu pro d\u011bti ty, kter\u00e9 nakreslily, maj\u00ed a kdo k&nbsp;nim v\u017edycky ( i kdy\u017e si na nikoho takov\u00e9ho nevzpomn\u011bly ) pat\u0159\u00ed. D\u011bti mohou obr\u00e1zek tak\u00e9 dokreslovat a\u017e po vypr\u00e1v\u011bn\u00ed. P\u0159i tom si mohou uv\u011bdomovat, jak i ony Zacheovu roli znaj\u00ed. Podle toho, koho do obr\u00e1zku dokresl\u00ed, se jich pak d\u00e1l m\u016f\u017eete pt\u00e1t, jak\u00e9 jejich jedn\u00e1n\u00ed m\u00e1 pro n\u011b d\u00edky tomu \u010dlov\u011bku cenu; pop\u0159\u00edpad\u011b jak\u00e9 jejich jedn\u00e1n\u00ed m\u00e1 pro n\u011b d\u00edky Je\u017e\u00ed\u0161ovi cenu.<\/p>\n","protected":false},"featured_media":2620,"template":"","_links":{"self":[{"href":"https:\/\/deti.evangnet.cz\/katecheze\/wp-json\/wp\/v2\/worksheet\/2619"}],"collection":[{"href":"https:\/\/deti.evangnet.cz\/katecheze\/wp-json\/wp\/v2\/worksheet"}],"about":[{"href":"https:\/\/deti.evangnet.cz\/katecheze\/wp-json\/wp\/v2\/types\/worksheet"}],"version-history":[{"count":2,"href":"https:\/\/deti.evangnet.cz\/katecheze\/wp-json\/wp\/v2\/worksheet\/2619\/revisions"}],"predecessor-version":[{"id":3455,"href":"https:\/\/deti.evangnet.cz\/katecheze\/wp-json\/wp\/v2\/worksheet\/2619\/revisions\/3455"}],"wp:featuredmedia":[{"embeddable":true,"href":"https:\/\/deti.evangnet.cz\/katecheze\/wp-json\/wp\/v2\/media\/2620"}],"wp:attachment":[{"href":"https:\/\/deti.evangnet.cz\/katecheze\/wp-json\/wp\/v2\/media?parent=2619"}],"curies":[{"name":"wp","href":"https:\/\/api.w.org\/{rel}","templated":true}]}}

31 Ježíš a Zacheus

<p>Děti mohou nakreslit do obrázku toho, na kom jim záleží a kdo stojí o jejich dobré jednání na začátku. Příběh o Zacheovi jim pak budete vyprávět jako vysvětlení, proč je na obrázku chlápek na stromě, a vyplyne z&nbsp;něho, jakou cenu pro děti ty, které nakreslily, mají a kdo k&nbsp;nim vždycky ( i když si na nikoho takového nevzpomněly ) patří. Děti mohou obrázek také dokreslovat až po vyprávění. Při tom si mohou uvědomovat, jak i ony Zacheovu roli znají. Podle toho, koho do obrázku dokreslí, se jich pak dál můžete ptát, jaké jejich jednání má pro ně díky tomu člověku cenu; popřípadě jaké jejich jednání má pro ně díky Ježíšovi cenu.</p>
