
{"id":2610,"date":"2025-07-31T17:37:37","date_gmt":"2025-07-31T15:37:37","guid":{"rendered":"https:\/\/deti.evangnet.cz\/katecheze\/?post_type=worksheet&#038;p=2610"},"modified":"2025-08-27T17:10:26","modified_gmt":"2025-08-27T15:10:26","slug":"29-uzdraveni-deseti-malomocnych","status":"publish","type":"worksheet","link":"https:\/\/deti.evangnet.cz\/katecheze\/pracovni-listy\/29-uzdraveni-deseti-malomocnych\/","title":{"rendered":"29 Uzdraven\u00ed deseti malomocn\u00fdch"},"content":{"rendered":"\n<p>Je asi lep\u0161\u00ed zpracov\u00e1vat obr\u00e1zek s&nbsp;d\u011btmi a\u017e po vypr\u00e1v\u011bn\u00ed. Pot\u00e9, co d\u011bti vep\u00ed\u0161ou do paprsk\u016f svoje d\u016fvody k&nbsp;vd\u011b\u010dnosti a spole\u010dn\u011b si je navz\u00e1jem p\u0159e\u010dtete, zeptejte se jich, zda je jim z\u0159ejm\u00e1 souvislost mezi jejich \u00fakolem a vypr\u00e1v\u011bn\u00edm; jak zachr\u00e1nila vd\u011b\u010dn\u00e1 v\u00edra uzdraven\u00e9ho Sama\u0159ana ( uzdraven\u00ed byli p\u0159ece v\u0161ichni ) a jak m\u016f\u017ee zachr\u00e1nit je v&nbsp;p\u0159\u00edpadech, za kter\u00e9 d\u011bkuj\u00ed.<\/p>\n","protected":false},"featured_media":2611,"template":"","_links":{"self":[{"href":"https:\/\/deti.evangnet.cz\/katecheze\/wp-json\/wp\/v2\/worksheet\/2610"}],"collection":[{"href":"https:\/\/deti.evangnet.cz\/katecheze\/wp-json\/wp\/v2\/worksheet"}],"about":[{"href":"https:\/\/deti.evangnet.cz\/katecheze\/wp-json\/wp\/v2\/types\/worksheet"}],"version-history":[{"count":2,"href":"https:\/\/deti.evangnet.cz\/katecheze\/wp-json\/wp\/v2\/worksheet\/2610\/revisions"}],"predecessor-version":[{"id":3457,"href":"https:\/\/deti.evangnet.cz\/katecheze\/wp-json\/wp\/v2\/worksheet\/2610\/revisions\/3457"}],"wp:featuredmedia":[{"embeddable":true,"href":"https:\/\/deti.evangnet.cz\/katecheze\/wp-json\/wp\/v2\/media\/2611"}],"wp:attachment":[{"href":"https:\/\/deti.evangnet.cz\/katecheze\/wp-json\/wp\/v2\/media?parent=2610"}],"curies":[{"name":"wp","href":"https:\/\/api.w.org\/{rel}","templated":true}]}}

29 Uzdravení deseti malomocných

<p>Je asi lepší zpracovávat obrázek s&nbsp;dětmi až po vyprávění. Poté, co děti vepíšou do paprsků svoje důvody k&nbsp;vděčnosti a společně si je navzájem přečtete, zeptejte se jich, zda je jim zřejmá souvislost mezi jejich úkolem a vyprávěním; jak zachránila vděčná víra uzdraveného Samařana ( uzdravení byli přece všichni ) a jak může zachránit je v&nbsp;případech, za které děkují.</p>
