
{"id":2588,"date":"2025-07-31T17:29:45","date_gmt":"2025-07-31T15:29:45","guid":{"rendered":"https:\/\/deti.evangnet.cz\/katecheze\/?post_type=worksheet&#038;p=2588"},"modified":"2025-08-27T17:13:32","modified_gmt":"2025-08-27T15:13:32","slug":"22-promeneni-na-hore","status":"publish","type":"worksheet","link":"https:\/\/deti.evangnet.cz\/katecheze\/pracovni-listy\/22-promeneni-na-hore\/","title":{"rendered":"22 Prom\u011bn\u011bn\u00ed na ho\u0159e"},"content":{"rendered":"\n<p>S&nbsp;obr\u00e1zkem, kter\u00fd si p\u0159edem p\u0159iprav\u00edte, m\u016f\u017eete tentokr\u00e1t ilustrovat svoje vypr\u00e1v\u011bn\u00ed: Nejd\u0159\u00edv uk\u00e1\u017eete jenom u\u010dedn\u00edky. Potom t\u0159i postavy, kter\u00e9 na ho\u0159e vid\u011bli ( M\u016f\u017eete nechat d\u011bti h\u00e1dat, kdo to asi je. ). Pak obr\u00e1zek p\u0159elo\u017e\u00edte tak, aby se mrak spojil a vyzvete d\u011bti, aby p\u0159e\u010detli vzkaz pro u\u010dedn\u00edky. T\u00edm se v\u00e1m dostane do obrazu i \u201ep\u0159edm\u011bt\u201c, p\u0159i n\u011bm\u017e se m\u00e1 ona poslu\u0161nost osv\u011bd\u010dit. Po vypr\u00e1v\u011bn\u00ed si d\u011bti sami vytvo\u0159\u00ed p\u0159eh\u00fdb\u00e1n\u00edm a omalov\u00e1n\u00edm vlastn\u00ed obr\u00e1zek, s&nbsp;kter\u00fdm se mohou vr\u00e1tit do bohoslu\u017eeb a pop\u0159\u00edpad\u011b s&nbsp;jeho pomoc\u00ed dosp\u011bl\u00fdm podobn\u011b p\u0159\u00edb\u011bh p\u0159evypr\u00e1v\u011bt.<\/p>\n","protected":false},"featured_media":2589,"template":"","_links":{"self":[{"href":"https:\/\/deti.evangnet.cz\/katecheze\/wp-json\/wp\/v2\/worksheet\/2588"}],"collection":[{"href":"https:\/\/deti.evangnet.cz\/katecheze\/wp-json\/wp\/v2\/worksheet"}],"about":[{"href":"https:\/\/deti.evangnet.cz\/katecheze\/wp-json\/wp\/v2\/types\/worksheet"}],"version-history":[{"count":2,"href":"https:\/\/deti.evangnet.cz\/katecheze\/wp-json\/wp\/v2\/worksheet\/2588\/revisions"}],"predecessor-version":[{"id":3464,"href":"https:\/\/deti.evangnet.cz\/katecheze\/wp-json\/wp\/v2\/worksheet\/2588\/revisions\/3464"}],"wp:featuredmedia":[{"embeddable":true,"href":"https:\/\/deti.evangnet.cz\/katecheze\/wp-json\/wp\/v2\/media\/2589"}],"wp:attachment":[{"href":"https:\/\/deti.evangnet.cz\/katecheze\/wp-json\/wp\/v2\/media?parent=2588"}],"curies":[{"name":"wp","href":"https:\/\/api.w.org\/{rel}","templated":true}]}}

22 Proměnění na hoře

<p>S&nbsp;obrázkem, který si předem připravíte, můžete tentokrát ilustrovat svoje vyprávění: Nejdřív ukážete jenom učedníky. Potom tři postavy, které na hoře viděli ( Můžete nechat děti hádat, kdo to asi je. ). Pak obrázek přeložíte tak, aby se mrak spojil a vyzvete děti, aby přečetli vzkaz pro učedníky. Tím se vám dostane do obrazu i „předmět“, při němž se má ona poslušnost osvědčit. Po vyprávění si děti sami vytvoří přehýbáním a omalováním vlastní obrázek, s&nbsp;kterým se mohou vrátit do bohoslužeb a popřípadě s&nbsp;jeho pomocí dospělým podobně příběh převyprávět.</p>
