
{"id":2584,"date":"2025-07-31T17:28:20","date_gmt":"2025-07-31T15:28:20","guid":{"rendered":"https:\/\/deti.evangnet.cz\/katecheze\/?post_type=worksheet&#038;p=2584"},"modified":"2025-08-27T17:14:03","modified_gmt":"2025-08-27T15:14:03","slug":"21-petrovo-vyznani","status":"publish","type":"worksheet","link":"https:\/\/deti.evangnet.cz\/katecheze\/pracovni-listy\/21-petrovo-vyznani\/","title":{"rendered":"21 Petrovo vyzn\u00e1n\u00ed"},"content":{"rendered":"\n<p>Pokud prac\u00ed na obr\u00e1zku za\u010dnete ( D\u011bti maj\u00ed vybrat \u2013 a mohou t\u0159eba vybarvit \u2013 na ka\u017ed\u00e9 polovin\u011b z&nbsp;navr\u017een\u00fdch odpov\u011bd\u00ed tu nebo ty, kter\u00e9 maj\u00ed za spr\u00e1vn\u00e9. ), vyj\u00e1d\u0159\u00ed d\u011bti sv\u016fj vlastn\u00ed pohled. Vypr\u00e1v\u011bn\u00ed potom m\u016f\u017eete uv\u00e9st v\u00fdzvou, aby poslouchaly, jestli se shoduj\u00ed s&nbsp;t\u00edm, jak vid\u00ed sv\u00e9 posl\u00e1n\u00ed Je\u017e\u00ed\u0161. Na z\u00e1v\u011br se jich na to m\u016f\u017eete zeptat.<br>Pokud d\u011btem zad\u00e1te \u00fakol z&nbsp;obr\u00e1zku po vypr\u00e1v\u011bn\u00ed, projev\u00ed se p\u0159i tom, co z&nbsp;va\u0161eho v\u00fdkladu vlastn\u011b sly\u0161ely. Tak budete m\u00edt mo\u017enost jej je\u0161t\u011b doplnit, zopakovat nebo up\u0159esnit. M\u016f\u017eete pak s&nbsp;d\u011btmi d\u00e1l vym\u00fd\u0161let, za koho by lid\u00e9 mohli Je\u017e\u00ed\u0161e je\u0161t\u011b pokl\u00e1dat a co s&nbsp;t\u00edm spojuj\u00ed.<\/p>\n","protected":false},"featured_media":2586,"template":"","_links":{"self":[{"href":"https:\/\/deti.evangnet.cz\/katecheze\/wp-json\/wp\/v2\/worksheet\/2584"}],"collection":[{"href":"https:\/\/deti.evangnet.cz\/katecheze\/wp-json\/wp\/v2\/worksheet"}],"about":[{"href":"https:\/\/deti.evangnet.cz\/katecheze\/wp-json\/wp\/v2\/types\/worksheet"}],"version-history":[{"count":2,"href":"https:\/\/deti.evangnet.cz\/katecheze\/wp-json\/wp\/v2\/worksheet\/2584\/revisions"}],"predecessor-version":[{"id":3465,"href":"https:\/\/deti.evangnet.cz\/katecheze\/wp-json\/wp\/v2\/worksheet\/2584\/revisions\/3465"}],"wp:featuredmedia":[{"embeddable":true,"href":"https:\/\/deti.evangnet.cz\/katecheze\/wp-json\/wp\/v2\/media\/2586"}],"wp:attachment":[{"href":"https:\/\/deti.evangnet.cz\/katecheze\/wp-json\/wp\/v2\/media?parent=2584"}],"curies":[{"name":"wp","href":"https:\/\/api.w.org\/{rel}","templated":true}]}}

21 Petrovo vyznání

<p>Pokud prací na obrázku začnete ( Děti mají vybrat – a mohou třeba vybarvit – na každé polovině z&nbsp;navržených odpovědí tu nebo ty, které mají za správné. ), vyjádří děti svůj vlastní pohled. Vyprávění potom můžete uvést výzvou, aby poslouchaly, jestli se shodují s&nbsp;tím, jak vidí své poslání Ježíš. Na závěr se jich na to můžete zeptat.<br>Pokud dětem zadáte úkol z&nbsp;obrázku po vyprávění, projeví se při tom, co z&nbsp;vašeho výkladu vlastně slyšely. Tak budete mít možnost jej ještě doplnit, zopakovat nebo upřesnit. Můžete pak s&nbsp;dětmi dál vymýšlet, za koho by lidé mohli Ježíše ještě pokládat a co s&nbsp;tím spojují.</p>
