
{"id":2577,"date":"2025-07-31T17:22:03","date_gmt":"2025-07-31T15:22:03","guid":{"rendered":"https:\/\/deti.evangnet.cz\/katecheze\/?post_type=worksheet&#038;p=2577"},"modified":"2025-08-27T17:26:42","modified_gmt":"2025-08-27T15:26:42","slug":"2-narozeni-jana-krtitele","status":"publish","type":"worksheet","link":"https:\/\/deti.evangnet.cz\/katecheze\/pracovni-listy\/2-narozeni-jana-krtitele\/","title":{"rendered":"2 Narozen\u00ed Jana K\u0159titele"},"content":{"rendered":"\n<p>\u00dakol z&nbsp;obr\u00e1zku m\u016f\u017ee slou\u017eit bu\u010f jako motiva\u010dn\u00ed uveden\u00ed do p\u0159\u00edb\u011bhu nebo k jeho aplika\u010dn\u00edmu dom\u00fd\u0161len\u00ed. V&nbsp;prvn\u00edm p\u0159\u00edpad\u011b nejd\u0159\u00edv vyzv\u011bte d\u011bti, aby nakreslily, co hezk\u00e9ho u\u017e ne\u010dekaly a ono se jim to p\u0159ece jen splnilo, a potom jim o takov\u00e9m ne\u010dekan\u00e9m hezk\u00e9m p\u0159ekvapen\u00ed, kter\u00e9 se t\u00fdk\u00e1 postav z&nbsp;obr\u00e1zku ( Gabriela,Zachari\u00e1\u0161e a Al\u017eb\u011bty ), vypr\u00e1v\u011bjte. V&nbsp;druh\u00e9m p\u0159\u00edpad\u011b se po v\u00fdkladu zeptejte, zda poznaj\u00ed, kdo na obr\u00e1zku je, a vyzv\u011bte je, aby si vzpomn\u011bly, zda se jim podobn\u011b n\u011bco ne\u010dekan\u00e9ho splnilo, a nakreslily to. Kresby si pak spole\u010dn\u011b prohl\u00e9dn\u011bte. Pokud d\u011bti nestihnou obr\u00e1zek dokreslit p\u0159i setk\u00e1n\u00ed, mohou si jej vz\u00edt dom\u016f a p\u0159in\u00e9st dokreslen\u00fd p\u0159\u00ed\u0161t\u011b. Rozhovorem o kresb\u00e1ch pak m\u016f\u017eete n\u00e1sleduj\u00edc\u00ed setk\u00e1n\u00ed za\u010d\u00edt, \u010d\u00edm\u017e si minulou l\u00e1tku p\u0159ipomenete a kontinu\u00e1ln\u011b na n\u00ed budete moci nav\u00e1zat.<\/p>\n","protected":false},"featured_media":2578,"template":"","_links":{"self":[{"href":"https:\/\/deti.evangnet.cz\/katecheze\/wp-json\/wp\/v2\/worksheet\/2577"}],"collection":[{"href":"https:\/\/deti.evangnet.cz\/katecheze\/wp-json\/wp\/v2\/worksheet"}],"about":[{"href":"https:\/\/deti.evangnet.cz\/katecheze\/wp-json\/wp\/v2\/types\/worksheet"}],"version-history":[{"count":2,"href":"https:\/\/deti.evangnet.cz\/katecheze\/wp-json\/wp\/v2\/worksheet\/2577\/revisions"}],"predecessor-version":[{"id":3483,"href":"https:\/\/deti.evangnet.cz\/katecheze\/wp-json\/wp\/v2\/worksheet\/2577\/revisions\/3483"}],"wp:featuredmedia":[{"embeddable":true,"href":"https:\/\/deti.evangnet.cz\/katecheze\/wp-json\/wp\/v2\/media\/2578"}],"wp:attachment":[{"href":"https:\/\/deti.evangnet.cz\/katecheze\/wp-json\/wp\/v2\/media?parent=2577"}],"curies":[{"name":"wp","href":"https:\/\/api.w.org\/{rel}","templated":true}]}}

2 Narození Jana Křtitele

<p>Úkol z&nbsp;obrázku může sloužit buď jako motivační uvedení do příběhu nebo k jeho aplikačnímu domýšlení. V&nbsp;prvním případě nejdřív vyzvěte děti, aby nakreslily, co hezkého už nečekaly a ono se jim to přece jen splnilo, a potom jim o takovém nečekaném hezkém překvapení, které se týká postav z&nbsp;obrázku ( Gabriela,Zachariáše a Alžběty ), vyprávějte. V&nbsp;druhém případě se po výkladu zeptejte, zda poznají, kdo na obrázku je, a vyzvěte je, aby si vzpomněly, zda se jim podobně něco nečekaného splnilo, a nakreslily to. Kresby si pak společně prohlédněte. Pokud děti nestihnou obrázek dokreslit při setkání, mohou si jej vzít domů a přinést dokreslený příště. Rozhovorem o kresbách pak můžete následující setkání začít, čímž si minulou látku připomenete a kontinuálně na ní budete moci navázat.</p>
