
{"id":2540,"date":"2025-07-31T16:24:37","date_gmt":"2025-07-31T14:24:37","guid":{"rendered":"https:\/\/deti.evangnet.cz\/katecheze\/?post_type=worksheet&#038;p=2540"},"modified":"2025-07-31T16:24:38","modified_gmt":"2025-07-31T14:24:38","slug":"1-prikazani-gedeon-2","status":"publish","type":"worksheet","link":"https:\/\/deti.evangnet.cz\/katecheze\/pracovni-listy\/1-prikazani-gedeon-2\/","title":{"rendered":"1. p\u0159ik\u00e1z\u00e1n\u00ed \u2013 Gedeon"},"content":{"rendered":"\n<p>Obr\u00e1zek m\u016f\u017ee slou\u017eit bu\u010f k\u00a0motiva\u010dn\u00edmu uveden\u00ed nebo k\u00a0aplikaci \u2013 tedy m\u016f\u017eete j\u00edm bu\u010f za\u010d\u00edt nebo k\u00a0n\u011bmu doj\u00edt. D\u011bti maj\u00ed do kmene nakreslit \u2013 mohou samoz\u0159ejm\u011b i napsat \u2013 na \u010dem b\u00fdvaj\u00ed lid\u00e9 z\u00e1visl\u00ed. Z\u00e1vislost m\u016f\u017ee b\u00fdt r\u016fzn\u00e1 \u2013 ze strachu, z\u00a0touhy, z\u00a0nedosp\u011blosti\u2026 Gede\u00f3n\u016fv p\u0159\u00edb\u011bh za\u010d\u00edn\u00e1 pr\u00e1v\u011b pora\u017een\u00edm toho, \u010deho se Izraelci b\u00e1li a uct\u00edvali to m\u00edsto Boha \u2013 modly, idolu \u2013 demaskov\u00e1n\u00edm jeho pr\u00e1zdnoty a bezmoci. K\u00a0tomu d\u00e1v\u00e1 prostor a s\u00edlu d\u016fv\u011bra v\u00a0Hospodina a t\u00edm tak\u00e9 z\u00e1rove\u0148 za\u010d\u00edn\u00e1 osvobozen\u00ed.<\/p>\n","protected":false},"featured_media":2541,"template":"","_links":{"self":[{"href":"https:\/\/deti.evangnet.cz\/katecheze\/wp-json\/wp\/v2\/worksheet\/2540"}],"collection":[{"href":"https:\/\/deti.evangnet.cz\/katecheze\/wp-json\/wp\/v2\/worksheet"}],"about":[{"href":"https:\/\/deti.evangnet.cz\/katecheze\/wp-json\/wp\/v2\/types\/worksheet"}],"version-history":[{"count":1,"href":"https:\/\/deti.evangnet.cz\/katecheze\/wp-json\/wp\/v2\/worksheet\/2540\/revisions"}],"predecessor-version":[{"id":2542,"href":"https:\/\/deti.evangnet.cz\/katecheze\/wp-json\/wp\/v2\/worksheet\/2540\/revisions\/2542"}],"wp:featuredmedia":[{"embeddable":true,"href":"https:\/\/deti.evangnet.cz\/katecheze\/wp-json\/wp\/v2\/media\/2541"}],"wp:attachment":[{"href":"https:\/\/deti.evangnet.cz\/katecheze\/wp-json\/wp\/v2\/media?parent=2540"}],"curies":[{"name":"wp","href":"https:\/\/api.w.org\/{rel}","templated":true}]}}

1. přikázání – Gedeon

<p>Obrázek může sloužit buď k motivačnímu uvedení nebo k aplikaci – tedy můžete jím buď začít nebo k němu dojít. Děti mají do kmene nakreslit – mohou samozřejmě i napsat – na čem bývají lidé závislí. Závislost může být různá – ze strachu, z touhy, z nedospělosti… Gedeónův příběh začíná právě poražením toho, čeho se Izraelci báli a uctívali to místo Boha – modly, idolu – demaskováním jeho prázdnoty a bezmoci. K tomu dává prostor a sílu důvěra v Hospodina a tím také zároveň začíná osvobození.</p>
