
{"id":2531,"date":"2025-07-31T16:21:42","date_gmt":"2025-07-31T14:21:42","guid":{"rendered":"https:\/\/deti.evangnet.cz\/katecheze\/?post_type=worksheet&#038;p=2531"},"modified":"2025-07-31T16:21:44","modified_gmt":"2025-07-31T14:21:44","slug":"gedeon-2","status":"publish","type":"worksheet","link":"https:\/\/deti.evangnet.cz\/katecheze\/pracovni-listy\/gedeon-2\/","title":{"rendered":"Gedeon"},"content":{"rendered":"\n<p>GEDEON<\/p>\n\n\n\n<p>Jozue zem\u0159el, zem\u0159en i v\u0161ichni, kte\u0159\u00ed vid\u011bli znamen\u00ed, kter\u00e1 u\u010dinil B\u016fh p\u0159i jejich cest\u011b z Egypta. Lidem se v zemi zasl\u00edben\u00e9 vedlo dob\u0159e a p\u0159itom zapomn\u011bli na P\u00e1na Boha.<\/p>\n\n\n\n<p>Na Izraelce vtrhlo vojsko madi\u00e1nsk\u00e9ho kr\u00e1le. Vojsko tr\u00e1pilo obyvatele. Kradlo Izraelc\u016fm \u00farodu a dobytek. Nastal hlad a velik\u00e1 b\u00edda. Nebylo z \u010deho p\u00e9ci chleba. Nebylo co d\u00e1t hladov\u00fdm d\u011btem. Teprve tetf se lid\u00e9 rozpomn\u011bli na P\u00e1na Boha: &#8218;B\u016fh n\u00e1s opustil!&#8216;<\/p>\n\n\n\n<p>Hospodin v\u0161ak vid\u011bl, jak rychle lid\u00e9 zapomn\u011bli na jeho skutky, v\u011bd\u011bl, jak rychle se p\u0159izp\u016fsobili okoln\u00edm n\u00e1rod\u016fm a klan\u011bli se modl\u00e1m. V\u011bd\u011bl i o velik\u00e9m utrpen\u00ed, kter\u00e9 lid\u00e9 mus\u00ed sn\u00e1\u0161et.<\/p>\n\n\n\n<p>Op\u011bt vtrhli Madi\u00e1nci do zem\u011b. Usadili se v \u00fadol\u00ed. Lid\u00e9 se d\u011bsili, schov\u00e1vali \u00farodu. Gedeon, kter\u00e9ho si Hospodin vybral, aby bojoval s Madi\u00e1nci, svolal v\u0161echny mu\u017ee.<\/p>\n\n\n\n<p>&#8222;Nenechte zni\u010dit zemi zasl\u00edbenou, poj\u010fme bojovat s Madi\u00e1nci. P\u00e1n B\u016fh d\u00e1, abychom zv\u00edt\u011bzili.&#8216; Mu\u017e\u016f p\u0159i\u0161lo velmi mnoho. Hospodin rozk\u00e1zal:<\/p>\n\n\n\n<p>&#8218;Gedeone, po\u0161li dom\u016f v\u0161echny, kte\u0159\u00ed se boj\u00ed bojovat. Kdyby v\u00e1s bylo mnoho, potom byste oslavovali, \u017ee va\u0161e s\u00edla v\u00e1s zachr\u00e1nila.&#8216;<\/p>\n\n\n\n<p>V\u00edc jak polovina mu\u017e\u016f ode\u0161la dom\u016f, ale P\u00e1n B\u016fh je\u0161t\u011b st\u00e1le nebyl spokojen:<\/p>\n\n\n\n<p>&#8222;Zave\u010f mu\u017ee k \u0159ece, a kter\u00e9ho ozna\u010d\u00edm, ten s tebou p\u016fjde.&#8220;<\/p>\n\n\n\n<p>Pak sestoupili k vod\u011b. Jedni hledali m\u00edsto, kde by pohodln\u011b klekli a pili, zat\u00edmco druz\u00ed pohotov\u011b lehli a pili a nezdr\u017eovali se pokleknut\u00edm.<\/p>\n\n\n\n<p>&#8222;Vyber sl ty, kte\u0159\u00ed jsou pohotov\u00ed, ty, kte\u0159\u00ed pili vodu hned.&#8220;<\/p>\n\n\n\n<p>T\u011bch pohotov\u00fdch bylo jenom t\u0159i sta, hrstka z t\u011bch, kte\u0159\u00ed cht\u011bli bojovat. Mu\u017ei s Gedeonem se ukryli nad t\u00e1borem Madi\u00e1nc\u016f. Gedeon ka\u017ed\u00e9mu bojovn\u00edku dal do rukou polnici, v\u00e1le\u010dnou trubku a pr\u00e1zdn\u00fd d\u017eb\u00e1n. Do d\u017eb\u00e1nu vlo\u017eil ho\u0159\u00edc\u00ed pochode\u0148. Rozd\u011blil mu\u017ee na t\u0159i skupiny a ty rozm\u00edstil po kopc\u00edch nad t\u00e1borem sp\u00edc\u00edch Madi\u00e1nc\u016f.<\/p>\n\n\n\n<p>&#8222;A\u017e d\u00e1m znamen\u00ed, rozbijte d\u017eb\u00e1n a trubte na polnice,&#8220; rozk\u00e1zal Gedeon.<\/p>\n\n\n\n<p>Kdy\u017e byla nejv\u011bt\u0161\u00ed tma a Madi\u00e1nci spali, Gedeon mocn\u011b zatroubil. V\u0161ichni Izraelci rozbili d\u017eb\u00e1ny a spustili k\u0159ik: &#8222;Za Hospodina a za Gedeona!&#8220;<\/p>\n\n\n\n<p>Rozespal\u00ed Madi\u00e1nci vyb\u00edhali zmaten\u011b ze stan\u016f, nev\u011bd\u011bli, co se vlastn\u011b d\u011bje. Byli obkl\u00ed\u010deni ohn\u011bm ho\u0159\u00edc\u00edch pochodn\u00ed a ve zmatku se pob\u00edjeli navz\u00e1jem. Prchali, aby zachr\u00e1nili sv\u00e9 \u017eivoty. Tak Izraelci zv\u00edt\u011bzili nad nep\u0159\u00e1teli. P\u00e1n B\u016fh st\u00e1l p\u0159i nich.<\/p>\n\n\n\n<p>Ver\u0161: I. \u017d 44,27 Na pomoc n\u00e1m povsta\u0148, vykup n\u00e1s pro svoje milosrdenstv\u00ed.<\/p>\n\n\n\n<p>II. 1S 17,47b Hospodin nezachra\u0148uje me\u010dem a kop\u00edm. V\u017edy\u0165 boj je Hospodin\u016fv.<\/p>\n\n\n\n<p>Nov\u00e1 slova: modla<\/p>\n\n\n\n<p>Rozhovor: je d\u016fle\u017eit\u00e9 b\u00fdt pohotov\u00fd, kdy\u017e je t\u0159eba Bohu slou\u017eit?<\/p>\n\n\n\n<ul>\n<li>jsme pohotov\u00ed, nebo sp\u00ed\u0161 v\u00e1hav\u00ed?<\/li>\n\n\n\n<li>kdy\u017e n\u00e1m bude dob\u0159e, nezapomeneme na P\u00e1na Boha?<\/li>\n<\/ul>\n\n\n\n<p>(Sd 7,1-22)<\/p>\n","protected":false},"featured_media":2532,"template":"","_links":{"self":[{"href":"https:\/\/deti.evangnet.cz\/katecheze\/wp-json\/wp\/v2\/worksheet\/2531"}],"collection":[{"href":"https:\/\/deti.evangnet.cz\/katecheze\/wp-json\/wp\/v2\/worksheet"}],"about":[{"href":"https:\/\/deti.evangnet.cz\/katecheze\/wp-json\/wp\/v2\/types\/worksheet"}],"version-history":[{"count":1,"href":"https:\/\/deti.evangnet.cz\/katecheze\/wp-json\/wp\/v2\/worksheet\/2531\/revisions"}],"predecessor-version":[{"id":2533,"href":"https:\/\/deti.evangnet.cz\/katecheze\/wp-json\/wp\/v2\/worksheet\/2531\/revisions\/2533"}],"wp:featuredmedia":[{"embeddable":true,"href":"https:\/\/deti.evangnet.cz\/katecheze\/wp-json\/wp\/v2\/media\/2532"}],"wp:attachment":[{"href":"https:\/\/deti.evangnet.cz\/katecheze\/wp-json\/wp\/v2\/media?parent=2531"}],"curies":[{"name":"wp","href":"https:\/\/api.w.org\/{rel}","templated":true}]}}

<p>GEDEON</p>



<p>Jozue zemřel, zemřen i všichni, kteří viděli znamení, která učinil Bůh při jejich cestě z Egypta. Lidem se v zemi zaslíbené vedlo dobře a přitom zapomněli na Pána Boha.</p>



<p>Na Izraelce vtrhlo vojsko madiánského krále. Vojsko trápilo obyvatele. Kradlo Izraelcům úrodu a dobytek. Nastal hlad a veliká bída. Nebylo z čeho péci chleba. Nebylo co dát hladovým dětem. Teprve tetf se lidé rozpomněli na Pána Boha: &#8218;Bůh nás opustil!&#8216;</p>



<p>Hospodin však viděl, jak rychle lidé zapomněli na jeho skutky, věděl, jak rychle se přizpůsobili okolním národům a klaněli se modlám. Věděl i o velikém utrpení, které lidé musí snášet.</p>



<p>Opět vtrhli Madiánci do země. Usadili se v údolí. Lidé se děsili, schovávali úrodu. Gedeon, kterého si Hospodin vybral, aby bojoval s Madiánci, svolal všechny muže.</p>



<p>&#8222;Nenechte zničit zemi zaslíbenou, pojďme bojovat s Madiánci. Pán Bůh dá, abychom zvítězili.&#8216; Mužů přišlo velmi mnoho. Hospodin rozkázal:</p>



<p>&#8218;Gedeone, pošli domů všechny, kteří se bojí bojovat. Kdyby vás bylo mnoho, potom byste oslavovali, že vaše síla vás zachránila.&#8216;</p>



<p>Víc jak polovina mužů odešla domů, ale Pán Bůh ještě stále nebyl spokojen:</p>



<p>&#8222;Zaveď muže k řece, a kterého označím, ten s tebou půjde.&#8220;</p>



<p>Pak sestoupili k vodě. Jedni hledali místo, kde by pohodlně klekli a pili, zatímco druzí pohotově lehli a pili a nezdržovali se pokleknutím.</p>



<p>&#8222;Vyber sl ty, kteří jsou pohotoví, ty, kteří pili vodu hned.&#8220;</p>



<p>Těch pohotových bylo jenom tři sta, hrstka z těch, kteří chtěli bojovat. Muži s Gedeonem se ukryli nad táborem Madiánců. Gedeon každému bojovníku dal do rukou polnici, válečnou trubku a prázdný džbán. Do džbánu vložil hořící pochodeň. Rozdělil muže na tři skupiny a ty rozmístil po kopcích nad táborem spících Madiánců.</p>



<p>&#8222;Až dám znamení, rozbijte džbán a trubte na polnice,&#8220; rozkázal Gedeon.</p>



<p>Když byla největší tma a Madiánci spali, Gedeon mocně zatroubil. Všichni Izraelci rozbili džbány a spustili křik: &#8222;Za Hospodina a za Gedeona!&#8220;</p>



<p>Rozespalí Madiánci vybíhali zmateně ze stanů, nevěděli, co se vlastně děje. Byli obklíčeni ohněm hořících pochodní a ve zmatku se pobíjeli navzájem. Prchali, aby zachránili své životy. Tak Izraelci zvítězili nad nepřáteli. Pán Bůh stál při nich.</p>



<p>Verš: I. Ž 44,27 Na pomoc nám povstaň, vykup nás pro svoje milosrdenství.</p>



<p>II. 1S 17,47b Hospodin nezachraňuje mečem a kopím. Vždyť boj je Hospodinův.</p>



<p>Nová slova: modla</p>



<p>Rozhovor: je důležité být pohotový, když je třeba Bohu sloužit?</p>



<ul>
<li>jsme pohotoví, nebo spíš váhaví?</li>



<li>když nám bude dobře, nezapomeneme na Pána Boha?</li>
</ul>



<p>(Sd 7,1-22)</p>
