
{"id":2525,"date":"2025-07-31T16:19:22","date_gmt":"2025-07-31T14:19:22","guid":{"rendered":"https:\/\/deti.evangnet.cz\/katecheze\/?post_type=worksheet&#038;p=2525"},"modified":"2025-07-31T16:19:24","modified_gmt":"2025-07-31T14:19:24","slug":"pocatek-doby-soudcu-2","status":"publish","type":"worksheet","link":"https:\/\/deti.evangnet.cz\/katecheze\/pracovni-listy\/pocatek-doby-soudcu-2\/","title":{"rendered":"Po\u010d\u00e1tek doby soudc\u016f"},"content":{"rendered":"\n<p>Nakreslen\u00ed \u00fakolu z\u00a0obr\u00e1zku a rozhovor o n\u011bm m\u016f\u017ee slou\u017eit jako motiva\u010dn\u00ed uveden\u00ed do p\u0159\u00edb\u011bhu nebo jako jeho dota\u017een\u00ed, p\u0159i kter\u00e9m si d\u011bti uv\u011bdom\u00ed jeho souvislost s\u00a0jejich situac\u00ed.<\/p>\n","protected":false},"featured_media":2526,"template":"","_links":{"self":[{"href":"https:\/\/deti.evangnet.cz\/katecheze\/wp-json\/wp\/v2\/worksheet\/2525"}],"collection":[{"href":"https:\/\/deti.evangnet.cz\/katecheze\/wp-json\/wp\/v2\/worksheet"}],"about":[{"href":"https:\/\/deti.evangnet.cz\/katecheze\/wp-json\/wp\/v2\/types\/worksheet"}],"version-history":[{"count":1,"href":"https:\/\/deti.evangnet.cz\/katecheze\/wp-json\/wp\/v2\/worksheet\/2525\/revisions"}],"predecessor-version":[{"id":2527,"href":"https:\/\/deti.evangnet.cz\/katecheze\/wp-json\/wp\/v2\/worksheet\/2525\/revisions\/2527"}],"wp:featuredmedia":[{"embeddable":true,"href":"https:\/\/deti.evangnet.cz\/katecheze\/wp-json\/wp\/v2\/media\/2526"}],"wp:attachment":[{"href":"https:\/\/deti.evangnet.cz\/katecheze\/wp-json\/wp\/v2\/media?parent=2525"}],"curies":[{"name":"wp","href":"https:\/\/api.w.org\/{rel}","templated":true}]}}

Počátek doby soudců

<p>Nakreslení úkolu z obrázku a rozhovor o něm může sloužit jako motivační uvedení do příběhu nebo jako jeho dotažení, při kterém si děti uvědomí jeho souvislost s jejich situací.</p>
