
{"id":2476,"date":"2025-07-31T15:54:26","date_gmt":"2025-07-31T13:54:26","guid":{"rendered":"https:\/\/deti.evangnet.cz\/katecheze\/?post_type=worksheet&#038;p=2476"},"modified":"2025-07-31T15:54:28","modified_gmt":"2025-07-31T13:54:28","slug":"na-ceste-pousti-2","status":"publish","type":"worksheet","link":"https:\/\/deti.evangnet.cz\/katecheze\/pracovni-listy\/na-ceste-pousti-2\/","title":{"rendered":"Na cest\u011b pou\u0161t\u00ed"},"content":{"rendered":"\n<p>Z\u00e1kladn\u00ed ot\u00e1zku z\u00a0obr\u00e1zku \u201eCo k\u00a0\u017eivotu pot\u0159ebujeme?\u201c lze pou\u017e\u00edt k\u00a0\u00favodn\u00edmu motiva\u010dn\u00edmu rozhovoru. V\u00a0n\u011bm se d\u00e1l ptejte, kde to vezmeme, co pro to mus\u00edme ud\u011blat a pro\u010d za to, co k\u00a0\u017eivotu m\u00e1me d\u011bkujeme.<br>Ve vypr\u00e1v\u011bn\u00ed pak m\u016f\u017eete zd\u016fraznit motiv starosti o \u017eivobyt\u00ed bez d\u016fv\u011bry a s\u00a0d\u016fv\u011brou a jej\u00edch d\u016fsledk\u016f.<br>Na z\u00e1v\u011br d\u011bti obr\u00e1zek dokresl\u00ed a mohou si zazp\u00edvat p\u00edsni\u010dku \u201e\u010ceho t\u0159eba B\u016fh n\u00e1m d\u00e1\u201c.<\/p>\n","protected":false},"featured_media":2477,"template":"","_links":{"self":[{"href":"https:\/\/deti.evangnet.cz\/katecheze\/wp-json\/wp\/v2\/worksheet\/2476"}],"collection":[{"href":"https:\/\/deti.evangnet.cz\/katecheze\/wp-json\/wp\/v2\/worksheet"}],"about":[{"href":"https:\/\/deti.evangnet.cz\/katecheze\/wp-json\/wp\/v2\/types\/worksheet"}],"version-history":[{"count":1,"href":"https:\/\/deti.evangnet.cz\/katecheze\/wp-json\/wp\/v2\/worksheet\/2476\/revisions"}],"predecessor-version":[{"id":2478,"href":"https:\/\/deti.evangnet.cz\/katecheze\/wp-json\/wp\/v2\/worksheet\/2476\/revisions\/2478"}],"wp:featuredmedia":[{"embeddable":true,"href":"https:\/\/deti.evangnet.cz\/katecheze\/wp-json\/wp\/v2\/media\/2477"}],"wp:attachment":[{"href":"https:\/\/deti.evangnet.cz\/katecheze\/wp-json\/wp\/v2\/media?parent=2476"}],"curies":[{"name":"wp","href":"https:\/\/api.w.org\/{rel}","templated":true}]}}

Na cestě pouští

<p>Základní otázku z obrázku „Co k životu potřebujeme?“ lze použít k úvodnímu motivačnímu rozhovoru. V něm se dál ptejte, kde to vezmeme, co pro to musíme udělat a proč za to, co k životu máme děkujeme.<br>Ve vyprávění pak můžete zdůraznit motiv starosti o živobytí bez důvěry a s důvěrou a jejích důsledků.<br>Na závěr děti obrázek dokreslí a mohou si zazpívat písničku „Čeho třeba Bůh nám dá“.</p>
