
{"id":2384,"date":"2025-07-31T14:15:29","date_gmt":"2025-07-31T12:15:29","guid":{"rendered":"https:\/\/deti.evangnet.cz\/katecheze\/?post_type=worksheet&#038;p=2384"},"modified":"2025-08-27T17:27:12","modified_gmt":"2025-08-27T15:27:12","slug":"1-vzneseny-teofile","status":"publish","type":"worksheet","link":"https:\/\/deti.evangnet.cz\/katecheze\/pracovni-listy\/1-vzneseny-teofile\/","title":{"rendered":"1 Vzne\u0161en\u00fd Teofile"},"content":{"rendered":"\n<p>Obr\u00e1zek m\u016f\u017eete pou\u017e\u00edt ( zvl\u00e1\u0161\u0165 u mal\u00fdch d\u011bt\u00ed ) k&nbsp;samotn\u00e9mu vypr\u00e1v\u011bn\u00ed. Ptejte se, koho na obr\u00e1zku vid\u00ed a co asi d\u011bl\u00e1; pro\u010d se jeden mu\u017e div\u00ed a co asi druh\u00fd p\u00ed\u0161e; zda poznaj\u00ed, kdo je na rozst\u0159\u00edhan\u00e9m obr\u00e1zku. P\u0159i vysv\u011btlov\u00e1n\u00ed, kdo je kdo a co d\u011bl\u00e1, d\u011btem \u00falohu u\u017e vlastn\u011b vypr\u00e1v\u00edte. Na z\u00e1v\u011br si mohou na Luk\u00e1\u0161e zahr\u00e1t a ze \u201est\u0159\u00edpk\u016f\u201c obraz Je\u017e\u00ed\u0161e slo\u017eit tak, aby byl \u010diteln\u00fd.<br>Obr\u00e1zek lze pou\u017e\u00edt i po v\u00fdkladu, kdy ho d\u011btem tak\u00e9 nech\u00e1te nejd\u0159\u00edv okomentovat, p\u0159i\u010dem\u017e si v\u00fdklad spont\u00e1nn\u011b zopakuj\u00ed a potom si \u201est\u0159\u00edpky\u201c vystihnou, spr\u00e1vn\u011b slo\u017e\u00ed a nalep\u00ed na voln\u00fd pap\u00edr.<br>Pokud se d\u011bti vrac\u00ed do shrom\u00e1\u017ed\u011bn\u00ed a chcete ned\u011bln\u00ed \u0161kolu propojit s&nbsp;bohoslu\u017ebou dosp\u011bl\u00fdch, zv\u011bt\u0161ete \u201est\u0159\u00edpky\u201c a nalepte na kart\u00f3n. Ka\u017ed\u00e9 d\u00edt\u011b p\u0159inese do shrom\u00e1\u017ed\u011bn\u00ed jeden, uk\u00e1\u017eou je dosp\u011bl\u00fdm a daj\u00ed jim h\u00e1dat, kdo na rozst\u0159\u00edhan\u00e9m obr\u00e1zku je. Potom jej sestav\u00ed ( bu\u010f je dr\u017e\u00ed, nebo obr\u00e1zek sestavuj\u00ed na tabuli \u2013 upev\u0148uj\u00ed magnety, p\u0159i\u0161pendl\u00ed, pou\u017eij\u00ed techniku flanelografu ) a \u0159eknou, kdo tak asi obr\u00e1zek Je\u017e\u00ed\u0161e skl\u00e1dal a pro koho<\/p>\n","protected":false},"featured_media":2386,"template":"","_links":{"self":[{"href":"https:\/\/deti.evangnet.cz\/katecheze\/wp-json\/wp\/v2\/worksheet\/2384"}],"collection":[{"href":"https:\/\/deti.evangnet.cz\/katecheze\/wp-json\/wp\/v2\/worksheet"}],"about":[{"href":"https:\/\/deti.evangnet.cz\/katecheze\/wp-json\/wp\/v2\/types\/worksheet"}],"version-history":[{"count":2,"href":"https:\/\/deti.evangnet.cz\/katecheze\/wp-json\/wp\/v2\/worksheet\/2384\/revisions"}],"predecessor-version":[{"id":3484,"href":"https:\/\/deti.evangnet.cz\/katecheze\/wp-json\/wp\/v2\/worksheet\/2384\/revisions\/3484"}],"wp:featuredmedia":[{"embeddable":true,"href":"https:\/\/deti.evangnet.cz\/katecheze\/wp-json\/wp\/v2\/media\/2386"}],"wp:attachment":[{"href":"https:\/\/deti.evangnet.cz\/katecheze\/wp-json\/wp\/v2\/media?parent=2384"}],"curies":[{"name":"wp","href":"https:\/\/api.w.org\/{rel}","templated":true}]}}

1 Vznešený Teofile

<p>Obrázek můžete použít ( zvlášť u malých dětí ) k&nbsp;samotnému vyprávění. Ptejte se, koho na obrázku vidí a co asi dělá; proč se jeden muž diví a co asi druhý píše; zda poznají, kdo je na rozstříhaném obrázku. Při vysvětlování, kdo je kdo a co dělá, dětem úlohu už vlastně vyprávíte. Na závěr si mohou na Lukáše zahrát a ze „střípků“ obraz Ježíše složit tak, aby byl čitelný.<br>Obrázek lze použít i po výkladu, kdy ho dětem také necháte nejdřív okomentovat, přičemž si výklad spontánně zopakují a potom si „střípky“ vystihnou, správně složí a nalepí na volný papír.<br>Pokud se děti vrací do shromáždění a chcete nedělní školu propojit s&nbsp;bohoslužbou dospělých, zvětšete „střípky“ a nalepte na kartón. Každé dítě přinese do shromáždění jeden, ukážou je dospělým a dají jim hádat, kdo na rozstříhaném obrázku je. Potom jej sestaví ( buď je drží, nebo obrázek sestavují na tabuli – upevňují magnety, přišpendlí, použijí techniku flanelografu ) a řeknou, kdo tak asi obrázek Ježíše skládal a pro koho</p>
