
{"id":2257,"date":"2025-07-27T13:30:32","date_gmt":"2025-07-27T11:30:32","guid":{"rendered":"https:\/\/deti.evangnet.cz\/katecheze\/?post_type=worksheet&#038;p=2257"},"modified":"2025-07-27T13:30:34","modified_gmt":"2025-07-27T11:30:34","slug":"v1-proroctvi-o-mesiasi-2","status":"publish","type":"worksheet","link":"https:\/\/deti.evangnet.cz\/katecheze\/pracovni-listy\/v1-proroctvi-o-mesiasi-2\/","title":{"rendered":"V1 Proroctv\u00ed o Mesi\u00e1\u0161i"},"content":{"rendered":"\n<p>Nejd\u0159\u00edv d\u011bti vyzv\u011bte, aby se pokusily podle sv\u00e9ho doplnit text star\u00e9ho proroctv\u00ed. P\u0159e\u010dt\u011bte si, co doplnily a ptejte se jich, pro\u010d \u2013 co je p\u0159i tom vedlo, co t\u00edm cht\u011bly vyj\u00e1d\u0159it. Potom si p\u0159e\u010dt\u011bte tento text z\u00a0Izaj\u00e1\u0161e a porovnejte ho s\u00a0t\u00edm, co vytvo\u0159ily d\u011bti. Ptejte se, co on cht\u011bl asi vyj\u00e1d\u0159it. Pak se teprve \u201evra\u0165te\u201c k\u00a0tomu, od \u010deho-koho tento rajsk\u00fd stav prorok o\u010dek\u00e1v\u00e1: Co znamen\u00e1 pa\u0159ez? Co se od n\u011bj d\u00e1 o\u010dek\u00e1vat? Zda je ten v\u00fdhonek n\u011b\u010d\u00edm samoz\u0159ejm\u00fdm? Vyzv\u011bte d\u011bti, aby si samy v\u00a0bibli na\u0161la a do list\u016f v\u00fdhonku vepsaly, co jej charakterizuje. M\u016f\u017eete pracovat p\u0159\u00edmo s\u00a0bibl\u00ed, nebo jim m\u016f\u017eete biblick\u00fd text vytisnout a nakop\u00edrovat.<\/p>\n","protected":false},"featured_media":2258,"template":"","_links":{"self":[{"href":"https:\/\/deti.evangnet.cz\/katecheze\/wp-json\/wp\/v2\/worksheet\/2257"}],"collection":[{"href":"https:\/\/deti.evangnet.cz\/katecheze\/wp-json\/wp\/v2\/worksheet"}],"about":[{"href":"https:\/\/deti.evangnet.cz\/katecheze\/wp-json\/wp\/v2\/types\/worksheet"}],"version-history":[{"count":1,"href":"https:\/\/deti.evangnet.cz\/katecheze\/wp-json\/wp\/v2\/worksheet\/2257\/revisions"}],"predecessor-version":[{"id":2259,"href":"https:\/\/deti.evangnet.cz\/katecheze\/wp-json\/wp\/v2\/worksheet\/2257\/revisions\/2259"}],"wp:featuredmedia":[{"embeddable":true,"href":"https:\/\/deti.evangnet.cz\/katecheze\/wp-json\/wp\/v2\/media\/2258"}],"wp:attachment":[{"href":"https:\/\/deti.evangnet.cz\/katecheze\/wp-json\/wp\/v2\/media?parent=2257"}],"curies":[{"name":"wp","href":"https:\/\/api.w.org\/{rel}","templated":true}]}}

V1 Proroctví o Mesiáši

<p>Nejdřív děti vyzvěte, aby se pokusily podle svého doplnit text starého proroctví. Přečtěte si, co doplnily a ptejte se jich, proč – co je při tom vedlo, co tím chtěly vyjádřit. Potom si přečtěte tento text z Izajáše a porovnejte ho s tím, co vytvořily děti. Ptejte se, co on chtěl asi vyjádřit. Pak se teprve „vraťte“ k tomu, od čeho-koho tento rajský stav prorok očekává: Co znamená pařez? Co se od něj dá očekávat? Zda je ten výhonek něčím samozřejmým? Vyzvěte děti, aby si samy v bibli našla a do listů výhonku vepsaly, co jej charakterizuje. Můžete pracovat přímo s biblí, nebo jim můžete biblický text vytisnout a nakopírovat.</p>
