
{"id":2254,"date":"2025-07-27T13:29:06","date_gmt":"2025-07-27T11:29:06","guid":{"rendered":"https:\/\/deti.evangnet.cz\/katecheze\/?post_type=worksheet&#038;p=2254"},"modified":"2025-07-27T13:29:08","modified_gmt":"2025-07-27T11:29:08","slug":"v1-proroctvi-o-mesiasi","status":"publish","type":"worksheet","link":"https:\/\/deti.evangnet.cz\/katecheze\/pracovni-listy\/v1-proroctvi-o-mesiasi\/","title":{"rendered":"V1 Proroctv\u00ed o Mesi\u00e1\u0161i"},"content":{"rendered":"\n<p>Domalov\u00e1n\u00edm obr\u00e1zku za\u010dn\u011bte. A\u017e budou m\u00edt d\u011bti svoje p\u0159edstavy zachr\u00e1nce hotov\u00e9, m\u016f\u017eete jim vypr\u00e1v\u011bt, jak ho vid\u011bl prorok. Vypr\u00e1v\u011bn\u00ed vy\u00fast\u00ed do porovn\u00e1v\u00e1n\u00ed na\u0161ich p\u0159edstav s&nbsp;tou prorockou: V&nbsp;\u010dem se li\u0161\u00ed? V&nbsp;\u010dem se shoduj\u00ed? Je prorock\u00e1 vize stejn\u00e1 jako na\u0161e p\u0159\u00e1n\u00ed? A nebude to s&nbsp;v\u00e1nocemi podobn\u011b? Srovn\u00e1n\u00ed m\u016f\u017eete zviditelnit: P\u0159ipravte si jeden obr\u00e1zek, u kter\u00e9ho odst\u0159ihnete zad\u00e1n\u00ed \u00fakolu a na spodn\u00ed prav\u00fd roh dop\u00ed\u0161ete \u201eIzaj\u00e1\u0161 11\u201c a prorockou vizi nakresl\u00edte do dalekohledu. Ten um\u00edst\u011bte doprost\u0159ed n\u00e1st\u011bnky a okolo n\u011bho p\u0159ipevn\u011bte dotvo\u0159en\u00e9 obr\u00e1zky d\u011bt\u00ed.<\/p>\n","protected":false},"featured_media":2255,"template":"","_links":{"self":[{"href":"https:\/\/deti.evangnet.cz\/katecheze\/wp-json\/wp\/v2\/worksheet\/2254"}],"collection":[{"href":"https:\/\/deti.evangnet.cz\/katecheze\/wp-json\/wp\/v2\/worksheet"}],"about":[{"href":"https:\/\/deti.evangnet.cz\/katecheze\/wp-json\/wp\/v2\/types\/worksheet"}],"version-history":[{"count":1,"href":"https:\/\/deti.evangnet.cz\/katecheze\/wp-json\/wp\/v2\/worksheet\/2254\/revisions"}],"predecessor-version":[{"id":2256,"href":"https:\/\/deti.evangnet.cz\/katecheze\/wp-json\/wp\/v2\/worksheet\/2254\/revisions\/2256"}],"wp:featuredmedia":[{"embeddable":true,"href":"https:\/\/deti.evangnet.cz\/katecheze\/wp-json\/wp\/v2\/media\/2255"}],"wp:attachment":[{"href":"https:\/\/deti.evangnet.cz\/katecheze\/wp-json\/wp\/v2\/media?parent=2254"}],"curies":[{"name":"wp","href":"https:\/\/api.w.org\/{rel}","templated":true}]}}

V1 Proroctví o Mesiáši

<p>Domalováním obrázku začněte. Až budou mít děti svoje představy zachránce hotové, můžete jim vyprávět, jak ho viděl prorok. Vyprávění vyústí do porovnávání našich představ s&nbsp;tou prorockou: V&nbsp;čem se liší? V&nbsp;čem se shodují? Je prorocká vize stejná jako naše přání? A nebude to s&nbsp;vánocemi podobně? Srovnání můžete zviditelnit: Připravte si jeden obrázek, u kterého odstřihnete zadání úkolu a na spodní pravý roh dopíšete „Izajáš 11“ a prorockou vizi nakreslíte do dalekohledu. Ten umístěte doprostřed nástěnky a okolo něho připevněte dotvořené obrázky dětí.</p>
