
{"id":2248,"date":"2025-07-27T13:24:28","date_gmt":"2025-07-27T11:24:28","guid":{"rendered":"https:\/\/deti.evangnet.cz\/katecheze\/?post_type=worksheet&#038;p=2248"},"modified":"2025-07-27T13:24:31","modified_gmt":"2025-07-27T11:24:31","slug":"svd-seslani-ducha-svateho-2","status":"publish","type":"worksheet","link":"https:\/\/deti.evangnet.cz\/katecheze\/pracovni-listy\/svd-seslani-ducha-svateho-2\/","title":{"rendered":"Svd Sesl\u00e1n\u00ed Ducha svat\u00e9ho"},"content":{"rendered":"\n<p>\u00dakolem z&nbsp;pracovn\u00edho listu lze tentokr\u00e1t sch\u016fzku za\u010d\u00edt. Pop\u0159\u00edpad\u011b si m\u016f\u017eete zv\u011bt\u0161it holubici ze st\u0159edu obr\u00e1zku (nebo p\u0159in\u00e9st jej\u00ed jin\u00fd obr\u00e1zek) a pt\u00e1t se d\u011bt\u00ed, zda v\u011bd\u00ed, co ve v\u00ed\u0159e p\u0159edstavuje a zda by si vzpomn\u011bly na n\u011bjak\u00e9 biblick\u00e9 p\u0159\u00edb\u011bhy, kde se vyskytuje. Pak d\u011btem zadejte, aby z&nbsp;velk\u00e9ho kruhu vybraly, co by s&nbsp;Duchem svat\u00fdm nejsp\u00ed\u0161 spojovaly. Mohou to barevn\u011b zakrou\u017ekovat, mohou to spojit linkou s&nbsp;holubic\u00ed ve st\u0159edu kruhu. P\u0159e\u010dt\u011bte si, co kter\u00e9 d\u00edt\u011b vybralo, a ptejte se ostatn\u00edch, zda s&nbsp;t\u00edm souhlas\u00ed nebo zda maj\u00ed jin\u00fd n\u00e1zor a pro\u010d. Sna\u017ete se vyvolat diskuzi. Sami m\u016f\u017eete vyslovit svoje otazn\u00edky nad v\u00fdb\u011brem, ale bra\u0148te se obecn\u011b rozhodovat, co je spr\u00e1vn\u00e9 a co ne. To spole\u010dn\u011b hledejte: p\u0159e\u010dt\u011bte si 2. kapitolu Skutk\u016f a vyzv\u011bte d\u011bti, aby si jinou barvou zakrou\u017ekovaly z&nbsp;kruhu to, co se podle nich v&nbsp;biblick\u00e9m vypr\u00e1v\u011bn\u00ed o daru Ducha svat\u00e9ho objevilo (z\u00e1jem o druh\u00e9 \u2013 u\u010dedn\u00edci vy\u0161li z&nbsp;uzav\u0159en\u00e9ho spole\u010denstv\u00ed, neboj\u00e1cnost, otev\u0159enost k&nbsp;cizinc\u016fm, k\u00e1z\u00e1n\u00ed, k\u0159est, v\u00fdtr\u017enost, porozum\u011bn\u00ed\u2026). Ptejte se d\u011bt\u00ed, zda se s&nbsp;t\u00edm jejich v\u00fdb\u011br shoduje, v&nbsp;\u010dem se li\u0161\u00ed atd. Nakonec si m\u016f\u017eete zazp\u00edvat text p\u00edsni\u010dky (melodie \u2013 Sv\u00edt\u00e1 39).<\/p>\n","protected":false},"featured_media":2249,"template":"","_links":{"self":[{"href":"https:\/\/deti.evangnet.cz\/katecheze\/wp-json\/wp\/v2\/worksheet\/2248"}],"collection":[{"href":"https:\/\/deti.evangnet.cz\/katecheze\/wp-json\/wp\/v2\/worksheet"}],"about":[{"href":"https:\/\/deti.evangnet.cz\/katecheze\/wp-json\/wp\/v2\/types\/worksheet"}],"version-history":[{"count":1,"href":"https:\/\/deti.evangnet.cz\/katecheze\/wp-json\/wp\/v2\/worksheet\/2248\/revisions"}],"predecessor-version":[{"id":2250,"href":"https:\/\/deti.evangnet.cz\/katecheze\/wp-json\/wp\/v2\/worksheet\/2248\/revisions\/2250"}],"wp:featuredmedia":[{"embeddable":true,"href":"https:\/\/deti.evangnet.cz\/katecheze\/wp-json\/wp\/v2\/media\/2249"}],"wp:attachment":[{"href":"https:\/\/deti.evangnet.cz\/katecheze\/wp-json\/wp\/v2\/media?parent=2248"}],"curies":[{"name":"wp","href":"https:\/\/api.w.org\/{rel}","templated":true}]}}

Svd Seslání Ducha svatého

<p>Úkolem z&nbsp;pracovního listu lze tentokrát schůzku začít. Popřípadě si můžete zvětšit holubici ze středu obrázku (nebo přinést její jiný obrázek) a ptát se dětí, zda vědí, co ve víře představuje a zda by si vzpomněly na nějaké biblické příběhy, kde se vyskytuje. Pak dětem zadejte, aby z&nbsp;velkého kruhu vybraly, co by s&nbsp;Duchem svatým nejspíš spojovaly. Mohou to barevně zakroužkovat, mohou to spojit linkou s&nbsp;holubicí ve středu kruhu. Přečtěte si, co které dítě vybralo, a ptejte se ostatních, zda s&nbsp;tím souhlasí nebo zda mají jiný názor a proč. Snažte se vyvolat diskuzi. Sami můžete vyslovit svoje otazníky nad výběrem, ale braňte se obecně rozhodovat, co je správné a co ne. To společně hledejte: přečtěte si 2. kapitolu Skutků a vyzvěte děti, aby si jinou barvou zakroužkovaly z&nbsp;kruhu to, co se podle nich v&nbsp;biblickém vyprávění o daru Ducha svatého objevilo (zájem o druhé – učedníci vyšli z&nbsp;uzavřeného společenství, nebojácnost, otevřenost k&nbsp;cizincům, kázání, křest, výtržnost, porozumění…). Ptejte se dětí, zda se s&nbsp;tím jejich výběr shoduje, v&nbsp;čem se liší atd. Nakonec si můžete zazpívat text písničky (melodie – Svítá 39).</p>
