
{"id":2228,"date":"2025-07-27T13:13:15","date_gmt":"2025-07-27T11:13:15","guid":{"rendered":"https:\/\/deti.evangnet.cz\/katecheze\/?post_type=worksheet&#038;p=2228"},"modified":"2025-07-27T13:13:16","modified_gmt":"2025-07-27T11:13:16","slug":"40-vypravene-o-jonasovi","status":"publish","type":"worksheet","link":"https:\/\/deti.evangnet.cz\/katecheze\/pracovni-listy\/40-vypravene-o-jonasovi\/","title":{"rendered":"40 Vypr\u00e1v\u011bn\u00e9 o Jon\u00e1\u0161ovi"},"content":{"rendered":"\n<p>Na za\u010d\u00e1tku mohou d\u011bti do ryby na obr\u00e1zku nakreslit nebo napsat, kdy jim z&nbsp;toho, co si sami zavinili, n\u011bkdo pomohl. Ptejte se jich potom, k&nbsp;\u010demu m\u016f\u017ee b\u00fdt dobr\u00e9 si na takov\u00fd z\u00e1\u017eitek vzpomenout. Vypr\u00e1v\u011bn\u00ed pak uve\u010fte t\u00edm, \u017ee jim t\u0159eba jeden dobr\u00fd v\u00fdznam napov\u00ed. Nezakon\u010dete je v\u0161ak mravou\u010dnou v\u00fdzvou. Ponechte je otev\u0159en\u00e9, jak tomu v&nbsp;bibli je \u2013 kon\u010d\u00ed ot\u00e1zkou. Nechte na n\u00ed d\u011bti odpov\u011bd\u011bt samotn\u00e9 a ptejte se po d\u016fvodech jejich odpov\u011bdi. Nakonec s&nbsp;d\u011btmi obr\u00e1zek slo\u017ete, jak je na n\u011bm nazna\u010deno. Snad z&nbsp;toho bude z\u0159ejm\u00e9, co stoj\u00ed ( co je nyn\u00ed jako na obr\u00e1zku v&nbsp;pozad\u00ed ) za pravdiv\u00fdm slitov\u00e1n\u00edm.<\/p>\n","protected":false},"featured_media":2229,"template":"","_links":{"self":[{"href":"https:\/\/deti.evangnet.cz\/katecheze\/wp-json\/wp\/v2\/worksheet\/2228"}],"collection":[{"href":"https:\/\/deti.evangnet.cz\/katecheze\/wp-json\/wp\/v2\/worksheet"}],"about":[{"href":"https:\/\/deti.evangnet.cz\/katecheze\/wp-json\/wp\/v2\/types\/worksheet"}],"version-history":[{"count":1,"href":"https:\/\/deti.evangnet.cz\/katecheze\/wp-json\/wp\/v2\/worksheet\/2228\/revisions"}],"predecessor-version":[{"id":2230,"href":"https:\/\/deti.evangnet.cz\/katecheze\/wp-json\/wp\/v2\/worksheet\/2228\/revisions\/2230"}],"wp:featuredmedia":[{"embeddable":true,"href":"https:\/\/deti.evangnet.cz\/katecheze\/wp-json\/wp\/v2\/media\/2229"}],"wp:attachment":[{"href":"https:\/\/deti.evangnet.cz\/katecheze\/wp-json\/wp\/v2\/media?parent=2228"}],"curies":[{"name":"wp","href":"https:\/\/api.w.org\/{rel}","templated":true}]}}

40 Vyprávěné o Jonášovi

<p>Na začátku mohou děti do ryby na obrázku nakreslit nebo napsat, kdy jim z&nbsp;toho, co si sami zavinili, někdo pomohl. Ptejte se jich potom, k&nbsp;čemu může být dobré si na takový zážitek vzpomenout. Vyprávění pak uveďte tím, že jim třeba jeden dobrý význam napoví. Nezakončete je však mravoučnou výzvou. Ponechte je otevřené, jak tomu v&nbsp;bibli je – končí otázkou. Nechte na ní děti odpovědět samotné a ptejte se po důvodech jejich odpovědi. Nakonec s&nbsp;dětmi obrázek složte, jak je na něm naznačeno. Snad z&nbsp;toho bude zřejmé, co stojí ( co je nyní jako na obrázku v&nbsp;pozadí ) za pravdivým slitováním.</p>
