
{"id":2222,"date":"2025-07-27T13:11:20","date_gmt":"2025-07-27T11:11:20","guid":{"rendered":"https:\/\/deti.evangnet.cz\/katecheze\/?post_type=worksheet&#038;p=2222"},"modified":"2025-07-27T13:11:21","modified_gmt":"2025-07-27T11:11:21","slug":"39-obnova-jeruzalema","status":"publish","type":"worksheet","link":"https:\/\/deti.evangnet.cz\/katecheze\/pracovni-listy\/39-obnova-jeruzalema\/","title":{"rendered":"39 Obnova Jeruzal\u00e9ma"},"content":{"rendered":"\n<p>Obr\u00e1zek lze pou\u017e\u00edt k&nbsp;motiva\u010dn\u00edmu uveden\u00ed do p\u0159\u00edb\u011bhu. Ten potom vypr\u00e1v\u011bjte jako p\u0159\u00edklad toho, k&nbsp;jak\u00e9 reakci vede v\u00edra. Pak m\u016f\u017eete spole\u010dn\u011b mluvit o rozd\u00edlech a shod\u00e1ch mezi t\u00edm, co d\u011bti nakreslily a co vysv\u00edt\u00e1 z&nbsp;vypr\u00e1v\u011bn\u00ed. D\u011bti tak\u00e9 mohou vym\u00fd\u0161let, jak by mohl p\u0159\u00edb\u011bh asi dopadnout, kdyby v&nbsp;n\u011bm izraelci reagovali stejn\u011b jako ony.<\/p>\n","protected":false},"featured_media":2223,"template":"","_links":{"self":[{"href":"https:\/\/deti.evangnet.cz\/katecheze\/wp-json\/wp\/v2\/worksheet\/2222"}],"collection":[{"href":"https:\/\/deti.evangnet.cz\/katecheze\/wp-json\/wp\/v2\/worksheet"}],"about":[{"href":"https:\/\/deti.evangnet.cz\/katecheze\/wp-json\/wp\/v2\/types\/worksheet"}],"version-history":[{"count":1,"href":"https:\/\/deti.evangnet.cz\/katecheze\/wp-json\/wp\/v2\/worksheet\/2222\/revisions"}],"predecessor-version":[{"id":2224,"href":"https:\/\/deti.evangnet.cz\/katecheze\/wp-json\/wp\/v2\/worksheet\/2222\/revisions\/2224"}],"wp:featuredmedia":[{"embeddable":true,"href":"https:\/\/deti.evangnet.cz\/katecheze\/wp-json\/wp\/v2\/media\/2223"}],"wp:attachment":[{"href":"https:\/\/deti.evangnet.cz\/katecheze\/wp-json\/wp\/v2\/media?parent=2222"}],"curies":[{"name":"wp","href":"https:\/\/api.w.org\/{rel}","templated":true}]}}

39 Obnova Jeruzaléma

<p>Obrázek lze použít k&nbsp;motivačnímu uvedení do příběhu. Ten potom vyprávějte jako příklad toho, k&nbsp;jaké reakci vede víra. Pak můžete společně mluvit o rozdílech a shodách mezi tím, co děti nakreslily a co vysvítá z&nbsp;vyprávění. Děti také mohou vymýšlet, jak by mohl příběh asi dopadnout, kdyby v&nbsp;něm izraelci reagovali stejně jako ony.</p>
