
{"id":2216,"date":"2025-07-27T13:09:09","date_gmt":"2025-07-27T11:09:09","guid":{"rendered":"https:\/\/deti.evangnet.cz\/katecheze\/?post_type=worksheet&#038;p=2216"},"modified":"2025-07-27T13:09:11","modified_gmt":"2025-07-27T11:09:11","slug":"38-navrat-ze-zajeti-a-stavba-chramu","status":"publish","type":"worksheet","link":"https:\/\/deti.evangnet.cz\/katecheze\/pracovni-listy\/38-navrat-ze-zajeti-a-stavba-chramu\/","title":{"rendered":"38 N\u00e1vrat ze zajet\u00ed a stavba chr\u00e1mu"},"content":{"rendered":"\n<p>Ke zpracov\u00e1n\u00ed obr\u00e1zku je t\u0159eba p\u0159ipravit si n\u016f\u017eky, barevn\u00e9 pap\u00edry a lepidlo. Prac\u00ed na obr\u00e1zku lze za\u010d\u00edt a vz\u00edt ji jako podn\u011bt k\u00a0rozhovoru: Byl to t\u011b\u017ek\u00fd \u00fakol? Je t\u011b\u017ek\u00e9 postavit skute\u010dn\u00fd kostel? Pro\u010d? Jak\u00e9 pot\u00ed\u017ee se mohou vyskytnout? Jak\u00e9 m\u016f\u017ee stavba p\u0159in\u00e9st? Co je d\u016fle\u017eit\u00e9 pro to, aby se povedla? M\u016f\u017ee v\u00e9st i \u00fasp\u011b\u0161n\u00e1 stavba k\u00a0n\u011b\u010demu, co nen\u00ed dobr\u00e9? P\u0159i vypr\u00e1v\u011bn\u00ed potom m\u016f\u017eete upozornit, co v\u0161echno z\u00a0toho, na\u010d d\u011bti p\u0159i\u0161ly, se v\u00a0p\u0159\u00edb\u011bhu objevuje; jak\u00e9 dal\u0161\u00ed komplikace je\u0161t\u011b mohou nastat; zda p\u0159ich\u00e1zej\u00ed jenom zvn\u011bj\u0161ku a co je proto d\u016fle\u017eit\u00e9.<\/p>\n","protected":false},"featured_media":2217,"template":"","_links":{"self":[{"href":"https:\/\/deti.evangnet.cz\/katecheze\/wp-json\/wp\/v2\/worksheet\/2216"}],"collection":[{"href":"https:\/\/deti.evangnet.cz\/katecheze\/wp-json\/wp\/v2\/worksheet"}],"about":[{"href":"https:\/\/deti.evangnet.cz\/katecheze\/wp-json\/wp\/v2\/types\/worksheet"}],"version-history":[{"count":1,"href":"https:\/\/deti.evangnet.cz\/katecheze\/wp-json\/wp\/v2\/worksheet\/2216\/revisions"}],"predecessor-version":[{"id":2218,"href":"https:\/\/deti.evangnet.cz\/katecheze\/wp-json\/wp\/v2\/worksheet\/2216\/revisions\/2218"}],"wp:featuredmedia":[{"embeddable":true,"href":"https:\/\/deti.evangnet.cz\/katecheze\/wp-json\/wp\/v2\/media\/2217"}],"wp:attachment":[{"href":"https:\/\/deti.evangnet.cz\/katecheze\/wp-json\/wp\/v2\/media?parent=2216"}],"curies":[{"name":"wp","href":"https:\/\/api.w.org\/{rel}","templated":true}]}}

38 Návrat ze zajetí a stavba chrámu

<p>Ke zpracování obrázku je třeba připravit si nůžky, barevné papíry a lepidlo. Prací na obrázku lze začít a vzít ji jako podnět k rozhovoru: Byl to těžký úkol? Je těžké postavit skutečný kostel? Proč? Jaké potíže se mohou vyskytnout? Jaké může stavba přinést? Co je důležité pro to, aby se povedla? Může vést i úspěšná stavba k něčemu, co není dobré? Při vyprávění potom můžete upozornit, co všechno z toho, nač děti přišly, se v příběhu objevuje; jaké další komplikace ještě mohou nastat; zda přicházejí jenom zvnějšku a co je proto důležité.</p>
