
{"id":2192,"date":"2025-07-27T12:56:38","date_gmt":"2025-07-27T10:56:38","guid":{"rendered":"https:\/\/deti.evangnet.cz\/katecheze\/?post_type=worksheet&#038;p=2192"},"modified":"2025-07-27T12:56:40","modified_gmt":"2025-07-27T10:56:40","slug":"34-daniel-ve-lvi-jame","status":"publish","type":"worksheet","link":"https:\/\/deti.evangnet.cz\/katecheze\/pracovni-listy\/34-daniel-ve-lvi-jame\/","title":{"rendered":"34 Daniel ve lv\u00ed j\u00e1m\u011b"},"content":{"rendered":"\n<p>Obr\u00e1zek mohou d\u011bti domalovat jak na za\u010d\u00e1tku v\u00a0r\u00e1mci motiva\u010dn\u00edho uveden\u00ed, tak v\u00a0z\u00e1v\u011bru p\u0159i dom\u00fd\u0161len\u00ed aktu\u00e1ln\u00edho v\u00fdznamu p\u0159\u00edb\u011bhu. V\u00a0prv\u00e9m p\u0159\u00edpad\u011b bude vypr\u00e1v\u011bn\u00ed odpov\u011bd\u00ed na konkr\u00e9tn\u00ed situace a zku\u0161enosti d\u011bt\u00ed, v\u00a0druh\u00e9m je obr\u00e1zek pom\u016f\u017ee s\u00a0t\u011bmito zku\u0161enostmi spojit. V\u00a0obou p\u0159\u00edpadech je t\u0159eba si obr\u00e1zky spole\u010dn\u011b prohl\u00e9dnout a mluvit o nich.<\/p>\n","protected":false},"featured_media":2193,"template":"","_links":{"self":[{"href":"https:\/\/deti.evangnet.cz\/katecheze\/wp-json\/wp\/v2\/worksheet\/2192"}],"collection":[{"href":"https:\/\/deti.evangnet.cz\/katecheze\/wp-json\/wp\/v2\/worksheet"}],"about":[{"href":"https:\/\/deti.evangnet.cz\/katecheze\/wp-json\/wp\/v2\/types\/worksheet"}],"version-history":[{"count":1,"href":"https:\/\/deti.evangnet.cz\/katecheze\/wp-json\/wp\/v2\/worksheet\/2192\/revisions"}],"predecessor-version":[{"id":2194,"href":"https:\/\/deti.evangnet.cz\/katecheze\/wp-json\/wp\/v2\/worksheet\/2192\/revisions\/2194"}],"wp:featuredmedia":[{"embeddable":true,"href":"https:\/\/deti.evangnet.cz\/katecheze\/wp-json\/wp\/v2\/media\/2193"}],"wp:attachment":[{"href":"https:\/\/deti.evangnet.cz\/katecheze\/wp-json\/wp\/v2\/media?parent=2192"}],"curies":[{"name":"wp","href":"https:\/\/api.w.org\/{rel}","templated":true}]}}

34 Daniel ve lví jámě

<p>Obrázek mohou děti domalovat jak na začátku v rámci motivačního uvedení, tak v závěru při domýšlení aktuálního významu příběhu. V prvém případě bude vyprávění odpovědí na konkrétní situace a zkušenosti dětí, v druhém je obrázek pomůže s těmito zkušenostmi spojit. V obou případech je třeba si obrázky společně prohlédnout a mluvit o nich.</p>
