
{"id":2162,"date":"2025-07-27T12:41:38","date_gmt":"2025-07-27T10:41:38","guid":{"rendered":"https:\/\/deti.evangnet.cz\/katecheze\/?post_type=worksheet&#038;p=2162"},"modified":"2025-09-08T19:14:14","modified_gmt":"2025-09-08T17:14:14","slug":"29-ezechielovo-videni","status":"publish","type":"worksheet","link":"https:\/\/deti.evangnet.cz\/katecheze\/pracovni-listy\/29-ezechielovo-videni\/","title":{"rendered":"29 Ezechielovo vid\u011bn\u00ed"},"content":{"rendered":"\n<p>Obr\u00e1zek m\u016f\u017eete postupn\u011b vyu\u017e\u00edt p\u0159i r\u016fzn\u00fdch etap\u00e1ch v\u00fdkladu. O kost\u0159e lze mluvit p\u0159i motiva\u010dn\u00edm uveden\u00ed: Co je na obr\u00e1zku? Kde b\u00fdv\u00e1? Co s\u00a0n\u00ed spojujeme? Je to radostn\u00e9 nebo smutn\u00e9? Pro\u010d? Biblick\u00e9 vypr\u00e1v\u011bn\u00ed potom m\u016f\u017eete zakon\u010dit p\u00edsni\u010dkou \u201eDivn\u00e9 to v\u011bci dnes\u201c a n\u00e1sledn\u011b vyzvat d\u011bti, \u017ee si nyn\u00ed dotvo\u0159\u00edte obr\u00e1zek, kter\u00fd tu prom\u011bnu vyjad\u0159uje.<\/p>\n","protected":false},"featured_media":2163,"template":"","_links":{"self":[{"href":"https:\/\/deti.evangnet.cz\/katecheze\/wp-json\/wp\/v2\/worksheet\/2162"}],"collection":[{"href":"https:\/\/deti.evangnet.cz\/katecheze\/wp-json\/wp\/v2\/worksheet"}],"about":[{"href":"https:\/\/deti.evangnet.cz\/katecheze\/wp-json\/wp\/v2\/types\/worksheet"}],"version-history":[{"count":1,"href":"https:\/\/deti.evangnet.cz\/katecheze\/wp-json\/wp\/v2\/worksheet\/2162\/revisions"}],"predecessor-version":[{"id":2164,"href":"https:\/\/deti.evangnet.cz\/katecheze\/wp-json\/wp\/v2\/worksheet\/2162\/revisions\/2164"}],"wp:featuredmedia":[{"embeddable":true,"href":"https:\/\/deti.evangnet.cz\/katecheze\/wp-json\/wp\/v2\/media\/2163"}],"wp:attachment":[{"href":"https:\/\/deti.evangnet.cz\/katecheze\/wp-json\/wp\/v2\/media?parent=2162"}],"curies":[{"name":"wp","href":"https:\/\/api.w.org\/{rel}","templated":true}]}}

29 Ezechielovo vidění

<p>Obrázek můžete postupně využít při různých etapách výkladu. O kostře lze mluvit při motivačním uvedení: Co je na obrázku? Kde bývá? Co s ní spojujeme? Je to radostné nebo smutné? Proč? Biblické vyprávění potom můžete zakončit písničkou „Divné to věci dnes“ a následně vyzvat děti, že si nyní dotvoříte obrázek, který tu proměnu vyjadřuje.</p>
