
{"id":2108,"date":"2025-07-27T12:18:57","date_gmt":"2025-07-27T10:18:57","guid":{"rendered":"https:\/\/deti.evangnet.cz\/katecheze\/?post_type=worksheet&#038;p=2108"},"modified":"2025-09-08T19:06:44","modified_gmt":"2025-09-08T17:06:44","slug":"20-nabotova-vinice","status":"publish","type":"worksheet","link":"https:\/\/deti.evangnet.cz\/katecheze\/pracovni-listy\/20-nabotova-vinice\/","title":{"rendered":"20 N\u00e1botova vinice"},"content":{"rendered":"\n<p>K\u00a0tomu, aby d\u011bti mohly obr\u00e1zek podle zad\u00e1n\u00ed dokreslit, pot\u0159ebuj\u00ed p\u0159\u00edb\u011bh zn\u00e1t. Pou\u017eijete ho tedy a\u017e po vypr\u00e1v\u011bn\u00ed. Obr\u00e1zky v\u00e1m uk\u00e1\u017eou, jak bylo va\u0161e vypr\u00e1v\u011bn\u00ed srozumiteln\u00e9. Spole\u010dn\u011b si je uka\u017ete a mluvte o nich spolu \u2013 zda se d\u011bti shoduj\u00ed; kdo podle nich nese z\u00a0uveden\u00fdch mo\u017enost\u00ed nejv\u011bt\u0161\u00ed vinu za N\u00e1botovu smrt; dovedly by je podle toho se\u0159adit? Tento rozhovor potom m\u016f\u017eete d\u00e1l rozv\u00e9st: o jak\u00e1 p\u0159ik\u00e1z\u00e1n\u00ed se v\u00a0p\u0159\u00edb\u011bhu tedy jedn\u00e1; p\u0159ipom\u00edn\u00e1 v\u00e1m to n\u011bjak\u00e9 situace z\u00a0na\u0161\u00ed historie a p\u0159\u00edtomnosti, kdo na nich nese vinu?<\/p>\n","protected":false},"featured_media":2109,"template":"","_links":{"self":[{"href":"https:\/\/deti.evangnet.cz\/katecheze\/wp-json\/wp\/v2\/worksheet\/2108"}],"collection":[{"href":"https:\/\/deti.evangnet.cz\/katecheze\/wp-json\/wp\/v2\/worksheet"}],"about":[{"href":"https:\/\/deti.evangnet.cz\/katecheze\/wp-json\/wp\/v2\/types\/worksheet"}],"version-history":[{"count":1,"href":"https:\/\/deti.evangnet.cz\/katecheze\/wp-json\/wp\/v2\/worksheet\/2108\/revisions"}],"predecessor-version":[{"id":2110,"href":"https:\/\/deti.evangnet.cz\/katecheze\/wp-json\/wp\/v2\/worksheet\/2108\/revisions\/2110"}],"wp:featuredmedia":[{"embeddable":true,"href":"https:\/\/deti.evangnet.cz\/katecheze\/wp-json\/wp\/v2\/media\/2109"}],"wp:attachment":[{"href":"https:\/\/deti.evangnet.cz\/katecheze\/wp-json\/wp\/v2\/media?parent=2108"}],"curies":[{"name":"wp","href":"https:\/\/api.w.org\/{rel}","templated":true}]}}

20 Nábotova vinice

<p>K tomu, aby děti mohly obrázek podle zadání dokreslit, potřebují příběh znát. Použijete ho tedy až po vyprávění. Obrázky vám ukážou, jak bylo vaše vyprávění srozumitelné. Společně si je ukažte a mluvte o nich spolu – zda se děti shodují; kdo podle nich nese z uvedených možností největší vinu za Nábotovu smrt; dovedly by je podle toho seřadit? Tento rozhovor potom můžete dál rozvést: o jaká přikázání se v příběhu tedy jedná; připomíná vám to nějaké situace z naší historie a přítomnosti, kdo na nich nese vinu?</p>
