
{"id":2102,"date":"2025-07-27T12:15:27","date_gmt":"2025-07-27T10:15:27","guid":{"rendered":"https:\/\/deti.evangnet.cz\/katecheze\/?post_type=worksheet&#038;p=2102"},"modified":"2025-07-27T12:15:31","modified_gmt":"2025-07-27T10:15:31","slug":"19-elijas-na-orebu","status":"publish","type":"worksheet","link":"https:\/\/deti.evangnet.cz\/katecheze\/pracovni-listy\/19-elijas-na-orebu\/","title":{"rendered":"19 Elij\u00e1\u0161 na Or\u00e9bu"},"content":{"rendered":"\n<p>D\u011bti mohou nakreslit, kdy se c\u00edtily sami, na za\u010d\u00e1tku jako motiva\u010dn\u00ed uveden\u00ed, na kter\u00e9 nav\u00e1\u017eete p\u0159\u00edb\u011bhem o Elij\u00e1\u0161ovi, kter\u00fd se tak\u00e9 c\u00edtil s\u00e1m. Po vypr\u00e1v\u011bn\u00ed se potom pokus\u00ed sestavit z\u00a0p\u00edsmenek, co lid\u00e9 od Boha ve sv\u00e9 nouzi v\u011bt\u0161inou o\u010dek\u00e1vaj\u00ed ( \u201erychl\u00fd a z\u00e1zra\u010dn\u00fd z\u00e1sah\u201c) a jak B\u016fh jedn\u00e1 a vyv\u00e1d\u00ed ze zoufalstv\u00ed ( \u201etich\u00fdm hlasem potvrzuje posl\u00e1n\u00ed a ukazuje druhy\u201c).<\/p>\n","protected":false},"featured_media":2103,"template":"","_links":{"self":[{"href":"https:\/\/deti.evangnet.cz\/katecheze\/wp-json\/wp\/v2\/worksheet\/2102"}],"collection":[{"href":"https:\/\/deti.evangnet.cz\/katecheze\/wp-json\/wp\/v2\/worksheet"}],"about":[{"href":"https:\/\/deti.evangnet.cz\/katecheze\/wp-json\/wp\/v2\/types\/worksheet"}],"version-history":[{"count":1,"href":"https:\/\/deti.evangnet.cz\/katecheze\/wp-json\/wp\/v2\/worksheet\/2102\/revisions"}],"predecessor-version":[{"id":2104,"href":"https:\/\/deti.evangnet.cz\/katecheze\/wp-json\/wp\/v2\/worksheet\/2102\/revisions\/2104"}],"wp:featuredmedia":[{"embeddable":true,"href":"https:\/\/deti.evangnet.cz\/katecheze\/wp-json\/wp\/v2\/media\/2103"}],"wp:attachment":[{"href":"https:\/\/deti.evangnet.cz\/katecheze\/wp-json\/wp\/v2\/media?parent=2102"}],"curies":[{"name":"wp","href":"https:\/\/api.w.org\/{rel}","templated":true}]}}

19 Elijáš na Orébu

<p>Děti mohou nakreslit, kdy se cítily sami, na začátku jako motivační uvedení, na které navážete příběhem o Elijášovi, který se také cítil sám. Po vyprávění se potom pokusí sestavit z písmenek, co lidé od Boha ve své nouzi většinou očekávají ( „rychlý a zázračný zásah“) a jak Bůh jedná a vyvádí ze zoufalství ( „tichým hlasem potvrzuje poslání a ukazuje druhy“).</p>
