
{"id":2090,"date":"2025-07-27T12:10:35","date_gmt":"2025-07-27T10:10:35","guid":{"rendered":"https:\/\/deti.evangnet.cz\/katecheze\/?post_type=worksheet&#038;p=2090"},"modified":"2025-07-27T12:10:36","modified_gmt":"2025-07-27T10:10:36","slug":"17-prorok-elijas","status":"publish","type":"worksheet","link":"https:\/\/deti.evangnet.cz\/katecheze\/pracovni-listy\/17-prorok-elijas\/","title":{"rendered":"17 Prorok Elij\u00e1\u0161"},"content":{"rendered":"\n<p>Obr\u00e1zek m\u00e1 pomoci tomu, aby d\u011bti p\u0159em\u00fd\u0161lely nad aktu\u00e1lnost\u00ed biblick\u00e9ho vypr\u00e1v\u011bn\u00ed. \u00dakol z&nbsp;obr\u00e1zku budou tedy d\u011bti zpracov\u00e1vat a\u017e po va\u0161em vypr\u00e1v\u011bn\u00ed. Mo\u017enosti, kter\u00e9 vymysl\u00ed a nakresl\u00ed, si potom spole\u010dn\u011b uka\u017ete a mluvte o nich: Pro\u010d je napadly pr\u00e1v\u011b tyto? Jsou v\u0161echny jenom kritick\u00e9 a k\u00e1raj\u00edc\u00ed? Je to tak, \u017ee Elij\u00e1\u0161 jenom kritizuje? Mohl by dnes n\u011bkomu ohl\u00e1sit tak\u00e9 sucho? Pro\u010d?<\/p>\n","protected":false},"featured_media":2091,"template":"","_links":{"self":[{"href":"https:\/\/deti.evangnet.cz\/katecheze\/wp-json\/wp\/v2\/worksheet\/2090"}],"collection":[{"href":"https:\/\/deti.evangnet.cz\/katecheze\/wp-json\/wp\/v2\/worksheet"}],"about":[{"href":"https:\/\/deti.evangnet.cz\/katecheze\/wp-json\/wp\/v2\/types\/worksheet"}],"version-history":[{"count":1,"href":"https:\/\/deti.evangnet.cz\/katecheze\/wp-json\/wp\/v2\/worksheet\/2090\/revisions"}],"predecessor-version":[{"id":2092,"href":"https:\/\/deti.evangnet.cz\/katecheze\/wp-json\/wp\/v2\/worksheet\/2090\/revisions\/2092"}],"wp:featuredmedia":[{"embeddable":true,"href":"https:\/\/deti.evangnet.cz\/katecheze\/wp-json\/wp\/v2\/media\/2091"}],"wp:attachment":[{"href":"https:\/\/deti.evangnet.cz\/katecheze\/wp-json\/wp\/v2\/media?parent=2090"}],"curies":[{"name":"wp","href":"https:\/\/api.w.org\/{rel}","templated":true}]}}

17 Prorok Elijáš

<p>Obrázek má pomoci tomu, aby děti přemýšlely nad aktuálností biblického vyprávění. Úkol z&nbsp;obrázku budou tedy děti zpracovávat až po vašem vyprávění. Možnosti, které vymyslí a nakreslí, si potom společně ukažte a mluvte o nich: Proč je napadly právě tyto? Jsou všechny jenom kritické a kárající? Je to tak, že Elijáš jenom kritizuje? Mohl by dnes někomu ohlásit také sucho? Proč?</p>
