
{"id":2073,"date":"2025-07-27T12:04:43","date_gmt":"2025-07-27T10:04:43","guid":{"rendered":"https:\/\/deti.evangnet.cz\/katecheze\/?post_type=worksheet&#038;p=2073"},"modified":"2025-07-27T12:04:44","modified_gmt":"2025-07-27T10:04:44","slug":"14-stavba-a-posveceni-chramu-st","status":"publish","type":"worksheet","link":"https:\/\/deti.evangnet.cz\/katecheze\/pracovni-listy\/14-stavba-a-posveceni-chramu-st\/","title":{"rendered":"14 Stavba a posv\u011bcen\u00ed chr\u00e1mu &#8211; st"},"content":{"rendered":"\n<p>Pracovn\u00ed list tentokr\u00e1t nen\u00ed zam\u011b\u0159en na biblickou \u00falohu, ale na konkr\u00e9tn\u00ed realitu \u2013 v\u00e1\u0161 kostel. Douf\u00e1m, \u017ee toto spojen\u00ed m\u016f\u017ee pomoci \u2013 a) zkonkr\u00e9tnit biblick\u00e9 vypr\u00e1v\u011bn\u00ed, b) osv\u011btlit v\u00fdznam toho, v&nbsp;\u010dem se d\u011bti pohybuj\u00ed. M\u016f\u017eete postupovat dvoj\u00edm zp\u016fsobem: Bu\u010f za\u010dnete od \u00fakol\u016f pracovn\u00edho listu, kter\u00e9 se t\u00fdkaj\u00ed va\u0161eho kostela, a rozhovor o n\u011bm se stane motivac\u00ed pro biblick\u00e9 vypr\u00e1v\u011bn\u00ed. Nebo budete nejprve stru\u010dn\u011b vypr\u00e1v\u011bt o stavb\u011b chr\u00e1mu a \u00fakoly z&nbsp;pracovn\u00edho listu poslou\u017e\u00ed k&nbsp;jeho aplikaci a dom\u00fd\u0161len\u00ed. Jist\u011b p\u0159itom nejde o to, abyste zkratkovit\u011b srovnali stavbu a podobu chr\u00e1mu se stavbou a podobou va\u0161eho kostela. Mluvte o rozd\u00edlech i obdob\u00e1ch, hledejte je.<\/p>\n\n\n\n<p>Pro vypr\u00e1v\u011bn\u00ed o \u0160alomounov\u011b chr\u00e1mu m\u016f\u017eete pou\u017e\u00edt ilustraci z&nbsp;publikace T.Dowley, \u0160koln\u00ed pr\u016fvodce bibl\u00ed, \u010cBS 1994. Pro \u00fakoly z&nbsp;pracovn\u00edho d\u011btem poskytn\u011bte materi\u00e1ly o va\u0161em kostele \u2013 sborn\u00edky k&nbsp;r\u016fzn\u00fdm v\u00fdro\u010d\u00edm sboru a kostela, kroniku sboru, pohlednice, fotky, publikaci \u201eC\u00edrkev v&nbsp;prom\u011bn\u00e1ch \u010dasu\u201c aj. Nechte d\u011bti, a\u0165 s&nbsp;nimi samostatn\u011b pracuj\u00ed. Pokud m\u00e1te z\u00e1rove\u0148 s&nbsp;ned\u011bln\u00ed \u0161kolou bohoslu\u017eby a d\u011bti nemohou j\u00edt do kostela, m\u016f\u017eete interi\u00e9r nafotit a vytisknout nebo prom\u00edtnout. D\u016fle\u017eit\u00fd je rozhovor o v\u00fdznamu v\u011bc\u00ed v&nbsp;interi\u00e9ru kostela.<\/p>\n","protected":false},"featured_media":2074,"template":"","_links":{"self":[{"href":"https:\/\/deti.evangnet.cz\/katecheze\/wp-json\/wp\/v2\/worksheet\/2073"}],"collection":[{"href":"https:\/\/deti.evangnet.cz\/katecheze\/wp-json\/wp\/v2\/worksheet"}],"about":[{"href":"https:\/\/deti.evangnet.cz\/katecheze\/wp-json\/wp\/v2\/types\/worksheet"}],"version-history":[{"count":1,"href":"https:\/\/deti.evangnet.cz\/katecheze\/wp-json\/wp\/v2\/worksheet\/2073\/revisions"}],"predecessor-version":[{"id":2075,"href":"https:\/\/deti.evangnet.cz\/katecheze\/wp-json\/wp\/v2\/worksheet\/2073\/revisions\/2075"}],"wp:featuredmedia":[{"embeddable":true,"href":"https:\/\/deti.evangnet.cz\/katecheze\/wp-json\/wp\/v2\/media\/2074"}],"wp:attachment":[{"href":"https:\/\/deti.evangnet.cz\/katecheze\/wp-json\/wp\/v2\/media?parent=2073"}],"curies":[{"name":"wp","href":"https:\/\/api.w.org\/{rel}","templated":true}]}}

14 Stavba a posvěcení chrámu &#8211; st

<p>Pracovní list tentokrát není zaměřen na biblickou úlohu, ale na konkrétní realitu – váš kostel. Doufám, že toto spojení může pomoci – a) zkonkrétnit biblické vyprávění, b) osvětlit význam toho, v&nbsp;čem se děti pohybují. Můžete postupovat dvojím způsobem: Buď začnete od úkolů pracovního listu, které se týkají vašeho kostela, a rozhovor o něm se stane motivací pro biblické vyprávění. Nebo budete nejprve stručně vyprávět o stavbě chrámu a úkoly z&nbsp;pracovního listu poslouží k&nbsp;jeho aplikaci a domýšlení. Jistě přitom nejde o to, abyste zkratkovitě srovnali stavbu a podobu chrámu se stavbou a podobou vašeho kostela. Mluvte o rozdílech i obdobách, hledejte je.</p>



<p>Pro vyprávění o Šalomounově chrámu můžete použít ilustraci z&nbsp;publikace T.Dowley, Školní průvodce biblí, ČBS 1994. Pro úkoly z&nbsp;pracovního dětem poskytněte materiály o vašem kostele – sborníky k&nbsp;různým výročím sboru a kostela, kroniku sboru, pohlednice, fotky, publikaci „Církev v&nbsp;proměnách času“ aj. Nechte děti, ať s&nbsp;nimi samostatně pracují. Pokud máte zároveň s&nbsp;nedělní školou bohoslužby a děti nemohou jít do kostela, můžete interiér nafotit a vytisknout nebo promítnout. Důležitý je rozhovor o významu věcí v&nbsp;interiéru kostela.</p>
