
{"id":2070,"date":"2025-07-27T12:03:42","date_gmt":"2025-07-27T10:03:42","guid":{"rendered":"https:\/\/deti.evangnet.cz\/katecheze\/?post_type=worksheet&#038;p=2070"},"modified":"2025-07-27T12:03:43","modified_gmt":"2025-07-27T10:03:43","slug":"14-stavba-a-posveceni-chramu","status":"publish","type":"worksheet","link":"https:\/\/deti.evangnet.cz\/katecheze\/pracovni-listy\/14-stavba-a-posveceni-chramu\/","title":{"rendered":"14 Stavba a posv\u011bcen\u00ed chr\u00e1mu"},"content":{"rendered":"\n<p>Chr\u00e1m m\u016f\u017eete s\u00a0d\u011btmi omalovat, vyst\u0159ihovat a slepovat u\u017e b\u011bhem vypr\u00e1v\u011bn\u00ed nebo a\u017e po n\u011bm. Pokud m\u00e1te ve sborov\u00e9 kronice zpr\u00e1vy o stavb\u011b va\u0161eho kostela, uka\u017ete je p\u0159itom d\u011btem. Na z\u00e1v\u011br se ptejte, co by m\u011blo b\u00fdt naps\u00e1no na st\u0159e\u0161e, a d\u011bti si to tam dop\u00ed\u0161\u00ed. P\u0159itom tak\u00e9 m\u016f\u017eete mluvit o n\u00e1pisech, kter\u00e9 m\u00e1te v\u00a0kostele a o tom, zda sta\u010d\u00ed, kdy\u017e je to naps\u00e1no na st\u011bn\u011b.<br>Star\u0161\u00ed v\u00fdtvarn\u011b zru\u010dn\u00e9 d\u011bti mohou tak\u00e9 na zp\u016fsob pracovn\u00edho listu ud\u011blat pap\u00edrov\u00fd model va\u0161eho kostela.<\/p>\n","protected":false},"featured_media":2071,"template":"","_links":{"self":[{"href":"https:\/\/deti.evangnet.cz\/katecheze\/wp-json\/wp\/v2\/worksheet\/2070"}],"collection":[{"href":"https:\/\/deti.evangnet.cz\/katecheze\/wp-json\/wp\/v2\/worksheet"}],"about":[{"href":"https:\/\/deti.evangnet.cz\/katecheze\/wp-json\/wp\/v2\/types\/worksheet"}],"version-history":[{"count":1,"href":"https:\/\/deti.evangnet.cz\/katecheze\/wp-json\/wp\/v2\/worksheet\/2070\/revisions"}],"predecessor-version":[{"id":2072,"href":"https:\/\/deti.evangnet.cz\/katecheze\/wp-json\/wp\/v2\/worksheet\/2070\/revisions\/2072"}],"wp:featuredmedia":[{"embeddable":true,"href":"https:\/\/deti.evangnet.cz\/katecheze\/wp-json\/wp\/v2\/media\/2071"}],"wp:attachment":[{"href":"https:\/\/deti.evangnet.cz\/katecheze\/wp-json\/wp\/v2\/media?parent=2070"}],"curies":[{"name":"wp","href":"https:\/\/api.w.org\/{rel}","templated":true}]}}

14 Stavba a posvěcení chrámu

<p>Chrám můžete s dětmi omalovat, vystřihovat a slepovat už během vyprávění nebo až po něm. Pokud máte ve sborové kronice zprávy o stavbě vašeho kostela, ukažte je přitom dětem. Na závěr se ptejte, co by mělo být napsáno na střeše, a děti si to tam dopíší. Přitom také můžete mluvit o nápisech, které máte v kostele a o tom, zda stačí, když je to napsáno na stěně.<br>Starší výtvarně zručné děti mohou také na způsob pracovního listu udělat papírový model vašeho kostela.</p>
