
{"id":2055,"date":"2025-07-27T11:56:13","date_gmt":"2025-07-27T09:56:13","guid":{"rendered":"https:\/\/deti.evangnet.cz\/katecheze\/?post_type=worksheet&#038;p=2055"},"modified":"2025-07-27T11:56:15","modified_gmt":"2025-07-27T09:56:15","slug":"11-david-a-absalom-st","status":"publish","type":"worksheet","link":"https:\/\/deti.evangnet.cz\/katecheze\/pracovni-listy\/11-david-a-absalom-st\/","title":{"rendered":"11 David a Ab\u0161al\u00f3m &#8211; st"},"content":{"rendered":"\n<p>Pracovn\u00ed list m\u016f\u017eete pou\u017e\u00edt k&nbsp;motiva\u010dn\u00edmu uveden\u00ed, p\u0159i v\u00fdkladu nebo k&nbsp;jeho dom\u00fd\u0161len\u00ed:<\/p>\n\n\n\n<p>K&nbsp;motiva\u010dn\u00edmu uveden\u00ed \u2013 Rozdejte d\u011btem listy a vyzv\u011bte je, aby zkusily rozt\u0159\u00eddit ov\u00e1ly v&nbsp;kopci podle toho, co podle nich pat\u0159\u00ed sp\u00ed\u0161 k&nbsp;l\u00edtosti a co k&nbsp;touze po moci. Mohou t\u0159eba ka\u017ed\u00e9 vybarvit jinou barvou. Ptejte se jich, pro\u010d je tak rozd\u011blily. Potom jim vypr\u00e1v\u011bjte p\u0159\u00edb\u011bh s&nbsp;t\u00edm, aby si jednak do ov\u00e1l\u016f nad kopcem doplnily jm\u00e9na postav, jednak aby si ji\u017e pou\u017eit\u00fdmi barvami zakrou\u017ekovaly v&nbsp;rozt\u0159\u00edd\u011bn\u00fdch ov\u00e1lech, co by pop\u0159\u00edpad\u011b vzhledem k&nbsp;vypr\u00e1v\u011bn\u00ed zm\u011bnily. O p\u0159\u00edpadn\u00fdch zm\u011bn\u00e1ch potom spole\u010dn\u011b mluvte.<\/p>\n\n\n\n<p>P\u0159i v\u00fdkladu \u2013 D\u011bti si mohou doplnit jm\u00e9na a rozt\u0159\u00eddit mo\u017enosti v&nbsp;ov\u00e1lech b\u011bhem va\u0161eho v\u00fdkladu. \u00dakol je podn\u00edt\u00ed, aby ho sledovaly s&nbsp;v\u011bt\u0161\u00ed pozornost\u00ed.<\/p>\n\n\n\n<p>K&nbsp;dom\u00fd\u0161len\u00ed v\u00fdkladu \u2013 Listy rozdejte d\u011btem a\u017e po vypr\u00e1v\u011bn\u00ed a vyzv\u011bte je, aby je zpracovaly podle zad\u00e1n\u00ed. V\u00fdsledky si spole\u010dn\u011b projdete. Uk\u00e1\u017eou v\u00e1m, co d\u011bti z&nbsp;va\u0161eho vypr\u00e1v\u011bn\u00ed sly\u0161ely a daj\u00ed v\u00e1m mo\u017enost to doplnit, \u010di poopravit. M\u016f\u017eete tak\u00e9 d\u011bti vyzvat k&nbsp;tomu, aby vymyslely je\u0161t\u011b dal\u0161\u00ed mo\u017enosti.<\/p>\n","protected":false},"featured_media":2056,"template":"","_links":{"self":[{"href":"https:\/\/deti.evangnet.cz\/katecheze\/wp-json\/wp\/v2\/worksheet\/2055"}],"collection":[{"href":"https:\/\/deti.evangnet.cz\/katecheze\/wp-json\/wp\/v2\/worksheet"}],"about":[{"href":"https:\/\/deti.evangnet.cz\/katecheze\/wp-json\/wp\/v2\/types\/worksheet"}],"version-history":[{"count":1,"href":"https:\/\/deti.evangnet.cz\/katecheze\/wp-json\/wp\/v2\/worksheet\/2055\/revisions"}],"predecessor-version":[{"id":2057,"href":"https:\/\/deti.evangnet.cz\/katecheze\/wp-json\/wp\/v2\/worksheet\/2055\/revisions\/2057"}],"wp:featuredmedia":[{"embeddable":true,"href":"https:\/\/deti.evangnet.cz\/katecheze\/wp-json\/wp\/v2\/media\/2056"}],"wp:attachment":[{"href":"https:\/\/deti.evangnet.cz\/katecheze\/wp-json\/wp\/v2\/media?parent=2055"}],"curies":[{"name":"wp","href":"https:\/\/api.w.org\/{rel}","templated":true}]}}

11 David a Abšalóm &#8211; st

<p>Pracovní list můžete použít k&nbsp;motivačnímu uvedení, při výkladu nebo k&nbsp;jeho domýšlení:</p>



<p>K&nbsp;motivačnímu uvedení – Rozdejte dětem listy a vyzvěte je, aby zkusily roztřídit ovály v&nbsp;kopci podle toho, co podle nich patří spíš k&nbsp;lítosti a co k&nbsp;touze po moci. Mohou třeba každé vybarvit jinou barvou. Ptejte se jich, proč je tak rozdělily. Potom jim vyprávějte příběh s&nbsp;tím, aby si jednak do oválů nad kopcem doplnily jména postav, jednak aby si již použitými barvami zakroužkovaly v&nbsp;roztříděných oválech, co by popřípadě vzhledem k&nbsp;vyprávění změnily. O případných změnách potom společně mluvte.</p>



<p>Při výkladu – Děti si mohou doplnit jména a roztřídit možnosti v&nbsp;oválech během vašeho výkladu. Úkol je podnítí, aby ho sledovaly s&nbsp;větší pozorností.</p>



<p>K&nbsp;domýšlení výkladu – Listy rozdejte dětem až po vyprávění a vyzvěte je, aby je zpracovaly podle zadání. Výsledky si společně projdete. Ukážou vám, co děti z&nbsp;vašeho vyprávění slyšely a dají vám možnost to doplnit, či poopravit. Můžete také děti vyzvat k&nbsp;tomu, aby vymyslely ještě další možnosti.</p>
