
{"id":1914,"date":"2025-07-18T00:05:11","date_gmt":"2025-07-17T22:05:11","guid":{"rendered":"https:\/\/deti.evangnet.cz\/katecheze\/?post_type=worksheet&#038;p=1914"},"modified":"2025-08-25T14:05:33","modified_gmt":"2025-08-25T12:05:33","slug":"jakob-na-uteku-4","status":"publish","type":"worksheet","link":"https:\/\/deti.evangnet.cz\/katecheze\/pracovni-listy\/jakob-na-uteku-4\/","title":{"rendered":"J\u00e1kob na \u00fat\u011bku"},"content":{"rendered":"\n<p>J\u00c1KOB NA \u00daT\u011aKU<\/p>\n\n\n\n<p>J\u00e1kob obelstil sv\u00e9ho otce Iz\u00e1ka. Podvedl i bratra Ezaua Proto cht\u011bl Ezau J\u00e1koba potrestat. J\u00e1kob v\u0161ak utekl k L\u00e1banovi, sv\u00e9mu str\u00fdci, bratru jeho matky Rebeky. Ne\u017e J\u00e1kob opustil domov, zavolal si jej otec Iz\u00e1k:<\/p>\n\n\n\n<p>&#8222;J\u00e1kobe, jdi ke sv\u00e9mu str\u00fdci L\u00e1banovi a bu\u010f u n\u011bj, ne\u017e p\u0159ejde Ezaua zlost. K\u00e9\u017e. t\u011b Hospodin ochra\u0148uje a dovede nazp\u011bt.\u2019<\/p>\n\n\n\n<p>J\u00e1kob ut\u00edkal z domova Byl najednou s\u00e1m, nem\u011bl nic s sebou. Ut\u00edkal, aby se schoval p\u0159ed zlobou sv\u00e9ho bratra Kve\u010deru do\u0161el na m\u00edsto, kde bylo navr\u0161eno kamen\u00ed. Pod hlavu si J\u00e1kob polo\u017eil k\u00e1men. \u00danavou, opu\u0161t\u011bnost\u00ed a strachem z toho, co jej \u010dek\u00e1, usnul. V noci se J\u00e1kobovi zd\u00e1l podivuhodn\u00fd sen. Od zem\u011b k nebi se zvedal \u017eeb\u0159\u00edk. Po n\u011bm sestupovali a vystupovali and\u011bl\u00e9. J\u00e1kob usly\u0161el Bo\u017e\u00ed hlas:<\/p>\n\n\n\n<p>&#8222;J\u00e1 jsem Hospodin, B\u016fh tv\u00e9ho otce Abrahama i Iz\u00e1ka Budu t\u011b ochra\u0148ovat, kamkoliv p\u016fjde\u0161, nikdy t\u011b neopust\u00edm. Bude\u0161 m\u00edt velikou rodinu. Bude v\u00e1s tolik, \u017ee utvo\u0159\u00edte velik\u00fd n\u00e1rod.1<\/p>\n\n\n\n<p>R\u00e1no se J\u00e1kob probudil. Ji\u017e nebyl s\u00e1m, ji\u017e nebyl ustra\u0161en\u00fd, zmaten\u00fd a pln\u00fd strachu, co zl\u00e9ho na n\u011bj \u010d\u00edh\u00e1. S J\u00e1kobem byl Hospodin. Ob\u010derstven\u00fd touto zpr\u00e1vou se vydal J\u00e1kob na cestu ke str\u00fdci L\u00e1banovi.<\/p>\n\n\n\n<p>P\u0159ed m\u011bstem, kde L\u00e1ban \u017eil, J\u00e1kob potkal past\u00fd\u0159e, kte\u0159\u00ed nap\u00e1jeli sv\u00e1 st\u00e1da<\/p>\n\n\n\n<p>&#8222;Pov\u011bzte mi, past\u00fd\u0159i, kde najdu L\u00e1bana?&#8220; optal se jich.<\/p>\n\n\n\n<p>&#8222;Poutn\u00edku, pod\u00edvej, tam p\u0159ich\u00e1z\u00ed jeho dcera R\u00e1chel.1<\/p>\n\n\n\n<p>J\u00e1kob pov\u011bd\u011bl R\u00e1chel, kdo je a odkud p\u0159ich\u00e1z\u00ed. R\u00e1chel vypov\u011bd\u011bla s radost\u00ed sv\u00e9mu otci L\u00e1banovi v\u0161e o setk\u00e1n\u00ed s J\u00e1kobem. L\u00e1ban p\u0159ijal J\u00e1koba do sv\u00e9ho domu.<\/p>\n\n\n\n<p>J\u00e1kob u L\u00e1bana slou\u017eil dlouh\u00fdch dvacet let. O\u017eenil se s L\u00e1bano^\u00fdmi dcerami Leou a R\u00e1chel. J\u00e1kobovi se narodilo jeden\u00e1ct syn\u016f v dob\u011b, kdy byl u L\u00e1bana Za svou slu\u017ebu od n\u011bj dostal tak\u00e9 st\u00e1da dobytka Ji\u017e nic nedr\u017eelo J\u00e1koba v ciz\u00ed zemi. Tak\u00e9 Hospodin p\u0159ik\u00e1zal J\u00e1kobovi, aby se vydal na zp\u00e1te\u010dn\u00ed cestu do zem\u011b zasl\u00edben\u00e9. J\u00e1kob si vzal s sebou v\u0161ecko, co bylo jeho. Lea i R\u00e1chel i synov\u00e9 jej doprov\u00e1zeli. Kdy\u017e se Ezau dozv\u011bd\u011bl, \u017ee jeho bratr J\u00e1kob se vrac\u00ed, vy\u0161el mu vst\u0159\u00edc. Ji\u017e se na sv\u00e9ho bratra J\u00e1koba nehn\u011bval, ale odpustil mu. Brat\u0159i se sm\u00ed\u0159ili.<\/p>\n\n\n\n<p>J\u00e1kob se usadil v Kena\u00e1nsk\u00e9 zemi, v zemi zasl\u00edben\u00e9. Bydlel ve stanech a p\u00e1sl sv\u00e1 st\u00e1da<\/p>\n\n\n\n<p>Ver\u0161: I. Gn 28,13b J\u00e1 Jsem Hospodin, B\u016fh tv\u00e9ho otce Abrahama a B\u016fh Iz\u00e1k\u016fv.<\/p>\n\n\n\n<p>II. \u017d 3,6 Ulehnu, usnu, probud\u00edm se, nebo\u0165 Hospodin m\u011b podep\u00edr\u00e1.<\/p>\n\n\n\n<p>Nov\u00e1 slova: and\u011bl, past\u00fd\u0159<\/p>\n\n\n\n<p>Rozhovor: dne\u0161n\u00ed d\u011bti nev\u011bd\u00ed, co znamen\u00e1 b\u00fdt past\u00fd\u0159em, pov\u00edd\u00e1me si s nimi o jeho pr\u00e1ci &#8211; hled\u00e1n\u00ed potravy, napajedla, v noci sp\u00ed se st\u00e1dem, odh\u00e1n\u00ed dravou zv\u011b\u0159, o\u0161et\u0159uje nemocn\u00e9, nos\u00ed nedu\u017eiv\u00e9 (Gn 28; 29,1-14; 31,3-6; 33,1-17)<\/p>\n","protected":false},"featured_media":1915,"template":"","_links":{"self":[{"href":"https:\/\/deti.evangnet.cz\/katecheze\/wp-json\/wp\/v2\/worksheet\/1914"}],"collection":[{"href":"https:\/\/deti.evangnet.cz\/katecheze\/wp-json\/wp\/v2\/worksheet"}],"about":[{"href":"https:\/\/deti.evangnet.cz\/katecheze\/wp-json\/wp\/v2\/types\/worksheet"}],"version-history":[{"count":1,"href":"https:\/\/deti.evangnet.cz\/katecheze\/wp-json\/wp\/v2\/worksheet\/1914\/revisions"}],"predecessor-version":[{"id":1916,"href":"https:\/\/deti.evangnet.cz\/katecheze\/wp-json\/wp\/v2\/worksheet\/1914\/revisions\/1916"}],"wp:featuredmedia":[{"embeddable":true,"href":"https:\/\/deti.evangnet.cz\/katecheze\/wp-json\/wp\/v2\/media\/1915"}],"wp:attachment":[{"href":"https:\/\/deti.evangnet.cz\/katecheze\/wp-json\/wp\/v2\/media?parent=1914"}],"curies":[{"name":"wp","href":"https:\/\/api.w.org\/{rel}","templated":true}]}}

Jákob na útěku

<p>JÁKOB NA ÚTĚKU</p>



<p>Jákob obelstil svého otce Izáka. Podvedl i bratra Ezaua Proto chtěl Ezau Jákoba potrestat. Jákob však utekl k Lábanovi, svému strýci, bratru jeho matky Rebeky. Než Jákob opustil domov, zavolal si jej otec Izák:</p>



<p>&#8222;Jákobe, jdi ke svému strýci Lábanovi a buď u něj, než přejde Ezaua zlost. Kéž. tě Hospodin ochraňuje a dovede nazpět.’</p>



<p>Jákob utíkal z domova Byl najednou sám, neměl nic s sebou. Utíkal, aby se schoval před zlobou svého bratra Kvečeru došel na místo, kde bylo navršeno kamení. Pod hlavu si Jákob položil kámen. Únavou, opuštěností a strachem z toho, co jej čeká, usnul. V noci se Jákobovi zdál podivuhodný sen. Od země k nebi se zvedal žebřík. Po něm sestupovali a vystupovali andělé. Jákob uslyšel Boží hlas:</p>



<p>&#8222;Já jsem Hospodin, Bůh tvého otce Abrahama i Izáka Budu tě ochraňovat, kamkoliv půjdeš, nikdy tě neopustím. Budeš mít velikou rodinu. Bude vás tolik, že utvoříte veliký národ.1</p>



<p>Ráno se Jákob probudil. Již nebyl sám, již nebyl ustrašený, zmatený a plný strachu, co zlého na něj číhá. S Jákobem byl Hospodin. Občerstvený touto zprávou se vydal Jákob na cestu ke strýci Lábanovi.</p>



<p>Před městem, kde Lában žil, Jákob potkal pastýře, kteří napájeli svá stáda</p>



<p>&#8222;Povězte mi, pastýři, kde najdu Lábana?&#8220; optal se jich.</p>



<p>&#8222;Poutníku, podívej, tam přichází jeho dcera Ráchel.1</p>



<p>Jákob pověděl Ráchel, kdo je a odkud přichází. Ráchel vypověděla s radostí svému otci Lábanovi vše o setkání s Jákobem. Lában přijal Jákoba do svého domu.</p>



<p>Jákob u Lábana sloužil dlouhých dvacet let. Oženil se s Lábano^ými dcerami Leou a Ráchel. Jákobovi se narodilo jedenáct synů v době, kdy byl u Lábana Za svou službu od něj dostal také stáda dobytka Již nic nedrželo Jákoba v cizí zemi. Také Hospodin přikázal Jákobovi, aby se vydal na zpáteční cestu do země zaslíbené. Jákob si vzal s sebou všecko, co bylo jeho. Lea i Ráchel i synové jej doprovázeli. Když se Ezau dozvěděl, že jeho bratr Jákob se vrací, vyšel mu vstříc. Již se na svého bratra Jákoba nehněval, ale odpustil mu. Bratři se smířili.</p>



<p>Jákob se usadil v Kenaánské zemi, v zemi zaslíbené. Bydlel ve stanech a pásl svá stáda</p>



<p>Verš: I. Gn 28,13b Já Jsem Hospodin, Bůh tvého otce Abrahama a Bůh Izákův.</p>



<p>II. Ž 3,6 Ulehnu, usnu, probudím se, neboť Hospodin mě podepírá.</p>



<p>Nová slova: anděl, pastýř</p>



<p>Rozhovor: dnešní děti nevědí, co znamená být pastýřem, povídáme si s nimi o jeho práci &#8211; hledání potravy, napajedla, v noci spí se stádem, odhání dravou zvěř, ošetřuje nemocné, nosí neduživé (Gn 28; 29,1-14; 31,3-6; 33,1-17)</p>
