
{"id":1878,"date":"2025-07-17T23:44:02","date_gmt":"2025-07-17T21:44:02","guid":{"rendered":"https:\/\/deti.evangnet.cz\/katecheze\/?post_type=worksheet&#038;p=1878"},"modified":"2025-07-17T23:44:03","modified_gmt":"2025-07-17T21:44:03","slug":"izak-a-rebeka","status":"publish","type":"worksheet","link":"https:\/\/deti.evangnet.cz\/katecheze\/pracovni-listy\/izak-a-rebeka\/","title":{"rendered":"Iz\u00e1k a Rebeka"},"content":{"rendered":"\n<p>D\u011bti pracovn\u00ed list na za\u010d\u00e1tku pozorn\u011b p\u0159e\u010dtou a rozst\u0159\u00edhaj\u00ed na prou\u017eky. Potom m\u016f\u017eete pokra\u010dovat r\u016fzn\u00fdm zp\u016fsobem:<br>1\/ Vypr\u00e1v\u00edte d\u011btem p\u0159\u00edb\u011bh a vyzvete je, aby si podle vypr\u00e1v\u011bn\u00ed prou\u017eky skl\u00e1daly, jak jdou spr\u00e1vn\u011b za sebou.<br>2\/ Vyzvete d\u011bti, aby se pokusily samostatn\u011b p\u0159\u00edb\u011bh spr\u00e1vn\u011b poskl\u00e1dat a pak si jejich \u0159e\u0161en\u00ed spole\u010dn\u011b kontrolujete a p\u0159itom m\u016f\u017eete jednotliv\u00e9 \u010d\u00e1sti komentovat \u2013 vykl\u00e1dat.<br>3\/ Vyzvete d\u011bti, aby se p\u0159\u00edb\u011bh pokusily samostatn\u011b poskl\u00e1dat a potom jim rozd\u00e1te bible, aby si podle n\u00ed samy zkontrolovaly, zda jej poskl\u00e1daly spr\u00e1vn\u011b. Pot\u00e9 spole\u010dn\u011b hovo\u0159\u00edte o jeho smyslu a poselstv\u00ed.<\/p>\n","protected":false},"featured_media":1879,"template":"","_links":{"self":[{"href":"https:\/\/deti.evangnet.cz\/katecheze\/wp-json\/wp\/v2\/worksheet\/1878"}],"collection":[{"href":"https:\/\/deti.evangnet.cz\/katecheze\/wp-json\/wp\/v2\/worksheet"}],"about":[{"href":"https:\/\/deti.evangnet.cz\/katecheze\/wp-json\/wp\/v2\/types\/worksheet"}],"version-history":[{"count":1,"href":"https:\/\/deti.evangnet.cz\/katecheze\/wp-json\/wp\/v2\/worksheet\/1878\/revisions"}],"predecessor-version":[{"id":1880,"href":"https:\/\/deti.evangnet.cz\/katecheze\/wp-json\/wp\/v2\/worksheet\/1878\/revisions\/1880"}],"wp:featuredmedia":[{"embeddable":true,"href":"https:\/\/deti.evangnet.cz\/katecheze\/wp-json\/wp\/v2\/media\/1879"}],"wp:attachment":[{"href":"https:\/\/deti.evangnet.cz\/katecheze\/wp-json\/wp\/v2\/media?parent=1878"}],"curies":[{"name":"wp","href":"https:\/\/api.w.org\/{rel}","templated":true}]}}

Izák a Rebeka

<p>Děti pracovní list na začátku pozorně přečtou a rozstříhají na proužky. Potom můžete pokračovat různým způsobem:<br>1/ Vyprávíte dětem příběh a vyzvete je, aby si podle vyprávění proužky skládaly, jak jdou správně za sebou.<br>2/ Vyzvete děti, aby se pokusily samostatně příběh správně poskládat a pak si jejich řešení společně kontrolujete a přitom můžete jednotlivé části komentovat – vykládat.<br>3/ Vyzvete děti, aby se příběh pokusily samostatně poskládat a potom jim rozdáte bible, aby si podle ní samy zkontrolovaly, zda jej poskládaly správně. Poté společně hovoříte o jeho smyslu a poselství.</p>
