
{"id":1731,"date":"2025-07-17T19:58:11","date_gmt":"2025-07-17T17:58:11","guid":{"rendered":"https:\/\/deti.evangnet.cz\/katecheze\/?post_type=worksheet&#038;p=1731"},"modified":"2025-07-17T19:58:12","modified_gmt":"2025-07-17T17:58:12","slug":"3-prikazani-sk-3","status":"publish","type":"worksheet","link":"https:\/\/deti.evangnet.cz\/katecheze\/pracovni-listy\/3-prikazani-sk-3\/","title":{"rendered":"3. p\u0159ik\u00e1z\u00e1n\u00ed \u2013 Sk 3"},"content":{"rendered":"\n<p>Obr\u00e1zek je vyu\u017eiteln\u00fd asi sp\u00ed\u0161 po vypr\u00e1v\u011bn\u00ed, a\u017e budou d\u011bti zn\u00e1t p\u0159\u00edb\u011bh i Petrovu odpov\u011b\u010f, \u017ee chrom\u00fd op\u011bt chod\u00ed nikoli jejich moc\u00ed nebo zbo\u017enost\u00ed. Pak mohou d\u011bti vym\u00fd\u0161let a dokreslit do obr\u00e1zku, co se v\u00a0jejich \u017eivot\u011b nestalo d\u00edky nim, ale d\u00edky Bohu \u2013 nap\u0159. to, \u017ee m\u00e1m v\u00a0kostele kamar\u00e1dy, \u017ee jsme si odpustili, \u2026.<\/p>\n","protected":false},"featured_media":1732,"template":"","_links":{"self":[{"href":"https:\/\/deti.evangnet.cz\/katecheze\/wp-json\/wp\/v2\/worksheet\/1731"}],"collection":[{"href":"https:\/\/deti.evangnet.cz\/katecheze\/wp-json\/wp\/v2\/worksheet"}],"about":[{"href":"https:\/\/deti.evangnet.cz\/katecheze\/wp-json\/wp\/v2\/types\/worksheet"}],"version-history":[{"count":1,"href":"https:\/\/deti.evangnet.cz\/katecheze\/wp-json\/wp\/v2\/worksheet\/1731\/revisions"}],"predecessor-version":[{"id":1733,"href":"https:\/\/deti.evangnet.cz\/katecheze\/wp-json\/wp\/v2\/worksheet\/1731\/revisions\/1733"}],"wp:featuredmedia":[{"embeddable":true,"href":"https:\/\/deti.evangnet.cz\/katecheze\/wp-json\/wp\/v2\/media\/1732"}],"wp:attachment":[{"href":"https:\/\/deti.evangnet.cz\/katecheze\/wp-json\/wp\/v2\/media?parent=1731"}],"curies":[{"name":"wp","href":"https:\/\/api.w.org\/{rel}","templated":true}]}}

3. přikázání – Sk 3

<p>Obrázek je využitelný asi spíš po vyprávění, až budou děti znát příběh i Petrovu odpověď, že chromý opět chodí nikoli jejich mocí nebo zbožností. Pak mohou děti vymýšlet a dokreslit do obrázku, co se v jejich životě nestalo díky nim, ale díky Bohu – např. to, že mám v kostele kamarády, že jsme si odpustili, ….</p>
