
{"id":1662,"date":"2025-07-16T11:54:42","date_gmt":"2025-07-16T09:54:42","guid":{"rendered":"https:\/\/deti.evangnet.cz\/katecheze\/?post_type=worksheet&#038;p=1662"},"modified":"2025-08-25T14:47:14","modified_gmt":"2025-08-25T12:47:14","slug":"nanebevstoupeni-2","status":"publish","type":"worksheet","link":"https:\/\/deti.evangnet.cz\/katecheze\/pracovni-listy\/nanebevstoupeni-2\/","title":{"rendered":"Nanebevstoupen\u00ed"},"content":{"rendered":"\n<p>Obr\u00e1zek m\u016f\u017eete pou\u017e\u00edt na za\u010d\u00e1tku k\u00a0uveden\u00ed do p\u0159\u00edb\u011bhu, m\u016f\u017eete jej ale stejn\u011b dob\u0159e pou\u017e\u00edt po va\u0161em vypr\u00e1v\u011bn\u00ed. Na za\u010d\u00e1tku lze nav\u00e1zat i na p\u0159edch\u00e1zej\u00edc\u00ed rok, pokud jste podle \u201ePozv\u00e1n\u00ed na cestu 3\u201c prob\u00edrali Luk\u00e1\u0161ovo evangelium. Ptejte se, jak to evangelium kon\u010dilo? \u010c\u00edm? A a\u017e d\u011bti odpov\u011bd\u00ed, ptejte se d\u00e1l: \u201eA co mysl\u00edte, byl to opravdu konec?\u201c Luk\u00e1\u0161 v\u011bd\u011bl, \u017ee to t\u00edm neskon\u010dilo \u2013 pokra\u010doval o tom, \u017ee tu s\u00a0n\u00e1mi Je\u017e\u00ed\u0161 st\u00e1le je. Napsal o tom Theofilovi. Ale ten se asi divil \u2013 ptal se. Ot\u00e1zka je na obr\u00e1zku. Vyzv\u011bte d\u011bti, aby se mu pokusily odpov\u011bd\u011bt. M\u016f\u017eete za\u010d\u00edt i bez odkazu na Luk\u00e1\u0161ovo evangelium, prost\u011b t\u00edm, aby se d\u011bti pokusily odpov\u011bd\u011bt na ot\u00e1zku z\u00a0obr\u00e1zku. Pokud budou nam\u00edtat, \u017ee nev\u011bd\u00ed, nebo \u017ee ho nevid\u00ed a tak tu asi nen\u00ed. Je to ide\u00e1ln\u00ed situace, abyste nav\u00e1zali, \u017ee tak se asi ptal i Theofil. A m\u016f\u017eete vypr\u00e1v\u011bt, co mu Luk\u00e1\u0161 odpov\u011bd\u011bl. Pokud d\u011bti n\u011bjak\u00e9 odpov\u011bdi napsaly, m\u016f\u017eete se na konci pt\u00e1t a srovn\u00e1vat, zda to v\u00a0tom Luk\u00e1\u0161ov\u011b vypr\u00e1v\u011bn\u00ed n\u011bjak je obsa\u017eeno.<br>Po vypr\u00e1v\u011bn\u00ed se m\u016f\u017eete zase d\u011bt\u00ed pt\u00e1t, jestli by te\u010f um\u011bly na ot\u00e1zku z\u00a0obr\u00e1zku odpov\u011bd\u011bt. M\u016f\u017eete p\u0159itom sv\u016fj v\u00fdklad doplnit, nebo d\u011bti vyzvat, aby nad n\u00edm p\u0159em\u00fd\u0161lely a zkusily z\u00a0n\u011bho n\u011bjakou odpov\u011b\u010f vyvodit.<\/p>\n","protected":false},"featured_media":276,"template":"","_links":{"self":[{"href":"https:\/\/deti.evangnet.cz\/katecheze\/wp-json\/wp\/v2\/worksheet\/1662"}],"collection":[{"href":"https:\/\/deti.evangnet.cz\/katecheze\/wp-json\/wp\/v2\/worksheet"}],"about":[{"href":"https:\/\/deti.evangnet.cz\/katecheze\/wp-json\/wp\/v2\/types\/worksheet"}],"version-history":[{"count":1,"href":"https:\/\/deti.evangnet.cz\/katecheze\/wp-json\/wp\/v2\/worksheet\/1662\/revisions"}],"predecessor-version":[{"id":1663,"href":"https:\/\/deti.evangnet.cz\/katecheze\/wp-json\/wp\/v2\/worksheet\/1662\/revisions\/1663"}],"wp:featuredmedia":[{"embeddable":true,"href":"https:\/\/deti.evangnet.cz\/katecheze\/wp-json\/wp\/v2\/media\/276"}],"wp:attachment":[{"href":"https:\/\/deti.evangnet.cz\/katecheze\/wp-json\/wp\/v2\/media?parent=1662"}],"curies":[{"name":"wp","href":"https:\/\/api.w.org\/{rel}","templated":true}]}}

Nanebevstoupení

<p>Obrázek můžete použít na začátku k uvedení do příběhu, můžete jej ale stejně dobře použít po vašem vyprávění. Na začátku lze navázat i na předcházející rok, pokud jste podle „Pozvání na cestu 3“ probírali Lukášovo evangelium. Ptejte se, jak to evangelium končilo? Čím? A až děti odpovědí, ptejte se dál: „A co myslíte, byl to opravdu konec?“ Lukáš věděl, že to tím neskončilo – pokračoval o tom, že tu s námi Ježíš stále je. Napsal o tom Theofilovi. Ale ten se asi divil – ptal se. Otázka je na obrázku. Vyzvěte děti, aby se mu pokusily odpovědět. Můžete začít i bez odkazu na Lukášovo evangelium, prostě tím, aby se děti pokusily odpovědět na otázku z obrázku. Pokud budou namítat, že nevědí, nebo že ho nevidí a tak tu asi není. Je to ideální situace, abyste navázali, že tak se asi ptal i Theofil. A můžete vyprávět, co mu Lukáš odpověděl. Pokud děti nějaké odpovědi napsaly, můžete se na konci ptát a srovnávat, zda to v tom Lukášově vyprávění nějak je obsaženo.<br>Po vyprávění se můžete zase dětí ptát, jestli by teď uměly na otázku z obrázku odpovědět. Můžete přitom svůj výklad doplnit, nebo děti vyzvat, aby nad ním přemýšlely a zkusily z něho nějakou odpověď vyvodit.</p>
