
{"id":1026,"date":"2025-06-05T10:41:05","date_gmt":"2025-06-05T08:41:05","guid":{"rendered":"https:\/\/deti.evangnet.cz\/katecheze\/?post_type=worksheet&#038;p=1026"},"modified":"2025-06-05T10:41:06","modified_gmt":"2025-06-05T08:41:06","slug":"gedeon","status":"publish","type":"worksheet","link":"https:\/\/deti.evangnet.cz\/katecheze\/pracovni-listy\/gedeon\/","title":{"rendered":"Gedeon"},"content":{"rendered":"\n<p>V\u00a0motiva\u010dn\u00edm uveden\u00ed m\u016f\u017eete s\u00a0d\u011btmi mluvit o tom, zda se boj\u00ed stra\u0161idel a nadp\u0159irozen\u00fdch bytost\u00ed. Jednu z\u00a0nich maj\u00ed na obr\u00e1zku. Mohou vypracovat prvn\u00ed \u00fakol. P\u0159i vypr\u00e1v\u011bn\u00ed o Gede\u00f3novi jim potom m\u016f\u017eete uk\u00e1zat, jak d\u016fle\u017eit\u00e9 je poznat pr\u00e1zdnotu domn\u011bl\u00fdch b\u016f\u017ek\u016f a stra\u0161idel a um\u011bt si z\u00a0nich d\u011blat legraci.<br>Po vypr\u00e1v\u011bn\u00ed mohou d\u011bti sami kreslit \u201eb\u016f\u017eka-ma\u0161karu\u201c, mohou ji tak\u00e9 vyrobit z\u00a0r\u016fzn\u00fdch p\u0159edm\u011bt\u016f a posl\u00e9ze tohoto stra\u0161\u00e1ka p\u0159edstavit dosp\u011bl\u00fdm ve shrom\u00e1\u017ed\u011bn\u00ed.<br>P\u0159i kreslen\u00ed nebo vyr\u00e1b\u011bn\u00ed \u201eb\u016f\u017eka-stra\u0161\u00e1ka\u201c mluvte se star\u0161\u00edmi d\u011btmi o tom, co dneska takov\u00e9 mocn\u00e9 stra\u0161\u00e1ky pro lidi tvo\u0159\u00ed.<\/p>\n","protected":false},"featured_media":1027,"template":"","_links":{"self":[{"href":"https:\/\/deti.evangnet.cz\/katecheze\/wp-json\/wp\/v2\/worksheet\/1026"}],"collection":[{"href":"https:\/\/deti.evangnet.cz\/katecheze\/wp-json\/wp\/v2\/worksheet"}],"about":[{"href":"https:\/\/deti.evangnet.cz\/katecheze\/wp-json\/wp\/v2\/types\/worksheet"}],"version-history":[{"count":1,"href":"https:\/\/deti.evangnet.cz\/katecheze\/wp-json\/wp\/v2\/worksheet\/1026\/revisions"}],"predecessor-version":[{"id":1028,"href":"https:\/\/deti.evangnet.cz\/katecheze\/wp-json\/wp\/v2\/worksheet\/1026\/revisions\/1028"}],"wp:featuredmedia":[{"embeddable":true,"href":"https:\/\/deti.evangnet.cz\/katecheze\/wp-json\/wp\/v2\/media\/1027"}],"wp:attachment":[{"href":"https:\/\/deti.evangnet.cz\/katecheze\/wp-json\/wp\/v2\/media?parent=1026"}],"curies":[{"name":"wp","href":"https:\/\/api.w.org\/{rel}","templated":true}]}}

<p>V motivačním uvedení můžete s dětmi mluvit o tom, zda se bojí strašidel a nadpřirozených bytostí. Jednu z nich mají na obrázku. Mohou vypracovat první úkol. Při vyprávění o Gedeónovi jim potom můžete ukázat, jak důležité je poznat prázdnotu domnělých bůžků a strašidel a umět si z nich dělat legraci.<br>Po vyprávění mohou děti sami kreslit „bůžka-maškaru“, mohou ji také vyrobit z různých předmětů a posléze tohoto strašáka představit dospělým ve shromáždění.<br>Při kreslení nebo vyrábění „bůžka-strašáka“ mluvte se staršími dětmi o tom, co dneska takové mocné strašáky pro lidi tvoří.</p>
